000
CXUS56 KOTX 011347
CLMMWH
CLIMATE REPORT
NATIONAL WEATHER SERVICE SPOKANE WA
647 AM PDT WED NOV 01 2023
...................................
...THE MOSES LAKE WA AIRPORT CLIMATE SUMMARY FOR THE MONTH OF OCTOBER 2023...
CLIMATE NORMAL PERIOD 1991 TO 2020
CLIMATE RECORD PERIOD 9999 TO 9999
WEATHER OBSERVED NORMAL DEPART LAST YEAR`S
VALUE DATE(S) VALUE FROM VALUE DATE(S)
NORMAL
................................................................
TEMPERATURE (F)
RECORD
HIGH 86 10/06/2014
LOW 5 10/31/2002
HIGHEST 81 10/05 MM MM 85 10/06
10/07
LOWEST 19 10/28 MM MM 28 10/29
10/29
AVG. MAXIMUM 64.3 62.8 1.5 71.2
AVG. MINIMUM 38.5 36.9 1.6 41.3
MEAN 51.4 49.9 1.5 56.3
DAYS MAX >= 90 0 0.0 0.0 0
DAYS MAX <= 32 0 0.0 0.0 0
DAYS MIN <= 32 6 8.6 -2.6 1
DAYS MIN <= 0 0 0.0 0.0 0
PRECIPITATION (INCHES)
RECORD
MAXIMUM 2.47 2016
MINIMUM T 1963
TOTALS 0.44 0.66 -0.22 0.21
DAILY AVG. 0.01 0.02 -0.01 0.01
DAYS >= .01 5 7.1 -2.1 3
DAYS >= .10 2 2.1 -0.1 1
DAYS >= .50 0 0.1 -0.1 0
DAYS >= 1.00 0 0.0 0.0 0
GREATEST
24 HR. TOTAL 0.33 10/24 TO 10/25 0.18
DEGREE DAYS
HEATING TOTAL 413 470 -57 268
SINCE 7/1 512 602 -90 MM
COOLING TOTAL 0 1 -1 5
SINCE 1/1 883 677 206 MM
................................................................
WIND (MPH)
AVERAGE WIND SPEED 6.0
HIGHEST WIND SPEED/DIRECTION 23/240 DATE 10/23
HIGHEST GUST SPEED/DIRECTION 32/240 DATE 10/23
SKY COVER
POSSIBLE SUNSHINE (PERCENT) MM
AVERAGE SKY COVER 0.22
NUMBER OF DAYS FAIR 22
NUMBER OF DAYS PC 7
NUMBER OF DAYS CLOUDY 2
AVERAGE RH (PERCENT) 66
WEATHER CONDITIONS. NUMBER OF DAYS WITH
THUNDERSTORM 0 MIXED PRECIP 0
HEAVY RAIN 0 RAIN 2
LIGHT RAIN 8 FREEZING RAIN 0
LT FREEZING RAIN 0 HAIL 0
HEAVY SNOW 0 SNOW 0
LIGHT SNOW 0 SLEET 0
FOG 5 FOG W/VIS <= 1/4 MILE 1
HAZE 6
- INDICATES NEGATIVE NUMBERS.
R INDICATES RECORD WAS SET OR TIED.
MM INDICATES DATA IS MISSING.
T INDICATES TRACE AMOUNT.
$$