000
CXUS54 KLZK 011130
CF6MWT
PRELIMINARY LOCAL CLIMATOLOGICAL DATA (WS FORM: F-6)
STATION: MOUNT IDA
MONTH: JUNE
YEAR: 2022
LATITUDE: 34 32 N
LONGITUDE: 93 35 W
TEMPERATURE IN F: :PCPN: SNOW: WIND :SUNSHINE: SKY :PK WND
================================================================================
1 2 3 4 5 6A 6B 7 8 9 10 11 12 13 14 15 16 17 18
12Z AVG MX 2MIN
DY MAX MIN AVG DEP HDD CDD WTR SNW DPTH SPD SPD DIR MIN PSBL S-S WX SPD DR
================================================================================
1 91 69 80 6 0 15 0.10 0.0 0 2.1 13 140 M M 3 12 22 320
2 75 64 70 -4 0 5 0.47 0.0 M 0.8 7 60 M M 8 18 11 20
3 85 60 73 -1 0 8 0.00 0.0 0 1.2 7 10 M M 3 128 11 280
4 83 56 70 -5 0 5 0.00 0.0 0 1.2 5 100 M M 0 1 M M
5 84 59 72 -3 0 7 0.00 0.0 M 1.2 9 140 M M 1 1 14 160
6 85 63 74 -1 0 9 0.69 0.0 0 2.3 14 140 M M 3 1 24 350
7 80 68 74 -2 0 9 0.69 0.0 M 0.3 9 220 M M 4 1 19 240
8 75 66 71 -5 0 6 1.30 0.0 M 1.8 13 350 M M 8 1 22 350
9 85 64 75 -1 0 10 0.00 0.0 0 0.8 7 100 M M 2 1 11 140
10 81 67 74 -2 0 9 1.81 0.0 M 1.9 12 130 M M 4 1 22 320
11 88 65 77 1 0 12 0.00 0.0 M 0.9 9 140 M M 5 12 12 150
12 93 74 84 7 0 19 0.00 0.0 0 2.2 9 210 M M 0 1 16 190
13 92 80 86 9 0 21 0.00 0.0 0 2.7 6 99 M M 0 M M
14 91 79 85 8 0 20 0.00 0.0 0 3.2 9 150 M M 0 19 250
15 91 77 84 7 0 19 0.00 0.0 0 4.4 12 210 M M 1 19 230
16 96 75 86 8 0 21 0.00 0.0 0 1.6 7 230 M M 0 12 230
17 96 71 84 6 0 19 0.00 0.0 0 0.5 6 150 M M 0 1 9 140
18 97 71 84 6 0 19 0.16 0.0 0 1.2 8 300 M M 1 1 15 80
19 89 63 76 -2 0 11 0.00 0.0 0 2.1 9 150 M M 1 1 14 160
20 93 58 76 -2 0 11 0.00 0.0 0 1.2 10 140 M M 0 13 140
21 96 66 81 3 0 16 M 0.0 M 0.6 5 300 M M 0 1 M M
22 97 69 83 4 0 18 0.00 0.0 0 0.0 7 310 M M 0 1 10 320
23 97 70 84 5 0 19 0.00 0.0 0 0.7 6 90 M M 0 1 10 90
24 97 71 84 5 0 19 0.00 0.0 0 1.5 8 140 M M 1 1 12 150
25 99 73 86 7 0 21 0.00 0.0 0 1.1 7 160 M M 1 1 12 260
26 98 73 86 7 0 21 T 0.0 0 1.5 10 140 M M 1 1 19 360
27 86 62 74 -6 0 9 0.00 0.0 0 0.9 9 40 M M 3 16 20
28 88 58 73 -7 0 8 0.00 0.0 0 1.5 8 340 M M 0 15 350
29 92 55 74 -6 0 9 0.00 0.0 0 2.1 9 100 M M 0 14 120
30 94 62 78 -2 0 13 0.00 0.0 0 2.3 7 150 M M 1 M M
================================================================================
SM 2694 2008 0 408 5.22 0.0 45.8 M 51
================================================================================
AV 89.8 66.9 1.5 FASTST M M 2 MAX(MPH)
MISC ----> 14 140 24 350
================================================================================
NOTES:
# LAST OF SEVERAL OCCURRENCES
COLUMN 17 PEAK WIND IN M.P.H.
PRELIMINARY LOCAL CLIMATOLOGICAL DATA (WS FORM: F-6) , PAGE 2
STATION: MOUNT IDA
MONTH: JUNE
YEAR: 2022
LATITUDE: 34 32 N
LONGITUDE: 93 35 W
[TEMPERATURE DATA] [PRECIPITATION DATA] SYMBOLS USED IN COLUMN 16
AVERAGE MONTHLY: 78.4 TOTAL FOR MONTH: 5.22 1 = FOG OR MIST
DPTR FM NORMAL: 1.2 DPTR FM NORMAL: 0.45 2 = FOG REDUCING VISIBILITY
HIGHEST: 99 ON 25 GRTST 24HR 1.81 ON 10-10 TO 1/4 MILE OR LESS
LOWEST: 55 ON 29 3 = THUNDER
SNOW, ICE PELLETS, HAIL 4 = ICE PELLETS
TOTAL MONTH: 0.0 INCH 5 = HAIL
GRTST 24HR 0.0 6 = FREEZING RAIN OR DRIZZLE
GRTST DEPTH: 0 7 = DUSTSTORM OR SANDSTORM:
VSBY 1/2 MILE OR LESS
8 = SMOKE OR HAZE
[NO. OF DAYS WITH] [WEATHER - DAYS WITH] 9 = BLOWING SNOW
X = TORNADO
MAX 32 OR BELOW: 0 0.01 INCH OR MORE: 7
MAX 90 OR ABOVE: 17 0.10 INCH OR MORE: 7
MIN 32 OR BELOW: 0 0.50 INCH OR MORE: 4
MIN 0 OR BELOW: 0 1.00 INCH OR MORE: 2
[HDD (BASE 65) ]
TOTAL THIS MO. 0 CLEAR (SCALE 0-3) 23
DPTR FM NORMAL 0 PTCLDY (SCALE 4-7) 7
TOTAL FM JUL 1 2773 CLOUDY (SCALE 8-10) 0
DPTR FM NORMAL -311
[CDD (BASE 65) ]
TOTAL THIS MO. 408
DPTR FM NORMAL 40 [PRESSURE DATA]
TOTAL FM JAN 1 721 HIGHEST SLP 30.21 ON 28
DPTR FM NORMAL 113 LOWEST SLP 29.65 ON 6
[REMARKS]
#FINAL-06-22#