000
CXUS54 KLZK 011130
CF6MWT
PRELIMINARY LOCAL CLIMATOLOGICAL DATA (WS FORM: F-6)
STATION: MOUNT IDA
MONTH: JULY
YEAR: 2021
LATITUDE: 34 32 N
LONGITUDE: 93 35 W
TEMPERATURE IN F: :PCPN: SNOW: WIND :SUNSHINE: SKY :PK WND
================================================================================
1 2 3 4 5 6A 6B 7 8 9 10 11 12 13 14 15 16 17 18
12Z AVG MX 2MIN
DY MAX MIN AVG DEP HDD CDD WTR SNW DPTH SPD SPD DIR MIN PSBL S-S WX SPD DR
================================================================================
1 91 73 82 2 0 17 0.69 0.0 M 1.6 10 320 M M 3 12 M M
2 85 64 75 -5 0 10 0.10 0.0 M 1.0 8 140 M M 5 1 11 100
3 86 58 72 -8 0 7 0.00 0.0 M 1.3 10 130 M M 0 1 14 130
4 87 58 73 -7 0 8 0.00 0.0 0 1.5 9 140 M M 0 1 13 140
5 89 60 75 -5 0 10 0.00 0.0 0 1.4 10 140 M M 0 1 16 130
6 93 63 78 -2 0 13 0.00 0.0 0 1.4 14 140 M M 1 1 19 140
7 94 69 82 1 0 17 0.00 0.0 0 2.2 9 220 M M 3 1 15 250
8 95 69 82 1 0 17 T 0.0 0 1.6 9 260 M M 1 1 17 260
9 92 73 83 2 0 18 0.00 0.0 0 2.6 12 210 M M 1 20 190
10 91 67 79 -2 0 14 0.98 0.0 M 2.7 16 340 M M 5 1 28 320
11 88 67 78 -3 0 13 0.38 0.0 0 2.7 10 270 M M 5 1 17 280
12 87 66 77 -4 0 12 0.00 0.0 0 0.9 8 190 M M 2 1 13 270
13 92 65 79 -2 0 14 0.00 0.0 0 1.2 8 220 M M 1 1 14 230
14 91 68 80 -1 0 15 0.00 0.0 0 2.3 8 210 M M 0 1 16 210
15 92 73 83 2 0 18 0.03 0.0 0 3.2 12 140 M M 3 19 170
16 86 71 79 -2 0 14 0.50 0.0 0 2.4 9 280 M M 7 18 16 280
17 89 70 80 -1 0 15 0.28 0.0 0 0.8 7 90 M M 4 1 15 220
18 87 71 79 -2 0 14 0.89 0.0 0 0.6 6 350 M M 5 1 11 350
19 87 70 79 -2 0 14 0.02 0.0 0 1.3 9 100 M M 5 12 14 120
20 88 67 78 -3 0 13 0.00 0.0 0 1.2 9 20 M M 3 1 17 90
21 88 64 76 -5 0 11 0.00 0.0 M 1.6 8 50 M M 1 1 12 40
22 91 71 81 0 0 16 0.78 0.0 M 0.9 8 350 M M 5 12 15 320
23 92 69 81 -1 0 16 0.00 0.0 M 1.0 8 260 M M 3 12 15 280
24 94 72 83 1 0 18 0.00 0.0 0 1.1 7 210 M M 1 1 12 160
25 95 74 85 3 0 20 0.95 0.0 M 1.0 9 260 M M 2 12 15 270
26 97 72 85 3 0 20 0.00 0.0 M 0.9 8 310 M M 1 1 14 310
27 96 72 84 2 0 19 0.00 0.0 M 0.5 7 130 M M 0 12 140
28 96 72 84 2 0 19 0.00 0.0 M 0.5 7 150 M M 1 1 11 130
29 97 72 85 3 0 20 0.00 0.0 M 0.4 7 140 M M 0 1 9 120
30 98 71 85 3 0 20 0.00 0.0 M 0.6 6 310 M M 0 1 9 150
31 98 70 84 2 0 19 0.00 0.0 M 0.8 7 240 M M 0 1 11 250
================================================================================
SM 2832 2121 0 471 5.60 0.0 43.2 M 68
================================================================================
AV 91.4 68.4 1.4 FASTST M M 2 MAX(MPH)
MISC ----> 16 340 28 320
================================================================================
NOTES:
# LAST OF SEVERAL OCCURRENCES
COLUMN 17 PEAK WIND IN M.P.H.
PRELIMINARY LOCAL CLIMATOLOGICAL DATA (WS FORM: F-6) , PAGE 2
STATION: MOUNT IDA
MONTH: JULY
YEAR: 2021
LATITUDE: 34 32 N
LONGITUDE: 93 35 W
[TEMPERATURE DATA] [PRECIPITATION DATA] SYMBOLS USED IN COLUMN 16
AVERAGE MONTHLY: 79.9 TOTAL FOR MONTH: 5.60 1 = FOG OR MIST
DPTR FM NORMAL: -1.1 DPTR FM NORMAL: 1.40 2 = FOG REDUCING VISIBILITY
HIGHEST: 98 ON 30,31 GRTST 24HR 1.36 ON 10-11 TO 1/4 MILE OR LESS
LOWEST: 58 ON 4, 3 3 = THUNDER
SNOW, ICE PELLETS, HAIL 4 = ICE PELLETS
TOTAL MONTH: 0.0 INCH 5 = HAIL
GRTST 24HR 0.0 6 = FREEZING RAIN OR DRIZZLE
GRTST DEPTH: 0 7 = DUSTSTORM OR SANDSTORM:
VSBY 1/2 MILE OR LESS
8 = SMOKE OR HAZE
[NO. OF DAYS WITH] [WEATHER - DAYS WITH] 9 = BLOWING SNOW
X = TORNADO
MAX 32 OR BELOW: 0 0.01 INCH OR MORE: 11
MAX 90 OR ABOVE: 19 0.10 INCH OR MORE: 9
MIN 32 OR BELOW: 0 0.50 INCH OR MORE: 6
MIN 0 OR BELOW: 0 1.00 INCH OR MORE: 0
[HDD (BASE 65) ]
TOTAL THIS MO. 0 CLEAR (SCALE 0-3) 21
DPTR FM NORMAL 0 PTCLDY (SCALE 4-7) 10
TOTAL FM JUL 1 0 CLOUDY (SCALE 8-10) 0
DPTR FM NORMAL 0
[CDD (BASE 65) ]
TOTAL THIS MO. 471
DPTR FM NORMAL -27 [PRESSURE DATA]
TOTAL FM JAN 1 1028 HIGHEST SLP 30.16 ON 14
DPTR FM NORMAL -78 LOWEST SLP 29.81 ON 11
[REMARKS]
#FINAL-07-21#