000
CXUS56 KSGX 170941
CF6MYF
PRELIMINARY LOCAL CLIMATOLOGICAL DATA (WS FORM: F-6)
STATION: SAN DIEGO/MONTGOMERY FLD CA
MONTH: MARCH
YEAR: 2023
LATITUDE: 32 49 N
LONGITUDE: 117 9 W
TEMPERATURE IN F: :PCPN: SNOW: WIND :SUNSHINE: SKY :PK WND
================================================================================
1 2 3 4 5 6A 6B 7 8 9 10 11 12 13 14 15 16 17 18
12Z AVG MX 2MIN
DY MAX MIN AVG DEP HDD CDD WTR SNW DPTH SPD SPD DIR MIN PSBL S-S WX SPD DR
================================================================================
1 55 44 50 -8 15 0 0.45 M M 17.1 31 290 M M 7 1 44 270
2 59 35 47 -11 18 0 0.00 M M 3.8 13 240 M M 0 15 260
3 60 39 50 -8 15 0 0.00 M M 2.5 13 240 M M 0 16 220
4 57 41 49 -9 16 0 0.00 M M 4.4 13 220 M M 6 16 230
5 60 46 53 -5 12 0 0.00 M M 4.5 16 280 M M 5 20 270
6 60 45 53 -5 12 0 0.00 M M 4.3 14 290 M M 3 19 300
7 59 46 53 -5 12 0 0.00 M M 5.3 14 320 M M 2 20 310
8 58 42 50 -9 15 0 0.00 M M 4.8 15 220 M M 1 20 210
9 66 45 56 -3 9 0 0.00 0.0 M 4.5 12 300 M M 0 14 290
10 62 49 56 -3 9 0 0.61 0.0 M 3.9 12 190 M M 8 18 17 180
11 62 57 60 1 5 0 0.07 0.0 M 6.2 12 190 M M 10 1 15 180
12 66 55 61 2 4 0 0.00 M M 4.7 12 300 M M 8 12 15 300
13 66 53 60 1 5 0 0.00 M M 4.9 10 350 M M 6 1 14 300
14 65 52 59 0 6 0 0.20 M M 4.2 12 150 M M 2 1 16 170
15 59 52 56 -3 9 0 1.44 M M 9.7 24 180 M M 10 12 29 180
16 60 49 55 -4 10 0 0.00 M M 3.3 12 250 M M 5 16 220
17 64 49 57 -2 8 0 0.00 M M 4.8 12 320 M M 4 1 15 300
18 77 47 62 3 3 0 0.00 M M 3.4 15 230 M M 0 1 19 240
19 63 54 59 0 6 0 0.08 M M 6.1 13 180 M M 8 18 16 200
20 61 53 57 -2 8 0 0.02 M M 8.1 15 190 M M 10 1 20 210
21 60 51 56 -3 9 0 1.38 M M 11.8 23 190 M M 9 1 33 190
22 60 50 55 -4 10 0 0.13 M M 7.9 16 190 M M 5 1 22 190
23 58 47 53 -7 12 0 0.10 M M 7.5 18 280 M M 8 18 22 270
24 61 47 54 -6 11 0 0.00 M M 5.8 16 250 M M 3 23 240
25 61 44 53 -7 12 0 0.00 M M 5.5 14 280 M M 2 20 260
26 61 43 52 -8 13 0 0.00 M M 5.7 15 290 M M 0 21 280
27 72 43 58 -2 7 0 0.00 M M 4.4 14 330 M M 0 17 330
28 69 49 59 -1 6 0 0.00 M M 4.3 13 280 M M 0 16 300
29 57 47 52 -8 13 0 0.33 M M 5.9 18 280 M M 7 18 23 210
30 58 47 53 -7 12 0 0.13 M M 6.0 20 230 M M 7 13 26 240
31 62 44 53 -7 12 0 0.00 M M 5.0 14 330 M M 0 18 280
================================================================================
SM 1918 1465 314 0 4.94 0.0 180.3 M 136
================================================================================
AV 61.9 47.3 5.8 FASTST M M 4 MAX(MPH)
MISC ----> 31 290 44 270
================================================================================
NOTES:
# LAST OF SEVERAL OCCURRENCES
COLUMN 17 PEAK WIND IN M.P.H.
PRELIMINARY LOCAL CLIMATOLOGICAL DATA (WS FORM: F-6) , PAGE 2
STATION: SAN DIEGO/MONTGOMERY FLD CA
MONTH: MARCH
YEAR: 2023
LATITUDE: 32 49 N
LONGITUDE: 117 9 W
[TEMPERATURE DATA] [PRECIPITATION DATA] SYMBOLS USED IN COLUMN 16
AVERAGE MONTHLY: 54.6 TOTAL FOR MONTH: 4.94 1 = FOG OR MIST
DPTR FM NORMAL: -4.5 DPTR FM NORMAL: 3.31 2 = FOG REDUCING VISIBILITY
HIGHEST: 77 ON 18 GRTST 24HR 1.44 ON 15-15 TO 1/4 MILE OR LESS
LOWEST: 35 ON 2 3 = THUNDER
SNOW, ICE PELLETS, HAIL 4 = ICE PELLETS
TOTAL MONTH: 0.0 INCH 5 = HAIL
GRTST 24HR 0.0 6 = FREEZING RAIN OR DRIZZLE
GRTST DEPTH: M ON M 7 = DUSTSTORM OR SANDSTORM:
VSBY 1/2 MILE OR LESS
8 = SMOKE OR HAZE
[NO. OF DAYS WITH] [WEATHER - DAYS WITH] 9 = BLOWING SNOW
X = TORNADO
MAX 32 OR BELOW: 0 0.01 INCH OR MORE: 12
MAX 90 OR ABOVE: 0 0.10 INCH OR MORE: 9
MIN 32 OR BELOW: 0 0.50 INCH OR MORE: 3
MIN 0 OR BELOW: 0 1.00 INCH OR MORE: 2
[HDD (BASE 65) ]
TOTAL THIS MO. 314 CLEAR (SCALE 0-3) 13
DPTR FM NORMAL 120 PTCLDY (SCALE 4-7) 14
TOTAL FM JUL 1 1497 CLOUDY (SCALE 8-10) 4
DPTR FM NORMAL 375
[CDD (BASE 65) ]
TOTAL THIS MO. 0
DPTR FM NORMAL -9 [PRESSURE DATA]
TOTAL FM JAN 1 0 HIGHEST SLP 30.27 ON 24
DPTR FM NORMAL -18 LOWEST SLP 29.74 ON 21
[REMARKS]
#FINAL-03-23#