000
CXUS56 KSGX 011045
CF6MYF
PRELIMINARY LOCAL CLIMATOLOGICAL DATA (WS FORM: F-6)
STATION: SAN DIEGO/MONTGOMERY FLD CA
MONTH: JULY
YEAR: 2021
LATITUDE: 32 49 N
LONGITUDE: 117 9 W
TEMPERATURE IN F: :PCPN: SNOW: WIND :SUNSHINE: SKY :PK WND
================================================================================
1 2 3 4 5 6A 6B 7 8 9 10 11 12 13 14 15 16 17 18
12Z AVG MX 2MIN
DY MAX MIN AVG DEP HDD CDD WTR SNW DPTH SPD SPD DIR MIN PSBL S-S WX SPD DR
================================================================================
1 80 64 72 2 0 7 0.00 M M 5.9 13 240 M M 3 18 230
2 78 65 72 2 0 7 0.00 M M 6.3 13 240 M M 4 18 18 230
3 79 65 72 2 0 7 0.00 M M 5.1 13 240 M M 3 18 17 230
4 77 64 71 0 0 6 0.00 M M 5.7 13 260 M M 5 8 18 310
5 80 64 72 1 0 7 0.00 M M 5.8 13 280 M M 5 17 330
6 78 64 71 0 0 6 0.00 M M 5.3 13 240 M M 3 19 250
7 76 64 70 -1 0 5 0.00 M M 4.9 12 230 M M 4 18 240
8 78 64 71 0 0 6 0.00 M M 4.6 13 250 M M 1 8 17 230
9 82 66 74 3 0 9 0.00 M M 4.8 12 240 M M 0 14 240
10 84 67 76 5 0 11 0.00 M M 5.6 14 230 M M 0 18 230
11 79 66 73 1 0 8 0.00 M M 5.9 15 190 M M 3 20 220
12 78 66 72 0 0 7 0.00 M M 5.1 14 250 M M 6 18 260
13 79 67 73 1 0 8 0.00 M M 5.1 12 260 M M 0 17 250
14 79 67 73 1 0 8 0.00 M M 5.4 13 250 M M 2 8 18 250
15 81 67 74 2 0 9 0.00 M M 5.1 13 240 M M 3 17 260
16 82 67 75 3 0 10 0.00 M M 5.6 13 230 M M 1 19 280
17 81 66 74 2 0 9 0.00 M M 4.7 14 220 M M 2 19 260
18 84 69 77 5 0 12 T M M 4.9 13 260 M M 2 17 240
19 87 68 78 6 0 13 0.00 M M 4.2 13 290 M M 0 23 270
20 86 67 77 5 0 12 0.00 M M 5.4 15 280 M M 0 19 290
21 83 68 76 4 0 11 0.00 M M 5.1 13 250 M M 0 16 230
22 79 67 73 0 0 8 0.00 M M 5.7 15 190 M M 3 8 18 200
23 80 66 73 0 0 8 0.00 M M 5.0 14 260 M M 4 8 18 260
24 78 67 73 0 0 8 0.00 M M 5.1 13 220 M M 5 16 220
25 77 67 72 -1 0 7 T M M 4.9 12 260 M M 6 17 260
26 73 67 70 -3 0 5 0.04 M M 5.4 12 260 M M 9 18 13 280
27 79 67 73 0 0 8 0.00 M M 7.4 14 270 M M 4 18 22 270
28 83 65 74 1 0 9 0.00 M M 7.0 13 290 M M 1 18 21 300
29 82 64 73 0 0 8 0.00 M M 7.4 14 290 M M 1 128 21 290
30 81 65 73 0 0 8 0.00 M M 6.1 13 280 M M 3 18 18 280
31 81 62 72 -1 0 7 0.00 M M 7.1 14 290 M M 2 128 19 300
================================================================================
SM 2484 2042 0 254 0.04 M 171.6 M 85
================================================================================
AV 80.1 65.9 5.5 FASTST M M 3 MAX(MPH)
MISC ----> # 15 190 23 270
================================================================================
NOTES:
# LAST OF SEVERAL OCCURRENCES
COLUMN 17 PEAK WIND IN M.P.H.
PRELIMINARY LOCAL CLIMATOLOGICAL DATA (WS FORM: F-6) , PAGE 2
STATION: SAN DIEGO/MONTGOMERY FLD CA
MONTH: JULY
YEAR: 2021
LATITUDE: 32 49 N
LONGITUDE: 117 9 W
[TEMPERATURE DATA] [PRECIPITATION DATA] SYMBOLS USED IN COLUMN 16
AVERAGE MONTHLY: 73.0 TOTAL FOR MONTH: 0.04 1 = FOG OR MIST
DPTR FM NORMAL: 1.1 DPTR FM NORMAL: -0.03 2 = FOG REDUCING VISIBILITY
HIGHEST: 87 ON 19 GRTST 24HR 0.04 ON 25-26 TO 1/4 MILE OR LESS
LOWEST: 62 ON 31 3 = THUNDER
SNOW, ICE PELLETS, HAIL 4 = ICE PELLETS
TOTAL MONTH: M 5 = HAIL
GRTST 24HR M ON M 6 = FREEZING RAIN OR DRIZZLE
GRTST DEPTH: M ON M 7 = DUSTSTORM OR SANDSTORM:
VSBY 1/2 MILE OR LESS
8 = SMOKE OR HAZE
[NO. OF DAYS WITH] [WEATHER - DAYS WITH] 9 = BLOWING SNOW
X = TORNADO
MAX 32 OR BELOW: 0 0.01 INCH OR MORE: 1
MAX 90 OR ABOVE: 0 0.10 INCH OR MORE: 0
MIN 32 OR BELOW: 0 0.50 INCH OR MORE: 0
MIN 0 OR BELOW: 0 1.00 INCH OR MORE: 0
[HDD (BASE 65) ]
TOTAL THIS MO. 0 CLEAR (SCALE 0-3) 17
DPTR FM NORMAL -1 PTCLDY (SCALE 4-7) 13
TOTAL FM JUL 1 0 CLOUDY (SCALE 8-10) 1
DPTR FM NORMAL 0
[CDD (BASE 65) ]
TOTAL THIS MO. 254
DPTR FM NORMAL 40 [PRESSURE DATA]
TOTAL FM JAN 1 435 HIGHEST SLP 30.05 ON 23
DPTR FM NORMAL 57 LOWEST SLP 29.79 ON 7
[REMARKS]
#FINAL-07-21#