000
CXUS56 KSTO 021552
CF6MYV
PRELIMINARY LOCAL CLIMATOLOGICAL DATA (WS FORM: F-6)
STATION: MARYSVILLE
MONTH: MAY
YEAR: 2021
LATITUDE: 39 6 N
LONGITUDE: 121-34 E
TEMPERATURE IN F: :PCPN: SNOW: WIND :SUNSHINE: SKY :PK WND
================================================================================
1 2 3 4 5 6A 6B 7 8 9 10 11 12 13 14 15 16 17 18
12Z AVG MX 2MIN
DY MAX MIN AVG DEP HDD CDD WTR SNW DPTH SPD SPD DIR MIN PSBL S-S WX SPD DR
================================================================================
1 85 50 68 4 0 3 0.00 M M 7.6 14 170 M M 0 M M
2 84 50 67 3 0 2 0.00 M M 12.2 24 320 M M 1 36 300
3 88 61 75 11 0 10 0.00 M M 15.0 25 310 M M 0 30 320
4 91 60 76 12 0 11 0.00 M M 5.3 16 340 M M 0 M M
5 94 52 73 8 0 8 0.00 M M 4.9 12 200 M M 0 M M
6 89 54 72 7 0 7 0.00 M M 13.3 21 160 M M 0 22 180
7 83 49 66 1 0 1 0.00 0.0 M 7.5 17 340 M M 0 24 340
8 87 59 73 8 0 8 0.00 0.0 M 20.3 35 330 M M 0 42 330
9 88 63 76 10 0 11 0.00 0.0 M 15.3 28 340 M M 0 38 330
10 90 64 77 11 0 12 0.00 0.0 M 15.5 25 340 M M 0 32 340
11 93 53 73 7 0 8 0.00 0.0 M 3.9 9 100 M M 0 13 290
12 96 54 75 9 0 10 0.00 0.0 M 5.5 13 160 M M 0 17 190
13 93 56 75 8 0 10 0.00 M M 7.4 12 180 M M 0 M M
14 86 52 69 2 0 4 0.00 0.0 M 11.1 25 150 M M 0 30 140
15 79 52 66 -1 0 1 0.00 0.0 M 7.6 21 140 M M 1 25 150
16 81 56 69 2 0 4 0.00 0.0 M 12.2 22 140 M M 0 30 130
17 81 52 67 -1 0 2 0.00 0.0 M 9.6 16 170 M M 0 21 150
18 87 51 69 1 0 4 0.00 0.0 M 9.3 21 140 M M 0 27 150
19 78 53 66 -2 0 1 0.00 0.0 M 13.7 22 350 M M 0 34 350
20 73 46 60 -8 5 0 0.00 M M 9.4 21 330 M M 2 28 340
21 77 51 64 -4 1 0 0.00 0.0 M 10.6 23 350 M M 0 32 360
22 79 45 62 -6 3 0 0.00 0.0 M 4.5 21 150 M M 1 25 140
23 80 53 67 -2 0 2 0.00 M M 8.1 20 150 M M 0 26 150
24 90 51 71 2 0 6 0.00 M M 6.8 15 260 M M 0 20 240
25 85 59 72 3 0 7 0.00 0.0 M 7.6 16 150 M M 0 19 160
26 91 50 71 2 0 6 0.00 0.0 M 4.7 14 140 M M 0 18 140
27 89 53 71 1 0 6 0.00 M M 7.8 14 150 M M 0 17 160
28 91 60 76 6 0 11 0.00 0.0 M 6.9 15 150 M M 0 20 150
29 89 57 73 3 0 8 0.00 0.0 M 9.0 17 180 M M 0 21 160
30 99 54 77 7 0 12 0.00 0.0 M 3.5 12 150 M M 0 15 150
31 107 62 85 15 0 20 0.00 0.0 M 3.6 9 140 M M 0 12 150
================================================================================
SM 2703 1682 9 195 0.00 0.0 279.8 M 5
================================================================================
AV 87.2 54.3 9.0 FASTST M M 0 MAX(MPH)
MISC ----> 35 330 42 330
================================================================================
NOTES:
# LAST OF SEVERAL OCCURRENCES
COLUMN 17 PEAK WIND IN M.P.H.
PRELIMINARY LOCAL CLIMATOLOGICAL DATA (WS FORM: F-6) , PAGE 2
STATION: MARYSVILLE
MONTH: MAY
YEAR: 2021
LATITUDE: 39 6 N
LONGITUDE: 121-34 E
[TEMPERATURE DATA] [PRECIPITATION DATA] SYMBOLS USED IN COLUMN 16
AVERAGE MONTHLY: 70.7 TOTAL FOR MONTH: 0.00 1 = FOG OR MIST
DPTR FM NORMAL: 3.6 DPTR FM NORMAL: -0.93 2 = FOG REDUCING VISIBILITY
HIGHEST: 107 ON 31 GRTST 24HR 0.00 ON 19-19 TO 1/4 MILE OR LESS
LOWEST: 45 ON 22 3 = THUNDER
SNOW, ICE PELLETS, HAIL 4 = ICE PELLETS
TOTAL MONTH: 0.0 INCH 5 = HAIL
GRTST 24HR 0.0 6 = FREEZING RAIN OR DRIZZLE
GRTST DEPTH: M ON M 7 = DUSTSTORM OR SANDSTORM:
VSBY 1/2 MILE OR LESS
8 = SMOKE OR HAZE
[NO. OF DAYS WITH] [WEATHER - DAYS WITH] 9 = BLOWING SNOW
X = TORNADO
MAX 32 OR BELOW: 0 0.01 INCH OR MORE: 0
MAX 90 OR ABOVE: 11 0.10 INCH OR MORE: 0
MIN 32 OR BELOW: 0 0.50 INCH OR MORE: 0
MIN 0 OR BELOW: 0 1.00 INCH OR MORE: 0
[HDD (BASE 65) ]
TOTAL THIS MO. 9 CLEAR (SCALE 0-3) 31
DPTR FM NORMAL -40 PTCLDY (SCALE 4-7) 0
TOTAL FM JUL 1 2294 CLOUDY (SCALE 8-10) 0
DPTR FM NORMAL -252
[CDD (BASE 65) ]
TOTAL THIS MO. 195
DPTR FM NORMAL 79 [PRESSURE DATA]
TOTAL FM JAN 1 212 HIGHEST SLP 30.14 ON 23
DPTR FM NORMAL 76 LOWEST SLP 29.71 ON 14
[REMARKS]
#FINAL-05-21#