852
CXUS51 KOKX 021714 RRA
CLANYC
CLIMATE REPORT
NATIONAL WEATHER SERVICE NEW YORK NY
1207 PM EST THU JAN 2 2020
...................................
...THE CENTRAL PARK NY CLIMATE SUMMARY FOR THE YEAR OF 2019...
CLIMATE NORMAL PERIOD 1981 TO 2010
CLIMATE RECORD PERIOD 1869 TO 2020
WEATHER OBSERVED NORMAL DEPART LAST YEAR`S
VALUE DATE(S) VALUE FROM VALUE DATE(S)
NORMAL
................................................................
TEMPERATURE (F)
RECORD
HIGH 106 07/09/1936
LOW -15 02/09/1934
HIGHEST 95 07/21 MM MM 96 07/01
07/20
LOWEST 2 01/31 MM MM 5 01/07
AVG. MAXIMUM 62.5 62.0 0.5 62.6
AVG. MINIMUM 48.7 48.0 0.7 49.2
MEAN 55.6 55.0 0.6 55.9
DAYS MAX >= 90 15 12.2 2.8 21
DAYS MAX <= 32 12 17.6 -5.6 14
DAYS MIN <= 32 73 65.6 7.4 66
DAYS MIN <= 0 0 0.0 0.0 0
PRECIPITATION (INCHES)
RECORD
MAXIMUM 80.56 1983
MINIMUM 26.09 1965
TOTALS 53.03 49.94 3.09 65.55
DAILY AVG. 0.14 0.14 0.00 0.18
DAYS >= .01 148 122.0 26.0 158
DAYS >= .10 89 78.0 11.0 102
DAYS >= .50 47 33.0 14.0 51
DAYS >= 1.00 12 13.9 -1.9 18
GREATEST
24 HR. TOTAL 1.83 MM 12/31 TO 12/31
12/31 TO 12/31EATHER OBSERVED NORMAL DEPART LAST YEAR`S
12/31 TO 12/31EATHER OBSERVED NORMAL DEPART LAST YEAR`S
STORM TOTAL MM MM
(MM/DD(HH)) MM 12/31(00) TO 12/31(00)
12/31(00) TO 12/31(00)1EATHER OBSERVED NORMAL DEPART LAST YEAR`S
12/31(00) TO 12/31(00)1EATHER OBSERVED NORMAL DEPART LAST YEAR`S
SNOWFALL (INCHES)
RECORDS
TOTAL 64.0 1896
24 HR TOTAL 26.6 MM
SNOW DEPTH 26 12/27/1947
TOTALS 16.6 25.8 -9.2 39.6
LIQUID EQUIV 1.66 2.60 -0.94 3.96
SINCE 7/1 2.5 5.1 -2.6 6.4
LIQUID 7/1 0.25 0.50 -0.25 0.64
SNOWDEPTH AVG. 0 MM MM 0
DAYS >= TRACE 23 11.4 11.6 26
DAYS >= 1.0 7 6.2 0.8 6
GREATEST
SNOW DEPTH 4 03/04 8 03/22
03/02
24 HR TOTAL 4.0 MM 12/31 TO 12/31
12/31 TO 12/31EATHER OBSERVED NORMAL DEPART LAST YEAR`S
12/31 TO 12/31EATHER OBSERVED NORMAL DEPART LAST YEAR`S
STORM TOTAL MM MM
(MM/DD(HH)) MM 12/31(00) TO 12/31(00)
12/31(00) TO 12/31(00)1EATHER OBSERVED NORMAL DEPART LAST YEAR`S
12/31(00) TO 12/31(00)1EATHER OBSERVED NORMAL DEPART LAST YEAR`S
DEGREE_DAYS
HEATING TOTAL 4567 4750 -183 4643
SINCE 7/1 MM 1685 MM MM
COOLING TOTAL 1268 1105 163 1433
SINCE 1/1 1268 1105 163 1433
.................................................................
WIND (MPH)
AVERAGE WIND SPEED 4.7
RESULTANT WIND SPEED/DIRECTION 1/065
HIGHEST WIND SPEED/DIRECTION 25/070 DATE 12/30
HIGHEST GUST SPEED/DIRECTION 41/270 DATE 10/17
SKY COVER
POSSIBLE SUNSHINE (PERCENT) MM
AVERAGE SKY COVER 0.40
NUMBER OF DAYS FAIR 181
NUMBER OF DAYS PC 117
NUMBER OF DAYS CLOUDY 67
AVERAGE RH (PERCENT) 62
WEATHER CONDITIONS. NUMBER OF DAYS WITH
0
87
6
0
9
0
9
HAZE 57
- INDICATES NEGATIVE NUMBERS.
R INDICATES RECORD WAS SET OR TIED.
MM INDICATES DATA IS MISSING.
T INDICATES TRACE AMOUNT.
$$