000
CXUS51 KOKX 020020
CLSNYC
CLIMATE REPORT
NATIONAL WEATHER SERVICE NEW YORK, NY
714 PM EST WED DEC 01 2021
...................................
...THE CENTRAL PARK NY CLIMATE SUMMARY FOR THE SEASON, FROM
9/1/2021 TO 11/30/2021...
CLIMATE NORMAL PERIOD 1991 TO 2020
CLIMATE RECORD PERIOD 1869 TO 2021
WEATHER OBSERVED NORMAL DEPART LAST YEAR`S
VALUE DATE(S) VALUE FROM VALUE
NORMAL
..............................................................
TEMPERATURE (F)
RECORD
HIGH 102 09/02/1953
LOW 5 11/30/1875
HIGHEST 85 09/15 MM MM
LOWEST 30 11/24 MM MM
AVG. MAXIMUM 65.8 64.9 0.9
AVG. MINIMUM 53.3 51.9 1.4
MEAN 59.5 58.4 1.1
DAYS MAX >= 90 0 1.0 -1.0
DAYS MAX <= 32 0 0.0 0.0
DAYS MIN <= 32 3 3.6 -0.6
DAYS MIN <= 0 0 0.0 0.0
PRECIPITATION (INCHES)
RECORD
MAXIMUM 22.13 1913
MINIMUM 4.00 1908
TOTALS 16.41 12.27 4.14 MM
DAILY AVG. 0.18 0.13 0.05
DAYS >= .01 31 27.5 3.5
DAYS >= .10 18 17.5 0.5
DAYS >= .50 5 8.1 -3.1
DAYS >= 1.00 3 3.8 -0.8
GREATEST
24 HR. TOTAL 7.13 09/01 TO 09/02
STORM TOTAL 7.13
(MM/DD(HH))
SNOWFALL (INCHES)
RECORDS
TOTAL 19.0 1898
24 HR TOTAL MM
TOTALS T 0.6 -0.6
LIQUID EQUIV T 0.00 0.00
SINCE 7/1 T 0.6 -0.6
LIQUID 7/1 -0.10
DAYS >= TRACE 4 0.0 4.0
DAYS >= 1.0 0 0.0 0.0
GREATEST
SNOW DEPTH 0
24 HR TOTAL MM
STORM TOTAL 0.0
(MM/DD(HH))
DEGREE DAYS
HEATING TOTAL 681 783 -102
SINCE 7/1 683 786 -103
COOLING TOTAL 203 182 21
SINCE 1/1 1325 1222 103
..............................................................
WIND (MPH)
AVERAGE WIND SPEED 4.4
HIGHEST WIND SPEED/DIRECTION 23/340 DATE 09/01
HIGHEST GUST SPEED/DIRECTION 40/280 DATE 09/01
SKY COVER
POSSIBLE SUNSHINE (PERCENT) MM
AVERAGE SKY COVER 0.40
NUMBER OF DAYS FAIR 45
NUMBER OF DAYS PC 28
NUMBER OF DAYS CLOUDY 18
AVERAGE RH (PERCENT) 66
WEATHER CONDITIONS. NUMBER OF DAYS WITH
THUNDERSTORM 9 MIXED PRECIP 0
HEAVY RAIN 10 RAIN 17
LIGHT RAIN 39 FREEZING RAIN 0
LT FREEZING RAIN 0 HAIL 1
HEAVY SNOW 0 SNOW 0
LIGHT SNOW 3 SLEET 0
FOG 34 FOG W/VIS <= 1/4 MILE 2
HAZE 6
- INDICATES NEGATIVE NUMBERS.
R INDICATES RECORD WAS SET OR TIED.
MM INDICATES DATA IS MISSING.
T INDICATES TRACE AMOUNT.
$$