000
CXUS55 KPSR 011005
CF6NYL
PRELIMINARY LOCAL CLIMATOLOGICAL DATA (WS FORM: F-6)
STATION: YUMA AZ
MONTH: JULY
YEAR: 2023
LATITUDE: 32 39 N
LONGITUDE: 114 37 W
TEMPERATURE IN F: :PCPN: SNOW: WIND :SUNSHINE: SKY :PK WND
================================================================================
1 2 3 4 5 6A 6B 7 8 9 10 11 12 13 14 15 16 17 18
12Z AVG MX 2MIN
DY MAX MIN AVG DEP HDD CDD WTR SNW DPTH SPD SPD DIR MIN PSBL S-S WX SPD DR
================================================================================
1 111 77 94 1 0 29 0.00 M M 7.1 16 180 M M 0 22 170
2 111 79 95 2 0 30 0.00 M M 9.0 21 170 M M 0 26 160
3 112 80 96 3 0 31 0.00 M M 9.6 20 160 M M 0 27 260
4 111 79 95 1 0 30 0.00 M M 11.0 20 170 M M 0 30 200
5 109 75 92 -2 0 27 0.00 0.0 0 6.5 17 210 M M 0 23 190
6 107 78 93 -1 0 28 0.00 0.0 0 6.2 18 300 M M 0 29 300
7 106 75 91 -3 0 26 0.00 M M 4.7 13 280 M M 0 16 290
8 108 76 92 -2 0 27 0.00 M M 7.1 16 150 M M 0 21 170
9 105 81 93 -1 0 28 0.00 0.0 0 9.5 21 160 M M 0 32 200
10 106 83 95 1 0 30 0.00 0.0 0 11.3 20 160 M M 0 25 150
11 109 85 97 3 0 32 0.00 M M 8.5 15 210 M M 1 20 160
12 110 85 98 3 0 33 0.00 M M 6.7 15 190 M M 2 21 250
13 111 85 98 3 0 33 0.00 M M 6.7 13 250 M M 0 18 250
14 112 85 99 4 0 34 0.00 M M 6.6 14 150 M M 1 22 160
15 113 90 102 7 0 37 0.00 M M 8.3 18 210 M M 0 29 210
16 111 90 101 6 0 36 0.00 M M 14.5 24 140 M M 0 31 150
17 113 90 102 7 0 37 0.00 M M 10.3 26 140 M M 1 33 140
18 115 88 102 7 0 37 0.00 M M 5.2 14 290 M M 1 19 290
19 115 86 101 6 0 36 0.00 M M 6.3 14 210 M M 1 19 220
20 116 87 102 7 0 37 0.00 M M 6.7 16 160 M M 1 19 310
21 115 87 101 6 0 36 0.00 M M 9.1 26 150 M M 1 8 32 140
22 112 89 101 6 0 36 0.00 M M 9.0 29 150 M M 0 8 37 150
23 109 89 99 4 0 34 0.00 M M 10.3 39 160 M M 1 8 49 160
24 113 87 100 5 0 35 0.00 M M 5.2 13 260 M M 1 18 280
25 114 90 102 7 0 37 0.00 M M 6.5 15 190 M M 4 19 180
26 113 88 101 6 0 36 0.00 M M 10.4 25 160 M M 2 32 150
27 110 87 99 4 0 34 0.00 M M 10.0 20 160 M M 2 27 200
28 112 89 101 6 0 36 0.00 M M 10.2 25 150 M M 3 78 33 150
29 111 88 100 5 0 35 0.00 M M 8.3 17 200 M M 0 22 140
30 112 86 99 4 0 34 0.00 M M 9.6 25 150 M M 0 3 32 140
31 100 78 89 -6 0 24 T M M 8.9 44 130 M M 5 38 56 140
================================================================================
SM 3432 2612 01015 T 0.0 259.3 M 27
================================================================================
AV110.7 84.3 8.4 FASTST M M 1 MAX(MPH)
MISC ----> 44 130 56 140
================================================================================
NOTES:
# LAST OF SEVERAL OCCURRENCES
COLUMN 17 PEAK WIND IN M.P.H.
PRELIMINARY LOCAL CLIMATOLOGICAL DATA (WS FORM: F-6) , PAGE 2
STATION: YUMA AZ
MONTH: JULY
YEAR: 2023
LATITUDE: 32 39 N
LONGITUDE: 114 37 W
[TEMPERATURE DATA] [PRECIPITATION DATA] SYMBOLS USED IN COLUMN 16
AVERAGE MONTHLY: 97.5 TOTAL FOR MONTH: T 1 = FOG OR MIST
DPTR FM NORMAL: 2.9 DPTR FM NORMAL: -0.24 2 = FOG REDUCING VISIBILITY
HIGHEST: 116 ON 20 GRTST 24HR T ON 31-31 TO 1/4 MILE OR LESS
LOWEST: 75 ON 7, 5 3 = THUNDER
SNOW, ICE PELLETS, HAIL 4 = ICE PELLETS
TOTAL MONTH: 0.0 INCH 5 = HAIL
GRTST 24HR 0.0 6 = FREEZING RAIN OR DRIZZLE
GRTST DEPTH: 0 7 = DUSTSTORM OR SANDSTORM:
VSBY 1/2 MILE OR LESS
8 = SMOKE OR HAZE
[NO. OF DAYS WITH] [WEATHER - DAYS WITH] 9 = BLOWING SNOW
X = TORNADO
MAX 32 OR BELOW: 0 0.01 INCH OR MORE: 0
MAX 90 OR ABOVE: 31 0.10 INCH OR MORE: 0
MIN 32 OR BELOW: 0 0.50 INCH OR MORE: 0
MIN 0 OR BELOW: 0 1.00 INCH OR MORE: 0
[HDD (BASE 65) ]
TOTAL THIS MO. 0 CLEAR (SCALE 0-3) 28
DPTR FM NORMAL 0 PTCLDY (SCALE 4-7) 3
TOTAL FM JUL 1 0 CLOUDY (SCALE 8-10) 0
DPTR FM NORMAL 0
[CDD (BASE 65) ]
TOTAL THIS MO. 1015
DPTR FM NORMAL 96 [PRESSURE DATA]
TOTAL FM JAN 1 2363 HIGHEST SLP 29.92 ON 31
DPTR FM NORMAL -181 LOWEST SLP 29.57 ON 7
[REMARKS]
#FINAL-07-23#