000
CXUS55 KPSR 011005
CF6NYL
PRELIMINARY LOCAL CLIMATOLOGICAL DATA (WS FORM: F-6)
STATION: YUMA AZ
MONTH: APRIL
YEAR: 2022
LATITUDE: 32 39 N
LONGITUDE: 114 37 W
TEMPERATURE IN F: :PCPN: SNOW: WIND :SUNSHINE: SKY :PK WND
================================================================================
1 2 3 4 5 6A 6B 7 8 9 10 11 12 13 14 15 16 17 18
12Z AVG MX 2MIN
DY MAX MIN AVG DEP HDD CDD WTR SNW DPTH SPD SPD DIR MIN PSBL S-S WX SPD DR
================================================================================
1 85 59 72 2 0 7 0.00 M M 4.5 12 250 M M 1 15 200
2 85 58 72 1 0 7 0.00 M M 7.4 17 200 M M 0 22 190
3 83 59 71 0 0 6 0.00 M M 6.2 13 180 M M 0 18 180
4 86 58 72 1 0 7 0.00 M M 6.2 13 240 M M 0 17 260
5 93 64 79 8 0 14 0.00 M M 7.3 16 210 M M 0 21 200
6 95 63 79 8 0 14 0.00 M M 10.5 24 10 M M 0 30 20
7 96 66 81 9 0 16 0.00 M M 10.8 21 30 M M 0 26 30
8 99 64 82 10 0 17 0.00 M M 5.9 15 50 M M 0 19 50
9 98 62 80 8 0 15 0.00 M M 11.7 24 150 M M 0 28 150
10 90 63 77 5 0 12 0.00 M M 8.2 16 160 M M 0 21 160
11 86 60 73 1 0 8 0.00 M M 9.2 23 280 M M 1 31 290
12 75 57 66 -6 0 1 0.00 M M 12.7 28 300 M M 0 8 39 300
13 76 50 63 -9 2 0 0.00 M M 4.7 12 260 M M 0 18 220
14 85 53 69 -4 0 4 0.00 M M 3.5 12 220 M M 0 16 210
15 87 54 71 -2 0 6 0.00 M M 4.0 10 280 M M 4 14 240
16 89 60 75 2 0 10 0.00 M M 7.9 21 270 M M 0 27 270
17 94 57 76 3 0 11 0.00 M M 4.8 15 310 M M 0 19 310
18 98 61 80 7 0 15 0.00 M M 3.6 17 290 M M 1 21 290
19 97 66 82 8 0 17 0.00 M M 12.6 26 290 M M 3 8 35 280
20 88 61 75 1 0 10 0.00 M M 9.7 22 290 M M 0 28 280
21 89 61 75 1 0 10 0.00 M M 8.0 21 300 M M 0 28 300
22 77 59 68 -6 0 3 0.00 M M 15.2 26 280 M M 1 8 37 280
23 85 52 69 -5 0 4 0.00 M M 8.0 20 330 M M 0 26 340
24 87 65 76 1 0 11 0.00 M M 11.5 24 10 M M 0 31 10
25 93 63 78 3 0 13 0.00 M M 7.4 14 40 M M 0 18 30
26 96 62 79 4 0 14 0.00 M M 4.3 16 190 M M 4 22 190
27 91 62 77 1 0 12 0.00 M M 5.5 13 230 M M 0 17 250
28 88 62 75 -1 0 10 0.00 M M 7.5 18 290 M M 0 26 300
29 91 61 76 0 0 11 0.00 M M 5.3 15 10 M M 0 20 340
30 96 60 78 2 0 13 0.00 M M 6.0 13 240 M M 0 19 230
================================================================================
SM 2678 1802 2 298 0.00 M 230.1 M 15
================================================================================
AV 89.3 60.1 7.7 FASTST M M 1 MAX(MPH)
MISC ----> 28 300 39 300
================================================================================
NOTES:
# LAST OF SEVERAL OCCURRENCES
COLUMN 17 PEAK WIND IN M.P.H.
PRELIMINARY LOCAL CLIMATOLOGICAL DATA (WS FORM: F-6) , PAGE 2
STATION: YUMA AZ
MONTH: APRIL
YEAR: 2022
LATITUDE: 32 39 N
LONGITUDE: 114 37 W
[TEMPERATURE DATA] [PRECIPITATION DATA] SYMBOLS USED IN COLUMN 16
AVERAGE MONTHLY: 74.7 TOTAL FOR MONTH: 0.00 1 = FOG OR MIST
DPTR FM NORMAL: 1.6 DPTR FM NORMAL: -0.14 2 = FOG REDUCING VISIBILITY
HIGHEST: 99 ON 8 GRTST 24HR 0.00 ON 1- 1 TO 1/4 MILE OR LESS
LOWEST: 50 ON 13 3 = THUNDER
SNOW, ICE PELLETS, HAIL 4 = ICE PELLETS
TOTAL MONTH: M 5 = HAIL
GRTST 24HR M ON M 6 = FREEZING RAIN OR DRIZZLE
GRTST DEPTH: M ON M 7 = DUSTSTORM OR SANDSTORM:
VSBY 1/2 MILE OR LESS
8 = SMOKE OR HAZE
[NO. OF DAYS WITH] [WEATHER - DAYS WITH] 9 = BLOWING SNOW
X = TORNADO
MAX 32 OR BELOW: 0 0.01 INCH OR MORE: 0
MAX 90 OR ABOVE: 14 0.10 INCH OR MORE: 0
MIN 32 OR BELOW: 0 0.50 INCH OR MORE: 0
MIN 0 OR BELOW: 0 1.00 INCH OR MORE: 0
[HDD (BASE 65) ]
TOTAL THIS MO. 2 CLEAR (SCALE 0-3) 27
DPTR FM NORMAL -9 PTCLDY (SCALE 4-7) 3
TOTAL FM JUL 1 549 CLOUDY (SCALE 8-10) 0
DPTR FM NORMAL -122
[CDD (BASE 65) ]
TOTAL THIS MO. 298
DPTR FM NORMAL 44 [PRESSURE DATA]
TOTAL FM JAN 1 465 HIGHEST SLP 30.11 ON 7
DPTR FM NORMAL 48 LOWEST SLP 29.61 ON 9
[REMARKS]
#FINAL-04-22#