000
CXUS55 KPSR 011048
CLMNYL
CLIMATE REPORT
NATIONAL WEATHER SERVICE PHOENIX AZ
348 AM MST SUN OCT 01 2023
...................................
...THE YUMA AZ CLIMATE SUMMARY FOR THE MONTH OF SEPTEMBER 2023...
CLIMATE NORMAL PERIOD 1991 TO 2020
CLIMATE RECORD PERIOD 1876 TO 2023
WEATHER OBSERVED NORMAL DEPART LAST YEAR`S
VALUE DATE(S) VALUE FROM VALUE
NORMAL
..............................................................
TEMPERATURE (F)
RECORD
HIGH 120 09/05/2020
LOW 50 09/30/1907
09/29/1894
09/18/1882
HIGHEST 111 09/09 111 0
LOWEST 68 09/21 65 3
09/30
AVG. MAXIMUM 100.1 101.4 -1.3
AVG. MINIMUM 75.6 77.6 -2.0
MEAN 87.8 89.5 -1.7
DAYS MAX >= 90 29 28.8 0.2
DAYS MAX >= 100 17
DAYS MAX >= 110 1
DAYS MIN <= 32 0 0.0 0.0
DAYS MIN >= 90 0
PRECIPITATION (INCHES)
RECORD
MAXIMUM 5.14 1997
MINIMUM 0.00 2020
TOTALS 1.71 0.68 1.03
DAYS >= .01 2 1.5 0.5
DAYS >= .10 1 0.9 0.1
DAYS >= .50 1 0.3 0.7
DAYS >= 1.00 1 0.2 0.8
GREATEST
24 HR. TOTAL 1.71 09/01 TO 09/02
DEGREE DAYS
HEATING TOTAL 0 0 0
SINCE 7/1 0 0 0
COOLING TOTAL 669 735 -66
SINCE 1/1 3979 4203 -224
..............................................................
WIND (MPH)
AVERAGE WIND SPEED 5.9
HIGHEST GUST SPEED/DIRECTION 50/160 DATE 09/01
AVERAGE RH (PERCENT) 39
WEATHER CONDITIONS. NUMBER OF DAYS WITH
THUNDERSTORM 2 HEAVY RAIN 1
RAIN 1 LIGHT RAIN 2
FOG W/VIS <= 1/4 MILE 0
- INDICATES NEGATIVE NUMBERS.
R INDICATES RECORD WAS SET OR TIED.
MM INDICATES DATA IS MISSING.
T INDICATES TRACE AMOUNT.
$$