000
CXUS56 KMTR 020842
CF6OAK
PRELIMINARY LOCAL CLIMATOLOGICAL DATA (WS FORM: F-6)
STATION: OAKLAND AIRPORT
MONTH: SEPTEMBER
YEAR: 2020
LATITUDE: 37 43 N
LONGITUDE: 122 13 W
TEMPERATURE IN F: :PCPN: SNOW: WIND :SUNSHINE: SKY :PK WND
================================================================================
1 2 3 4 5 6A 6B 7 8 9 10 11 12 13 14 15 16 17 18
12Z AVG MX 2MIN
DY MAX MIN AVG DEP HDD CDD WTR SNW DPTH SPD SPD DIR MIN PSBL S-S WX SPD DR
================================================================================
1 71 60 66 1 0 1 0.00 M M 9.0 20 310 M M 7 8 24 290
2 72 62 67 2 0 2 0.00 M M 11.3 20 280 M M 6 21 270
3 71 61 66 1 0 1 0.00 M M 10.3 20 280 M M 7 8 22 280
4 75 60 68 3 0 3 T M M 6.5 15 280 M M 5 17 280
5 96 57 77 12 0 12 0.00 M M 3.8 14 310 M M 2 16 300
6 104 66 85 20 0 20 0.00 M M 4.2 15 300 M M 2 8 17 310
7 99 66 83 18 0 18 0.00 M M 6.0 16 290 M M 3 18 290
8 M M M M M M 0.00 M M 7.0 17 300 M M 8 19 300
9 M M M M M M 0.00 M M 4.7 9 320 M M 10 8 12 310
10 68 58 63 -2 2 0 0.00 M M 3.2 7 310 M M 10 8 9 280
11 76 55 66 1 0 1 0.00 M M 4.3 9 300 M M 10 18 11 300
12 80 55 68 3 0 3 0.00 M M 5.7 15 290 M M 10 128 17 280
13 69 59 64 -1 1 0 0.00 M M 8.3 18 290 M M 10 18 23 300
14 72 59 66 1 0 1 0.00 M M 6.9 15 280 M M 7 8 17 280
15 77 60 69 4 0 4 0.00 M M 6.0 18 280 M M 6 8 26 260
16 79 65 72 7 0 7 T M M 5.2 16 280 M M 7 21 260
17 74 66 70 5 0 5 0.00 M M 8.3 20 270 M M 7 128 21 280
18 75 65 70 6 0 5 0.00 M M 10.0 22 270 M M 6 25 270
19 79 62 71 7 0 6 0.00 M M 7.3 16 280 M M 5 19 280
20 85 57 71 7 0 6 0.00 M M 5.0 16 300 M M 1 1 20 300
21 76 56 66 2 0 1 0.00 M M 7.8 18 290 M M 3 1 22 280
22 75 60 68 4 0 3 0.00 M M 7.9 17 280 M M 5 21 300
23 78 57 68 4 0 3 0.00 M M 7.0 22 270 M M 2 1 25 270
24 78 62 70 6 0 5 0.00 M M 9.5 26 260 M M 4 1 30 270
25 75 62 69 5 0 4 0.00 M M 9.0 17 250 M M 4 23 250
26 80 59 70 6 0 5 0.00 M M 5.5 17 260 M M 3 19 260
27 99 59 79 16 0 14 0.00 M M 5.4 15 40 M M 2 25 40
28 94 62 78 15 0 13 0.00 M M 6.7 18 310 M M 2 8 21 300
29 75 60 68 5 0 3 0.00 M M 7.6 18 290 M M 4 22 290
30 85 62 74 11 0 9 0.00 M M 4.4 13 300 M M 6 8 15 310
================================================================================
SM 2237 1692 3 155 T M 203.8 M 164
================================================================================
AV 79.9 60.4 6.8 FASTST M M 5 MAX(MPH)
MISC ----> 26 260 30 270
================================================================================
NOTES:
# LAST OF SEVERAL OCCURRENCES
COLUMN 17 PEAK WIND IN M.P.H.
PRELIMINARY LOCAL CLIMATOLOGICAL DATA (WS FORM: F-6) , PAGE 2
STATION: OAKLAND AIRPORT
MONTH: SEPTEMBER
YEAR: 2020
LATITUDE: 37 43 N
LONGITUDE: 122 13 W
[TEMPERATURE DATA] [PRECIPITATION DATA] SYMBOLS USED IN COLUMN 16
AVERAGE MONTHLY: 70.2 TOTAL FOR MONTH: T 1 = FOG OR MIST
DPTR FM NORMAL: 5.7 DPTR FM NORMAL: -0.22 2 = FOG REDUCING VISIBILITY
HIGHEST: 104 ON 6 GRTST 24HR T ON 4- 4 TO 1/4 MILE OR LESS
LOWEST: 55 ON 12,11 3 = THUNDER
SNOW, ICE PELLETS, HAIL 4 = ICE PELLETS
TOTAL MONTH: M 5 = HAIL
GRTST 24HR M ON M 6 = FREEZING RAIN OR DRIZZLE
GRTST DEPTH: M ON M 7 = DUSTSTORM OR SANDSTORM:
VSBY 1/2 MILE OR LESS
8 = SMOKE OR HAZE
[NO. OF DAYS WITH] [WEATHER - DAYS WITH] 9 = BLOWING SNOW
X = TORNADO
MAX 32 OR BELOW: 0 0.01 INCH OR MORE: 0
MAX 90 OR ABOVE: 5 0.10 INCH OR MORE: 0
MIN 32 OR BELOW: 0 0.50 INCH OR MORE: 0
MIN 0 OR BELOW: 0 1.00 INCH OR MORE: 0
[HDD (BASE 65) ]
TOTAL THIS MO. 3 CLEAR (SCALE 0-3) 7
DPTR FM NORMAL -57 PTCLDY (SCALE 4-7) 18
TOTAL FM JUL 1 10 CLOUDY (SCALE 8-10) 5
DPTR FM NORMAL -194
[CDD (BASE 65) ]
TOTAL THIS MO. 155
DPTR FM NORMAL 110 [PRESSURE DATA]
TOTAL FM JAN 1 466 HIGHEST SLP 30.12 ON 30
DPTR FM NORMAL 341 LOWEST SLP 29.64 ON 8
[REMARKS]
#FINAL-09-20#