000
CXUS54 KMAF 012209
CF6ODO
PRELIMINARY LOCAL CLIMATOLOGICAL DATA (WS FORM: F-6)
STATION: ODESSA SCHLEYMEYER
MONTH: FEBRUARY
YEAR: 2022
LATITUDE: 31 55 N
LONGITUDE: 102 23 W
TEMPERATURE IN F: :PCPN: SNOW: WIND :SUNSHINE: SKY :PK WND
================================================================================
1 2 3 4 5 6A 6B 7 8 9 10 11 12 13 14 15 16 17 18
12Z AVG MX 2MIN
DY MAX MIN AVG DEP HDD CDD WTR SNW DPTH SPD SPD DIR MIN PSBL S-S WX SPD DR
================================================================================
1 67 42 55 8 10 0 0.00 M M 8.5 14 50 M M 0 17 320
2 48 21 35 -12 30 0 0.04 M M 16.1 22 40 M M 8 16 28 30
3 25 15 20 -27 45 0 T M M 13.7 21 360 M M 8 18 27 360
4 41 9 25 -22 40 0 0.00 M M 6.9 16 320 M M 0 23 290
5 50 17 34 -13 31 0 0.00 M M 9.8 20 200 M M 0 24 200
6 60 23 42 -6 23 0 0.00 M M 12.7 26 60 M M 0 33 60
7 55 27 41 -7 24 0 0.00 M M 6.7 14 10 M M 0 19 30
8 65 27 46 -2 19 0 0.00 M M 9.4 25 250 M M 0 33 250
9 65 31 48 0 17 0 0.00 M M 7.4 15 200 M M 0 18 50
10 66 31 49 1 16 0 0.00 M M 4.8 13 20 M M 0 15 30
11 74 38 56 8 9 0 0.00 M M 12.2 21 50 M M 0 26 40
12 49 35 42 -7 23 0 0.00 M M 12.3 30 50 M M 3 39 50
13 63 27 45 -4 20 0 0.00 M M 5.7 14 210 M M 0 18 210
14 72 36 54 5 11 0 0.00 M M 11.0 21 180 M M 0 29 180
15 77 42 60 11 5 0 0.00 M M 16.0 26 180 M M 0 37 180
16 78 47 63 13 2 0 0.09 M M 14.2 40 210 M M 1 38 55 210
17 57 30 44 -6 21 0 0.00 M M 13.0 24 20 M M 3 18 31 30
18 58 24 41 -9 24 0 0.00 M M 6.8 16 200 M M 0 20 200
19 64 32 48 -2 17 0 0.00 M M 10.0 20 150 M M 0 25 180
20 76 44 60 10 5 0 0.00 M M 12.6 18 180 M M 0 24 230
21 73 46 60 9 5 0 0.06 M M 10.7 23 280 M M 3 8 30 270
22 73 31 52 1 13 0 0.00 M M 16.8 26 70 M M 0 34 70
23 31 20 26 -25 39 0 0.00 M M 13.9 30 60 M M 5 39 60
24 53 19 36 -15 29 0 0.00 M M 7.8 15 50 M M 5 1 19 40
25 45 22 34 -18 31 0 T M M 12.6 18 100 M M 3 1 25 120
26 49 28 39 -13 26 0 0.00 M M 9.0 14 80 M M 3 17 80
27 59 23 41 -11 24 0 0.00 M M 5.3 12 40 M M 0 14 20
28 64 34 49 -3 16 0 0.00 M M 6.9 17 210 M M 0 22 220
================================================================================
SM 1657 821 575 0 0.19 M 292.8 M 42
================================================================================
AV 59.2 29.3 10.5 FASTST M M 2 MAX(MPH)
MISC ----> 40 210 55 210
================================================================================
NOTES:
# LAST OF SEVERAL OCCURRENCES
COLUMN 17 PEAK WIND IN M.P.H.
PRELIMINARY LOCAL CLIMATOLOGICAL DATA (WS FORM: F-6) , PAGE 2
STATION: ODESSA SCHLEYMEYER
MONTH: FEBRUARY
YEAR: 2022
LATITUDE: 31 55 N
LONGITUDE: 102 23 W
[TEMPERATURE DATA] [PRECIPITATION DATA] SYMBOLS USED IN COLUMN 16
AVERAGE MONTHLY: 44.3 TOTAL FOR MONTH: 0.19 1 = FOG OR MIST
DPTR FM NORMAL: -5.0 DPTR FM NORMAL: -0.38 2 = FOG REDUCING VISIBILITY
HIGHEST: 78 ON 16 GRTST 24HR 0.09 ON 16-16 TO 1/4 MILE OR LESS
LOWEST: 9 ON 4 3 = THUNDER
SNOW, ICE PELLETS, HAIL 4 = ICE PELLETS
TOTAL MONTH: M 5 = HAIL
GRTST 24HR M ON M 6 = FREEZING RAIN OR DRIZZLE
GRTST DEPTH: M ON M 7 = DUSTSTORM OR SANDSTORM:
VSBY 1/2 MILE OR LESS
8 = SMOKE OR HAZE
[NO. OF DAYS WITH] [WEATHER - DAYS WITH] 9 = BLOWING SNOW
X = TORNADO
MAX 32 OR BELOW: 2 0.01 INCH OR MORE: 3
MAX 90 OR ABOVE: 0 0.10 INCH OR MORE: 0
MIN 32 OR BELOW: 19 0.50 INCH OR MORE: 0
MIN 0 OR BELOW: 0 1.00 INCH OR MORE: 0
[HDD (BASE 65) ]
TOTAL THIS MO. 575 CLEAR (SCALE 0-3) 23
DPTR FM NORMAL 132 PTCLDY (SCALE 4-7) 4
TOTAL FM JUL 1 1697 CLOUDY (SCALE 8-10) 1
DPTR FM NORMAL -431
[CDD (BASE 65) ]
TOTAL THIS MO. 0
DPTR FM NORMAL -3 [PRESSURE DATA]
TOTAL FM JAN 1 0 HIGHEST SLP 30.70 ON 4
DPTR FM NORMAL 0 LOWEST SLP 29.49 ON 16
[REMARKS]
#FINAL-02-22#