000
CXUS53 KOAX 011000
CF6OFK
PRELIMINARY LOCAL CLIMATOLOGICAL DATA (WS FORM: F-6)
STATION: NORFOLK NE
MONTH: SEPTEMBER
YEAR: 2020
LATITUDE: 41 58 N
LONGITUDE: 97 26 W
TEMPERATURE IN F: :PCPN: SNOW: WIND :SUNSHINE: SKY :PK WND
================================================================================
1 2 3 4 5 6A 6B 7 8 9 10 11 12 13 14 15 16 17 18
12Z AVG MX 2MIN
DY MAX MIN AVG DEP HDD CDD WTR SNW DPTH SPD SPD DIR MIN PSBL S-S WX SPD DR
================================================================================
1 82 50 66 -4 0 1 0.00 0.0 0 6.1 16 210 M M 1 24 220
2 91 49 70 1 0 5 0.00 0.0 0 8.2 20 220 M M 0 26 180
3 78 50 64 -5 1 0 0.00 0.0 0 14.1 31 350 M M 0 42 340
4 88 49 69 0 0 4 0.00 0.0 0 6.8 22 230 M M 1 29 240
5 96 54 75 7 0 10 0.00 0.0 0 10.8 28 190 M M 0 38 180
6 95 68 82 14 0 17 0.00 0.0 0 13.1 29 200 M M 0 40 190
7 72 50 61 -7 4 0 0.00 0.0 0 13.8 28 20 M M 4 40 20
8 50 42 46 -21 19 0 1.01 0.0 0 14.7 29 20 M M 10 13 39 20
9 55 42 49 -18 16 0 0.20 0.0 0 11.7 17 30 M M 10 1 25 60
10 61 45 53 -13 12 0 0.03 0.0 0 6.1 12 70 M M 10 16 80
11 59 51 55 -11 10 0 0.21 0.0 0 5.8 12 190 M M 9 1 15 190
12 71 50 61 -5 4 0 0.16 0.0 0 7.5 17 330 M M 7 1 22 340
13 85 45 65 0 0 0 0.00 0.0 0 5.3 14 180 M M 0 1 19 180
14 84 55 70 5 0 5 0.00 0.0 0 9.7 18 190 M M 0 26 180
15 84 56 70 6 0 5 0.00 0.0 0 13.3 22 200 M M 0 28 180
16 74 50 62 -2 3 0 0.00 0.0 0 10.4 22 10 M M 0 29 360
17 72 43 58 -5 7 0 0.00 0.0 0 4.1 12 150 M M 0 18 18 140
18 68 50 59 -4 6 0 0.00 0.0 0 9.4 15 110 M M 9 22 130
19 77 55 66 4 0 1 0.00 0.0 0 16.6 31 170 M M 0 39 150
20 80 58 69 7 0 4 0.00 0.0 0 16.5 26 170 M M 0 36 150
21 83 59 71 9 0 6 T 0.0 0 12.7 24 160 M M 1 3 33 200
22 86 58 72 11 0 7 0.00 0.0 0 10.8 20 170 M M 0 25 180
23 85 61 73 12 0 8 0.00 0.0 0 11.2 23 170 M M 2 1 30 170
24 86 53 70 10 0 5 0.00 0.0 0 3.2 10 210 M M 0 1 13 200
25 85 53 69 9 0 4 0.00 0.0 0 5.7 17 330 M M 0 18 24 330
26 83 52 68 9 0 3 0.00 0.0 0 6.9 25 330 M M 0 18 34 330
27 72 51 62 3 3 0 T 0.0 0 10.8 33 340 M M 5 45 320
28 63 44 54 -4 11 0 0.00 0.0 0 15.0 31 330 M M 4 42 340
29 83 36 60 2 5 0 0.00 0.0 0 8.7 24 310 M M 0 8 37 260
30 69 46 58 0 7 0 0.00 0.0 0 14.9 35 330 M M 0 8 44 350
================================================================================
SM 2317 1525 108 85 1.61 0.0 303.9 M 73
================================================================================
AV 77.2 50.8 10.1 FASTST M M 2 MAX(MPH)
MISC ----> # 35 330 # 45 320
================================================================================
NOTES:
# LAST OF SEVERAL OCCURRENCES
COLUMN 17 PEAK WIND IN M.P.H.
PRELIMINARY LOCAL CLIMATOLOGICAL DATA (WS FORM: F-6) , PAGE 2
STATION: NORFOLK NE
MONTH: SEPTEMBER
YEAR: 2020
LATITUDE: 41 58 N
LONGITUDE: 97 26 W
[TEMPERATURE DATA] [PRECIPITATION DATA] SYMBOLS USED IN COLUMN 16
AVERAGE MONTHLY: 64.0 TOTAL FOR MONTH: 1.61 1 = FOG OR MIST
DPTR FM NORMAL: 0.2 DPTR FM NORMAL: -1.08 2 = FOG REDUCING VISIBILITY
HIGHEST: 96 ON 5 GRTST 24HR 1.01 ON 8- 8 TO 1/4 MILE OR LESS
LOWEST: 36 ON 29 3 = THUNDER
SNOW, ICE PELLETS, HAIL 4 = ICE PELLETS
TOTAL MONTH: 0.0 INCH 5 = HAIL
GRTST 24HR 0.0 6 = FREEZING RAIN OR DRIZZLE
GRTST DEPTH: 0 7 = DUSTSTORM OR SANDSTORM:
VSBY 1/2 MILE OR LESS
8 = SMOKE OR HAZE
[NO. OF DAYS WITH] [WEATHER - DAYS WITH] 9 = BLOWING SNOW
X = TORNADO
MAX 32 OR BELOW: 0 0.01 INCH OR MORE: 5
MAX 90 OR ABOVE: 3 0.10 INCH OR MORE: 4
MIN 32 OR BELOW: 0 0.50 INCH OR MORE: 1
MIN 0 OR BELOW: 0 1.00 INCH OR MORE: 1
[HDD (BASE 65) ]
TOTAL THIS MO. 108 CLEAR (SCALE 0-3) 21
DPTR FM NORMAL -18 PTCLDY (SCALE 4-7) 4
TOTAL FM JUL 1 111 CLOUDY (SCALE 8-10) 5
DPTR FM NORMAL -31
[CDD (BASE 65) ]
TOTAL THIS MO. 85
DPTR FM NORMAL -5 [PRESSURE DATA]
TOTAL FM JAN 1 1118 HIGHEST SLP 30.44 ON 10
DPTR FM NORMAL 212 LOWEST SLP 29.53 ON 26
[REMARKS]
#FINAL-09-20#