000
CXUS52 KCAE 011807
CLMOGB
CLIMATE REPORT
NATIONAL WEATHER SERVICE COLUMBIA SC
207 PM EDT THU JUN 01 2023
...................................
...THE ORANGEBURG AIRPORT SC CLIMATE SUMMARY FOR THE MONTH OF MAY 2023...
CLIMATE NORMAL PERIOD: 1991 TO 2020
CLIMATE RECORD PERIOD: 9999 TO 9999
WEATHER OBSERVED NORMAL DEPART LAST YEAR`S
VALUE DATE(S) VALUE FROM VALUE
NORMAL
..............................................................
TEMPERATURE (F)
HIGHEST 92 05/09 MM MM
LOWEST 45 05/04 MM MM
AVG. MAXIMUM 79.2 83.6 -4.4
AVG. MINIMUM 59.4 60.6 -1.2
MEAN 69.3 72.1 -2.8
DAYS MAX >= 90 2 6.0 -4.0
DAYS MAX <= 32 0 0.0 0.0
DAYS MIN <= 32 0 0.0 0.0
DAYS MIN <= 0 0 0.0 0.0
PRECIPITATION (INCHES)
TOTALS 3.08 3.35 -0.27
DAYS >= .01 12 9.4 2.6
DAYS >= .10 5 5.5 -0.5
DAYS >= .50 2 2.3 -0.3
DAYS >= 1.00 1 1.0 0.0
GREATEST
24 HR. TOTAL 1.22 05/27 TO 05/28
DAYS >= TRACE MM
DEGREE DAYS
HEATING TOTAL 27 14 13
SINCE 7/1 1760 2191 -431
COOLING TOTAL 166 234 -68
SINCE 1/1 344 346 -2
..............................................................
WIND (MPH)
AVERAGE WIND SPEED 6.3
RESULTANT WIND SPEED/DIRECTION 1/010
HIGHEST WIND SPEED/DIRECTION 30/250 DATE 05/01
30/260 05/02
HIGHEST GUST SPEED/DIRECTION 39/250 DATE 05/01
39/020 05/27
SKY COVER
POSSIBLE SUNSHINE (PERCENT) MM
AVERAGE SKY COVER 0.41
NUMBER OF DAYS FAIR 19
NUMBER OF DAYS PC 5
NUMBER OF DAYS CLOUDY 7
AVERAGE RH (PERCENT) 70
WEATHER CONDITIONS. NUMBER OF DAYS WITH
THUNDERSTORM 3 MIXED PRECIP 0
HEAVY RAIN 2 RAIN 5
LIGHT RAIN 14 FREEZING RAIN 0
LT FREEZING RAIN 0 HAIL 0
HEAVY SNOW 0 SNOW 0
LIGHT SNOW 0 SLEET 0
FOG 12 FOG W/VIS <= 1/4 MILE 0
HAZE 2
- INDICATES NEGATIVE NUMBERS.
R INDICATES RECORD WAS SET OR TIED.
MM INDICATES DATA IS MISSING.
T INDICATES TRACE AMOUNT.
$$