000
CXHW52 PHFO 011250
CF6OGG
PRELIMINARY LOCAL CLIMATOLOGICAL DATA (WS FORM: F-6)
STATION: KAHULUI HI
MONTH: FEBRUARY
YEAR: 2021
LATITUDE: 20 53 N
LONGITUDE: 156 26 W
TEMPERATURE IN F: :PCPN: SNOW: WIND :SUNSHINE: SKY :PK WND
================================================================================
1 2 3 4 5 6A 6B 7 8 9 10 11 12 13 14 15 16 17 18
12Z AVG MX 2MIN
DY MAX MIN AVG DEP HDD CDD WTR SNW DPTH SPD SPD DIR MIN PSBL S-S WX SPD DR
================================================================================
1 82 67 75 3 0 10 0.00 M M 10.0 24 80 M M 3 29 80
2 81 63 72 0 0 7 0.00 M M 6.3 18 360 M M 2 21 350
3 78 66 72 0 0 7 0.16 M M 16.3 33 200 M M 5 1 44 200
4 73 65 69 -3 0 4 0.07 M M 7.7 17 350 M M 7 23 350
5 75 59 67 -5 0 2 0.07 M M 5.7 14 340 M M 6 8 18 340
6 79 58 69 -3 0 4 0.00 M M 5.5 16 350 M M 3 21 360
7 79 60 70 -2 0 5 0.00 M M 6.1 15 20 M M 3 18 30
8 81 57 69 -3 0 4 0.00 M M 12.2 29 190 M M 2 36 190
9 78 64 71 -1 0 6 0.03 M M 13.9 23 350 M M 6 18 30 350
10 79 63 71 -1 0 6 0.00 M M 11.9 24 40 M M 4 31 30
11 82 60 71 -1 0 6 0.00 M M 9.9 22 30 M M 1 27 50
12 85 59 72 0 0 7 0.00 M M 10.8 23 70 M M 2 32 80
13 84 67 76 4 0 11 0.00 M M 11.1 28 80 M M 3 38 80
14 88 63 76 4 0 11 0.00 M M 5.1 18 70 M M 4 25 200
15 82 68 75 3 0 10 0.00 M M 6.2 15 200 M M 3 19 200
16 85 65 75 3 0 10 0.00 M M 7.6 17 70 M M 2 22 50
17 77 61 69 -3 0 4 0.20 M M 10.8 28 40 M M 4 18 32 30
18 79 65 72 0 0 7 0.02 M M 11.8 21 50 M M 5 1 27 80
19 81 67 74 2 0 9 0.00 M M 11.2 23 60 M M 2 32 60
20 83 64 74 2 0 9 0.00 M M 9.8 24 70 M M 2 32 70
21 85 67 76 4 0 11 0.00 M M 12.7 25 80 M M 4 36 80
22 84 62 73 1 0 8 0.00 M M 16.2 30 70 M M 2 41 60
23 84 62 73 1 0 8 0.00 M M 14.5 29 80 M M 2 41 80
24 84 69 77 5 0 12 T M M 19.9 31 90 M M 3 44 70
25 84 62 73 1 0 8 0.00 M M 19.4 37 80 M M 2 49 80
26 84 68 76 4 0 11 T M M 20.3 35 80 M M 3 46 80
27 81 69 75 3 0 10 T M M 15.6 28 60 M M 5 39 80
28 82 69 76 4 0 11 0.01 M M 14.9 31 70 M M 3 41 70
================================================================================
SM 2279 1789 0 218 0.56 M 323.4 M 93
================================================================================
AV 81.4 63.9 11.6 FASTST M M 3 MAX(MPH)
MISC ----> 37 80 49 80
================================================================================
NOTES:
# LAST OF SEVERAL OCCURRENCES
COLUMN 17 PEAK WIND IN M.P.H.
PRELIMINARY LOCAL CLIMATOLOGICAL DATA (WS FORM: F-6) , PAGE 2
STATION: KAHULUI HI
MONTH: FEBRUARY
YEAR: 2021
LATITUDE: 20 53 N
LONGITUDE: 156 26 W
[TEMPERATURE DATA] [PRECIPITATION DATA] SYMBOLS USED IN COLUMN 16
AVERAGE MONTHLY: 72.6 TOTAL FOR MONTH: 0.56 1 = FOG OR MIST
DPTR FM NORMAL: 0.8 DPTR FM NORMAL: -1.33 2 = FOG REDUCING VISIBILITY
HIGHEST: 88 ON 14 GRTST 24HR 0.20 ON 17-17 TO 1/4 MILE OR LESS
LOWEST: 57 ON 8 3 = THUNDER
SNOW, ICE PELLETS, HAIL 4 = ICE PELLETS
TOTAL MONTH: M 5 = HAIL
GRTST 24HR M ON M 6 = FREEZING RAIN OR DRIZZLE
GRTST DEPTH: M ON M 7 = DUSTSTORM OR SANDSTORM:
VSBY 1/2 MILE OR LESS
8 = SMOKE OR HAZE
[NO. OF DAYS WITH] [WEATHER - DAYS WITH] 9 = BLOWING SNOW
X = TORNADO
MAX 32 OR BELOW: 0 0.01 INCH OR MORE: 7
MAX 90 OR ABOVE: 0 0.10 INCH OR MORE: 2
MIN 32 OR BELOW: 0 0.50 INCH OR MORE: 0
MIN 0 OR BELOW: 0 1.00 INCH OR MORE: 0
[HDD (BASE 65) ]
TOTAL THIS MO. 0 CLEAR (SCALE 0-3) 14
DPTR FM NORMAL 0 PTCLDY (SCALE 4-7) 14
TOTAL FM JUL 1 0 CLOUDY (SCALE 8-10) 0
DPTR FM NORMAL 0
[CDD (BASE 65) ]
TOTAL THIS MO. 218
DPTR FM NORMAL 26 [PRESSURE DATA]
TOTAL FM JAN 1 548 HIGHEST SLP 30.21 ON 28
DPTR FM NORMAL 135 LOWEST SLP 29.76 ON 3
[REMARKS]
#FINAL-02-21#