000
CXHW52 PHFO 020241
CLMOGG
CLIMATE REPORT
NATIONAL WEATHER SERVICE HONOLULU HI
441 PM HST SAT JUL 01 2023
...................................
...THE KAHULUI HI CLIMATE SUMMARY FOR THE MONTH OF JUNE 2023...
CLIMATE NORMAL PERIOD 1991 TO 2020
CLIMATE RECORD PERIOD 1954 TO 2023
WEATHER OBSERVED NORMAL DEPART LAST YEAR`S
VALUE DATE(S) VALUE FROM VALUE DATE(S)
NORMAL
................................................................
TEMPERATURE (F)
RECORD
HIGH 95 06/22/2019
06/07/2019
06/06/2019
LOW 58 06/02/1985
HIGHEST 90 06/14 86 4 92 06/19
06/15
06/17
LOWEST 63 06/20 69 -6 64 06/09
06/10
AVG. MAXIMUM 88.2 88.3 -0.1 88.5
AVG. MINIMUM 69.3 70.3 -1.0 70.8
MEAN 78.8 79.3 -0.6 79.7
DAYS MAX >= 93 0 7
DAYS MAX >= 90 6 0
DAYS MAX <= 80 0 0
DAYS MIN >= 72 11 17
DAYS MIN <= 60 0 0
DAYS MIN <= 55 0 0
PRECIPITATION (INCHES)
RECORD
MAXIMUM 2.50 1967
MINIMUM 0.00 1957
TOTALS 0.12 0.17 -0.05 0.01
DAILY AVG. 0.00 0.01 -0.00 0.00
DAYS >= .01 4 4.8 -0.8 1
DAYS >= .10 0 0.4 -0.4 0
DAYS >= .50 0 0.0 0.0 0
DAYS >= 1.00 0 0.0 0.0 0
GREATEST
24 HR. TOTAL 0.09 06/26 TO 06/27 0.01
SNOWFALL (INCHES)
RECORDS
TOTAL MM
TOTALS MM MM MM MM
SINCE 7/1 MM MM MM MM
SNOWDEPTH AVG. MM MM
DAYS >= 1.0 MM MM MM MM
GREATEST
SNOW DEPTH MM MM MM
24 HR TOTAL MM MM
DEGREE DAYS
HEATING TOTAL 0 0 0 0
SINCE 7/1 0 0 0 MM
COOLING TOTAL 418 429 -11 448
SINCE 1/1 1865 1868 -3 MM
................................................................
WIND (MPH)
AVERAGE WIND SPEED 14.9
HIGHEST WIND SPEED/DIRECTION 36/070 DATE 06/23
HIGHEST GUST SPEED/DIRECTION 44/050 DATE 06/23
SKY COVER
POSSIBLE SUNSHINE (PERCENT) MM
AVERAGE SKY COVER 0.28
NUMBER OF DAYS FAIR 23
NUMBER OF DAYS PC 7
NUMBER OF DAYS CLOUDY 0
AVERAGE RH (PERCENT) 63
WEATHER CONDITIONS. NUMBER OF DAYS WITH
THUNDERSTORM 0 MIXED PRECIP 0
HEAVY RAIN 0 RAIN 1
LIGHT RAIN 7 FREEZING RAIN 0
LT FREEZING RAIN 0 HAIL 0
HEAVY SNOW 0 SNOW 0
LIGHT SNOW 0 SLEET 0
FOG 5 FOG W/VIS <= 1/4 MILE 0
HAZE 2
- INDICATES NEGATIVE NUMBERS.
R INDICATES RECORD WAS SET OR TIED.
MM INDICATES DATA IS MISSING.
T INDICATES TRACE AMOUNT.
$$