000
CXHW52 PHFO 011616
CLMOGG
CLIMATE REPORT
NATIONAL WEATHER SERVICE HONOLULU HI
616 AM HST SAT APR 01 2023
...................................
...THE KAHULUI HI CLIMATE SUMMARY FOR THE MONTH OF MARCH 2023...
CLIMATE NORMAL PERIOD 1991 TO 2020
CLIMATE RECORD PERIOD 1954 TO 2023
WEATHER OBSERVED NORMAL DEPART LAST YEAR`S
VALUE DATE(S) VALUE FROM VALUE DATE(S)
NORMAL
................................................................
TEMPERATURE (F)
RECORD
HIGH 92 03/10/2022
LOW 51 03/16/2005
HIGHEST 88 03/21 82 6 92 03/10
03/25
03/30
LOWEST 60 03/09 65 -5 58 03/27
03/10
AVG. MAXIMUM 83.0 82.9 0.1 86.0
AVG. MINIMUM 65.4 65.1 0.3 65.1
MEAN 74.2 74.0 0.2 75.6
DAYS MAX >= 90 0 2
DAYS MAX >= 93 0 0
DAYS MAX <= 80 10 1
DAYS MIN >= 72 2 2
DAYS MIN <= 60 0 0
DAYS MIN <= 55 0 0
PRECIPITATION (INCHES)
RECORD
MAXIMUM 10.90 1967
MINIMUM T 2010
TOTALS 1.42 2.64 -1.22 0.19
DAILY AVG. 0.05 0.09 -0.04 0.01
DAYS >= .01 7 10.2 -3.2 5
DAYS >= .10 5 4.5 0.5 0
DAYS >= .50 0 1.9 -1.9 0
DAYS >= 1.00 0 0.7 -0.7 0
GREATEST
24 HR. TOTAL 0.49 03/07 TO 03/08 0.06
SNOWFALL (INCHES)
RECORDS
TOTAL MM 0
TOTALS MM MM MM MM
SINCE 7/1 MM MM MM MM
SNOWDEPTH AVG. MM MM
DAYS >= 1.0 MM MM MM MM
GREATEST
SNOW DEPTH MM MM MM
24 HR TOTAL MM MM
DEGREE DAYS
HEATING TOTAL 0 0 0 0
SINCE 7/1 0 0 0 MM
COOLING TOTAL 292 279 13 335
SINCE 1/1 741 748 -7 MM
................................................................
WIND (MPH)
AVERAGE WIND SPEED 10.4
HIGHEST WIND SPEED/DIRECTION 35/210 DATE 03/08
HIGHEST GUST SPEED/DIRECTION 45/190 DATE 03/08
SKY COVER
POSSIBLE SUNSHINE (PERCENT) MM
AVERAGE SKY COVER 0.33
NUMBER OF DAYS FAIR 19
NUMBER OF DAYS PC 11
NUMBER OF DAYS CLOUDY 1
AVERAGE RH (PERCENT) 73
WEATHER CONDITIONS. NUMBER OF DAYS WITH
THUNDERSTORM MM MIXED PRECIP MM
HEAVY RAIN 4 RAIN 4
LIGHT RAIN 8 FREEZING RAIN MM
LT FREEZING RAIN MM HAIL MM
HEAVY SNOW MM SNOW MM
LIGHT SNOW MM SLEET MM
FOG 6 FOG W/VIS <= 1/4 MILE MM
HAZE 5
- INDICATES NEGATIVE NUMBERS.
R INDICATES RECORD WAS SET OR TIED.
MM INDICATES DATA IS MISSING.
T INDICATES TRACE AMOUNT.
$$