000
CXUS56 KSGX 011052
CLMOKB
CLIMATE REPORT
NATIONAL WEATHER SERVICE SAN DIEGO, CA
352 AM PDT FRI SEP 01 2023
...................................
...THE OCEANSIDE AIRPORT CA CLIMATE SUMMARY FOR THE MONTH OF AUGUST 2023...
CLIMATE NORMAL PERIOD: 1991 TO 2020
CLIMATE RECORD PERIOD: 1999 TO 2023
WEATHER OBSERVED NORMAL DEPART LAST YEAR`S
VALUE DATE(S) VALUE FROM VALUE DATE(S)
NORMAL
................................................................
TEMPERATURE (F)
RECORD
HIGH 93 08/30/2013
LOW 50 08/26/2009
HIGHEST 87 08/29 MM MM 87 08/10
LOWEST 59 08/27 MM MM 59 08/07
AVG. MAXIMUM 79.7 78.3 1.4 80.9
AVG. MINIMUM 63.6 62.1 1.5 64.7
MEAN 71.7 70.2 1.5 72.8
DAYS MAX >= 90 0 0.4 -0.4 0
DAYS MAX <= 32 0 0.0 0.0 0
DAYS MAX >= 45 31 31
DAYS MIN <= 32 0 0.0 0.0 0
PRECIPITATION (INCHES)
RECORD
MAXIMUM 0.44 2007
MINIMUM MM MM
TOTALS 2.25 0.04 2.21 0.00
DAILY AVG. 0.07 0.00 0.07 0.00
DAYS >= .01 1 0.7 0.3 0
DAYS >= .10 1 0.1 0.9 0
DAYS >= .50 1 0.0 1.0 0
DAYS >= 1.00 1 0.0 1.0 0
DAYS >= %-5.2F 0 0
DAYS >= %-5.2F 0 0
GREATEST
24 HR. TOTAL 2.25 08/20 TO 08/20 0.00 07/31 TO 07/31
STORM TOTAL 2.25 0.00
(MM/DD(HH)) MM
DEGREE DAYS
HEATING TOTAL 0 1 -1 0
SINCE 7/1 0 2 -2 MM
COOLING TOTAL 215 162 53 248
SINCE 1/1 397 351 46 MM
FREEZE DATES
RECORD
EARLIEST MM
LATEST MM
EARLIEST 12/26
LATEST 01/23
................................................................
WIND (MPH)
AVERAGE WIND SPEED 5.0
RESULTANT WIND SPEED/DIRECTION 4/250
HIGHEST WIND SPEED/DIRECTION 25/170 DATE 08/20
HIGHEST GUST SPEED/DIRECTION 40/170 DATE 08/20
SKY COVER
POSSIBLE SUNSHINE (PERCENT) MM
AVERAGE SKY COVER 0.46
NUMBER OF DAYS FAIR 10
NUMBER OF DAYS PC 14
NUMBER OF DAYS CLOUDY 7
AVERAGE RH (PERCENT) 78
WEATHER CONDITIONS. NUMBER OF DAYS WITH
THUNDERSTORM 1 MIXED PRECIP 0
HEAVY RAIN 1 RAIN 2
LIGHT RAIN 4 FREEZING RAIN 0
LT FREEZING RAIN 0 HAIL 0
HEAVY SNOW 0 SNOW 0
LIGHT SNOW 0 SLEET 0
FOG 0 FOG W/VIS <= 1/4 MILE 0
HAZE 0
- INDICATES NEGATIVE NUMBERS.
R INDICATES RECORD WAS SET OR TIED.
MM INDICATES DATA IS MISSING.
T INDICATES TRACE AMOUNT.
$$