000
CXUS55 KTWC 010855
CF6OLS
PRELIMINARY LOCAL CLIMATOLOGICAL DATA (WS FORM: F-6)
STATION: NOGALES AZ AIRPORT
MONTH: JANUARY
YEAR: 2023
LATITUDE: 31 25 N
LONGITUDE: 110 51 W
TEMPERATURE IN F: :PCPN: SNOW: WIND :SUNSHINE: SKY :PK WND
================================================================================
1 2 3 4 5 6A 6B 7 8 9 10 11 12 13 14 15 16 17 18
12Z AVG MX 2MIN
DY MAX MIN AVG DEP HDD CDD WTR SNW DPTH SPD SPD DIR MIN PSBL S-S WX SPD DR
================================================================================
1 59 44 52 3 13 0 0.63 M M 12.8 30 180 M M 6 1 45 200
2 50 36 43 -6 22 0 0.01 M M 6.2 20 210 M M 6 1 25 310
3 58 36 47 -2 18 0 0.00 M M 4.4 15 250 M M 4 23 260
4 65 32 49 0 16 0 0.00 M M 2.7 8 90 M M 0 12 270
5 72 34 53 4 12 0 0.00 M M 4.6 17 220 M M 0 23 220
6 68 35 52 3 13 0 0.00 M M 3.7 10 330 M M 0 15 330
7 71 36 54 4 11 0 0.00 M M 3.2 12 230 M M 0 18 220
8 71 31 51 1 14 0 0.00 M M 3.0 12 260 M M 0 17 230
9 74 31 53 3 12 0 0.00 M M 3.8 14 230 M M 0 19 250
10 72 38 55 5 10 0 0.00 M M 3.6 17 220 M M 0 22 220
11 64 37 51 1 14 0 0.00 M M 3.3 10 300 M M 0 15 310
12 74 33 54 4 11 0 0.00 M M 4.4 14 180 M M 0 17 180
13 77 37 57 7 8 0 0.00 M M 4.9 10 270 M M 0 16 280
14 74 37 56 6 9 0 0.00 M M 5.8 20 230 M M 0 28 210
15 55 48 52 2 13 0 0.03 M M 12.6 24 210 M M 9 18 33 210
16 52 44 48 -2 17 0 0.29 M M 8.9 23 230 M M 10 1 31 220
17 52 32 42 -8 23 0 0.20 M M 9.8 24 200 M M 6 1 34 200
18 52 30 41 -9 24 0 T M M 4.5 13 310 M M 3 18 290
19 61 24 43 -7 22 0 0.00 M M 4.3 14 270 M M 0 19 260
20 56 27 42 -8 23 0 0.00 M M 5.0 20 260 M M 0 27 250
21 54 21 38 -12 27 0 0.00 M M 3.7 14 280 M M 0 20 280
22 63 22 43 -7 22 0 0.00 M M 6.4 20 210 M M 0 27 200
23 47 28 38 -12 27 0 T T M 8.4 23 230 M M M 31 260
24 52 20 36 -14 29 0 0.00 M M 4.2 12 330 M M M 20 330
25 59 22 41 -9 24 0 0.00 M M 3.7 15 340 M M M 22 330
26 56 22 39 -11 26 0 0.00 M M 8.1 20 60 M M M 30 20
27 64 32 48 -2 17 0 0.00 M M 5.1 16 40 M M M 23 50
28 66 31 49 -1 16 0 0.00 M M 5.4 17 220 M M M 23 260
29 64 28 46 -4 19 0 0.00 M M 10.8 25 230 M M M 33 220
30 65 35 50 -1 15 0 0.00 M M 7.4 18 200 M M 0 31 170
31 59 29 44 -7 21 0 0.00 M M 5.9 18 220 M M 0 28 230
================================================================================
SM 1926 992 548 0 1.16 T 180.6 M 44
================================================================================
AV 62.1 32.0 5.8 FASTST M M 2 MAX(MPH)
MISC ----> 30 180 45 200
================================================================================
NOTES:
# LAST OF SEVERAL OCCURRENCES
COLUMN 17 PEAK WIND IN M.P.H.
PRELIMINARY LOCAL CLIMATOLOGICAL DATA (WS FORM: F-6) , PAGE 2
STATION: NOGALES AZ AIRPORT
MONTH: JANUARY
YEAR: 2023
LATITUDE: 31 25 N
LONGITUDE: 110 51 W
[TEMPERATURE DATA] [PRECIPITATION DATA] SYMBOLS USED IN COLUMN 16
AVERAGE MONTHLY: 47.1 TOTAL FOR MONTH: 1.16 1 = FOG OR MIST
DPTR FM NORMAL: -2.9 DPTR FM NORMAL: 0.32 2 = FOG REDUCING VISIBILITY
HIGHEST: 77 ON 13 GRTST 24HR 0.71 ON 16-17 TO 1/4 MILE OR LESS
LOWEST: 20 ON 24 3 = THUNDER
SNOW, ICE PELLETS, HAIL 4 = ICE PELLETS
TOTAL MONTH: T 5 = HAIL
GRTST 24HR T ON 23-23 6 = FREEZING RAIN OR DRIZZLE
GRTST DEPTH: M ON M 7 = DUSTSTORM OR SANDSTORM:
VSBY 1/2 MILE OR LESS
8 = SMOKE OR HAZE
[NO. OF DAYS WITH] [WEATHER - DAYS WITH] 9 = BLOWING SNOW
X = TORNADO
MAX 32 OR BELOW: 0 0.01 INCH OR MORE: 5
MAX 90 OR ABOVE: 0 0.10 INCH OR MORE: 3
MIN 32 OR BELOW: 17 0.50 INCH OR MORE: 1
MIN 0 OR BELOW: 0 1.00 INCH OR MORE: 0
[HDD (BASE 65) ]
TOTAL THIS MO. 548 CLEAR (SCALE 0-3) 18
DPTR FM NORMAL 81 PTCLDY (SCALE 4-7) 4
TOTAL FM JUL 1 1464 CLOUDY (SCALE 8-10) 9
DPTR FM NORMAL 199
[CDD (BASE 65) ]
TOTAL THIS MO. 0
DPTR FM NORMAL 0 [PRESSURE DATA]
TOTAL FM JAN 1 0 HIGHEST SLP M ON M
DPTR FM NORMAL 0 LOWEST SLP 29.62 ON 23
[REMARKS]
#FINAL-01-23#