000
CXAK56 PAFG 011300
CF6OME
PRELIMINARY LOCAL CLIMATOLOGICAL DATA (WS FORM: F-6)
STATION: NOME AK
MONTH: JANUARY
YEAR: 2024
LATITUDE: 64 30 N
LONGITUDE: 165 26 W
TEMPERATURE IN F: :PCPN: SNOW: WIND :SUNSHINE: SKY :PK WND
================================================================================
1 2 3 4 5 6A 6B 7 8 9 10 11 12 13 14 15 16 17 18
12Z AVG MX 2MIN
DY MAX MIN AVG DEP HDD CDD WTR SNW DPTH SPD SPD DIR MIN PSBL S-S WX SPD DR
================================================================================
1 27 14 21 15 44 0 0.02 M M 14.3 25 70 M M 7 36 60
2 30 18 24 18 41 0 0.00 M M 16.3 30 90 M M 5 39 90
3 29 16 23 17 42 0 0.00 M M 12.4 24 40 M M 2 33 40
4 20 7 14 9 51 0 T M M 14.6 31 40 M M 3 41 40
5 22 17 20 15 45 0 0.01 M M 15.4 23 90 M M 10 18 32 100
6 29 19 24 19 41 0 0.05 M M 23.7 36 80 M M 8 1269 53 90
7 28 24 26 21 39 0 0.07 M M 29.7 44 90 M M 7 129 60 90
8 31 25 28 23 37 0 0.06 M M 17.7 36 110 M M 10 16 46 110
9 27 3 15 10 50 0 0.01 M M 2.0 9 90 M M 9 12 12 90
10 22 13 18 13 47 0 T M M 16.3 33 80 M M 7 1 49 70
11 29 17 23 18 42 0 0.63 M M 29.6 39 90 M M 10 126 56 90
12 33 27 30 25 35 0 0.09 M M 25.3 33 100 M M 10 1 46 100
13 31 23 27 22 38 0 0.22 M M 23.7 31 90 M M 10 169 43 100
14 25 8 17 12 48 0 0.09 M M 14.5 26 90 M M 9 1 36 90
15 34 21 28 23 37 0 0.40 M M 18.5 29 180 M M 10 1 43 180
16 32 4 18 13 47 0 T M M 10.1 24 260 M M 4 1 32 260
17 21 4 13 8 52 0 0.00 M M 4.8 13 70 M M 1 16 70
18 21 0 11 6 54 0 0.00 M M 1.4 8 80 M M 0 1 11 90
19 28 0 14 9 51 0 T M M 3.7 18 20 M M 4 128 26 30
20 22 5 14 9 51 0 0.00 M M 6.4 20 30 M M 2 26 40
21 10 -11 0 -6 65 0 0.00 M M 4.7 23 20 M M 0 33 20
22 11 -11 0 -6 65 0 T M M 2.9 10 80 M M 6 1 13 80
23 11 -8 2 -4 63 0 T M M 3.1 12 300 M M 10 18 14 300
24 12 -18 -3 -9 68 0 T M M 5.8 16 300 M M 4 18 20 300
25 -4 -21 -12 -18 77 0 0.00 M M 3.3 14 20 M M 4 19 20
26 -10 -25 -17 -23 82 0 T M M 3.7 16 350 M M 0 19 20
27 -9 -24 -16 -22 81 0 T M M 3.3 9 300 M M 6 18 10 100
28 -17 -28 -22 -29 87 0 T M M 2.2 7 20 M M 5 18 8 50
29 -19 -33 -26 -33 91 0 T M M 1.2 7 130 M M 0 8 9 10
30 -15 -37 -26 -33 91 0 T M M 5.1 13 50 M M 0 18 18 50
31 -7 -25 -16 -23 81 0 T M M 4.6 14 30 M M 2 8 20 40
================================================================================
SM 504 24 1743 0 1.65 M 340.3 M 165
================================================================================
AV 16.3 0.8 11.0 FASTST M M 5 MAX(MPH)
MISC ----> 44 90 60 90
================================================================================
NOTES:
# LAST OF SEVERAL OCCURRENCES
COLUMN 17 PEAK WIND IN M.P.H.
PRELIMINARY LOCAL CLIMATOLOGICAL DATA (WS FORM: F-6) , PAGE 2
STATION: NOME AK
MONTH: JANUARY
YEAR: 2024
LATITUDE: 64 30 N
LONGITUDE: 165 26 W
[TEMPERATURE DATA] [PRECIPITATION DATA] SYMBOLS USED IN COLUMN 16
AVERAGE MONTHLY: 8.5 TOTAL FOR MONTH: 1.65 1 = FOG OR MIST
DPTR FM NORMAL: 2.9 DPTR FM NORMAL: 0.71 2 = FOG REDUCING VISIBILITY
HIGHEST: 34 ON 15 GRTST 24HR 0.63 ON 11-11 TO 1/4 MILE OR LESS
LOWEST: -37 ON 30 3 = THUNDER
SNOW, ICE PELLETS, HAIL 4 = ICE PELLETS
TOTAL MONTH: M 5 = HAIL
GRTST 24HR M ON M 6 = FREEZING RAIN OR DRIZZLE
GRTST DEPTH: M ON M 7 = DUSTSTORM OR SANDSTORM:
VSBY 1/2 MILE OR LESS
8 = SMOKE OR HAZE
[NO. OF DAYS WITH] [WEATHER - DAYS WITH] 9 = BLOWING SNOW
X = TORNADO
MAX 32 OR BELOW: 29 0.01 INCH OR MORE: 11
MAX 90 OR ABOVE: 0 0.10 INCH OR MORE: 3
MIN 32 OR BELOW: 31 0.50 INCH OR MORE: 1
MIN 0 OR BELOW: 13 1.00 INCH OR MORE: 0
[HDD (BASE 65) ]
TOTAL THIS MO. 1743 CLEAR (SCALE 0-3) 9
DPTR FM NORMAL -98 PTCLDY (SCALE 4-7) 12
TOTAL FM JUL 1 7391 CLOUDY (SCALE 8-10) 10
DPTR FM NORMAL -179
[CDD (BASE 65) ]
TOTAL THIS MO. 0
DPTR FM NORMAL 0 [PRESSURE DATA]
TOTAL FM JAN 1 0 HIGHEST SLP 30.89 ON 17
DPTR FM NORMAL 0 LOWEST SLP 28.93 ON 7
[REMARKS]
#FINAL-01-24#