000
CXAK56 PAFG 020054
CF6OME
PRELIMINARY LOCAL CLIMATOLOGICAL DATA (WS FORM: F-6)
STATION: NOME AK
MONTH: JUNE
YEAR: 2021
LATITUDE: 64 30 N
LONGITUDE: 165 26 W
TEMPERATURE IN F: :PCPN: SNOW: WIND :SUNSHINE: SKY :PK WND
================================================================================
1 2 3 4 5 6A 6B 7 8 9 10 11 12 13 14 15 16 17 18
12Z AVG MX 2MIN
DY MAX MIN AVG DEP HDD CDD WTR SNW DPTH SPD SPD DIR MIN PSBL S-S WX SPD DR
================================================================================
1 53 38 46 3 19 0 0.00 M M 13.9 23 350 M M 0 27 360
2 48 33 41 -2 24 0 0.00 M M 10.0 20 300 M M 6 23 260
3 37 31 34 -10 31 0 T M M 15.0 23 240 M M 6 18 30 240
4 37 30 34 -10 31 0 0.08 M M 11.4 15 220 M M 9 18 18 230
5 36 33 35 -9 30 0 0.20 M M 11.4 21 160 M M 10 18 26 170
6 37 33 35 -10 30 0 0.03 M M 8.4 15 200 M M 10 1 19 200
7 39 33 36 -9 29 0 0.03 M M 7.3 17 230 M M 10 1 22 250
8 42 35 39 -7 26 0 0.02 M M 8.4 15 140 M M 9 1 22 140
9 46 39 43 -3 22 0 0.08 M M 6.2 13 230 M M 10 1 15 250
10 43 38 41 -6 24 0 0.00 M M 5.6 13 130 M M 10 12 14 120
11 47 41 44 -3 21 0 0.00 M M 8.5 16 130 M M 10 1 18 120
12 50 44 47 0 18 0 0.09 M M 8.1 12 160 M M 10 1 15 180
13 47 42 45 -3 20 0 0.32 M M 7.0 16 120 M M 10 1 19 120
14 50 41 46 -2 19 0 0.29 M M 13.3 22 130 M M 10 1 28 130
15 42 37 40 -8 25 0 0.00 M M 5.9 10 210 M M 9 1 13 230
16 57 39 48 -1 17 0 T M M 4.9 14 220 M M 6 16 220
17 69 38 54 5 11 0 0.00 M M 6.9 15 290 M M 0 128 17 300
18 69 51 60 10 5 0 0.00 M M 7.3 18 270 M M 3 21 280
19 71 52 62 12 3 0 0.00 M M 7.4 15 350 M M 2 19 340
20 64 47 56 6 9 0 0.00 M M 6.3 15 250 M M 3 17 250
21 62 54 58 8 7 0 0.00 M M 6.3 13 100 M M 7 15 160
22 65 49 57 6 8 0 0.00 M M 4.3 16 140 M M 2 8 20 150
23 75 55 65 14 0 0 0.02 M M 8.5 18 20 M M 6 25 10
24 67 55 61 10 4 0 0.03 M M 9.5 23 100 M M 8 1 29 100
25 62 48 55 3 10 0 0.08 M M 14.4 24 120 M M 7 1 29 130
26 60 51 56 4 9 0 0.01 M M 11.9 20 120 M M 6 23 110
27 56 49 53 1 12 0 0.00 M M 9.6 16 160 M M 8 22 170
28 53 49 51 -1 14 0 0.00 M M 11.9 21 220 M M 10 23 220
29 54 49 52 0 13 0 T M M 13.3 23 230 M M 10 27 230
30 54 50 52 0 13 0 0.35 M M 8.3 13 140 M M 10 1 M M
================================================================================
SM 1592 1284 504 0 1.63 M 271.2 M 217
================================================================================
AV 53.1 42.8 9.0 FASTST M M 7 MAX(MPH)
MISC ----> 24 120 30 240
================================================================================
NOTES:
# LAST OF SEVERAL OCCURRENCES
COLUMN 17 PEAK WIND IN M.P.H.
PRELIMINARY LOCAL CLIMATOLOGICAL DATA (WS FORM: F-6) , PAGE 2
STATION: NOME AK
MONTH: JUNE
YEAR: 2021
LATITUDE: 64 30 N
LONGITUDE: 165 26 W
[TEMPERATURE DATA] [PRECIPITATION DATA] SYMBOLS USED IN COLUMN 16
AVERAGE MONTHLY: 47.9 TOTAL FOR MONTH: 1.63 1 = FOG OR MIST
DPTR FM NORMAL: -0.4 DPTR FM NORMAL: 0.64 2 = FOG REDUCING VISIBILITY
HIGHEST: 75 ON 23 GRTST 24HR 0.43 ON 13-14 TO 1/4 MILE OR LESS
LOWEST: 30 ON 4 3 = THUNDER
SNOW, ICE PELLETS, HAIL 4 = ICE PELLETS
TOTAL MONTH: M 5 = HAIL
GRTST 24HR M ON M 6 = FREEZING RAIN OR DRIZZLE
GRTST DEPTH: M ON M 7 = DUSTSTORM OR SANDSTORM:
VSBY 1/2 MILE OR LESS
8 = SMOKE OR HAZE
[NO. OF DAYS WITH] [WEATHER - DAYS WITH] 9 = BLOWING SNOW
X = TORNADO
MAX 32 OR BELOW: 0 0.01 INCH OR MORE: 14
MAX 90 OR ABOVE: 0 0.10 INCH OR MORE: 4
MIN 32 OR BELOW: 2 0.50 INCH OR MORE: 0
MIN 0 OR BELOW: 0 1.00 INCH OR MORE: 0
[HDD (BASE 65) ]
TOTAL THIS MO. 504 CLEAR (SCALE 0-3) 6
DPTR FM NORMAL 2 PTCLDY (SCALE 4-7) 7
TOTAL FM JUL 1 12949 CLOUDY (SCALE 8-10) 17
DPTR FM NORMAL -533
[CDD (BASE 65) ]
TOTAL THIS MO. 0
DPTR FM NORMAL -1 [PRESSURE DATA]
TOTAL FM JAN 1 0 HIGHEST SLP 30.07 ON 17
DPTR FM NORMAL -1 LOWEST SLP 29.19 ON 24
[REMARKS]
#FINAL-06-21#