009
CXUS56 KOTX 070134
CF6OMK
PRELIMINARY LOCAL CLIMATOLOGICAL DATA (WS FORM: F-6)
STATION: OMAK WA AIRPORT
MONTH: SEPTEMBER
YEAR: 2020
LATITUDE: 48 27 N
LONGITUDE: 119 31 W
TEMPERATURE IN F: :PCPN: SNOW: WIND :SUNSHINE: SKY :PK WND
================================================================================
1 2 3 4 5 6A 6B 7 8 9 10 11 12 13 14 15 16 17 18
12Z AVG MX 2MIN
DY MAX MIN AVG DEP HDD CDD WTR SNW DPTH SPD SPD DIR MIN PSBL S-S WX SPD DR
================================================================================
1 94 52 73 5 0 8 0.00 M M 7.5 20 160 M M 0 25 140
2 90 61 76 8 0 11 0.00 M M 9.3 23 10 M M 1 28 10
3 95 55 75 8 0 10 0.00 M M 5.1 14 300 M M 0 17 360
4 95 63 79 12 0 14 0.00 M M 7.8 15 360 M M 0 20 340
5 99 63 81 14 0 16 0.00 M M 10.3 20 10 M M 0 27 10
6 96 62 79 13 0 14 0.00 M M 10.5 26 10 M M 0 33 10
7 82 52 67 1 0 2 0.00 M M 12.9 37 10 M M 1 46 10
8 77 41 59 -7 6 0 0.00 M M 4.6 10 170 0 0 0 15 170
9 85 42 64 -1 1 0 0.00 M M 5.0 14 300 M M 3 8 17 300
10 90 52 71 6 0 6 0.00 M M 7.4 15 10 M M 0 8 26 220
11 92 50 71 7 0 6 0.00 M M 5.6 14 190 M M 2 8 17 200
12 80 51 66 2 0 1 0.00 M M 3.4 8 290 M M 6 8 10 150
13 74 49 62 -2 3 0 0.00 M M 2.7 8 230 M M 10 8 10 160
14 74 55 65 2 0 0 T M M 3.3 9 190 M M 10 8 12 260
15 84 55 70 7 0 5 0.06 M M 4.6 9 300 M M 9 8 12 180
16 83 57 70 7 0 5 0.00 M M 5.9 14 20 M M 10 8 19 360
17 83 57 70 8 0 5 0.00 M M 8.4 15 360 M M 10 8 22 350
18 78 58 68 6 0 3 0.00 M M 7.9 15 170 M M 10 8 21 160
19 79 53 66 5 0 1 0.00 M M 5.5 13 190 M M 8 8 16 180
20 79 45 62 1 3 0 0.00 M M 5.3 14 210 M M 1 17 190
21 75 47 61 1 4 0 0.00 M M 4.0 9 300 M M 0 12 170
22 82 55 69 9 0 4 0.00 M M 8.1 16 150 M M 1 21 220
23 69 57 63 3 2 0 0.26 M M 10.2 20 150 M M 7 26 190
24 72 52 62 3 3 0 0.00 M M 9.4 21 200 M M 5 25 200
25 66 46 56 -3 9 0 0.03 M M 10.5 26 140 M M 6 35 140
26 69 35 52 -6 13 0 0.00 M M 5.9 17 310 M M 2 22 310
27 71 35 53 -5 12 0 0.00 M M 4.3 10 200 0 0 0 M M
28 76 40 58 1 7 0 0.00 M M 6.3 15 200 M M 0 19 200
29 80 41 61 4 4 0 0.00 M M 4.7 13 10 M M 0 8 15 10
30 80 53 67 11 0 2 0.00 M M 6.8 15 10 M M 0 18 360
================================================================================
SM 2449 1534 67 113 0.35 M 203.2 0 102
================================================================================
AV 81.6 51.1 6.8 FASTST 0 0 3 MAX(MPH)
MISC ----> # 37 10 # 46 10
================================================================================
NOTES:
# LAST OF SEVERAL OCCURRENCES
COLUMN 17 PEAK WIND IN M.P.H.
PRELIMINARY LOCAL CLIMATOLOGICAL DATA (WS FORM: F-6) , PAGE 2
STATION: OMAK WA AIRPORT
MONTH: SEPTEMBER
YEAR: 2020
LATITUDE: 48 27 N
LONGITUDE: 119 31 W
[TEMPERATURE DATA] [PRECIPITATION DATA] SYMBOLS USED IN COLUMN 16
AVERAGE MONTHLY: 66.4 TOTAL FOR MONTH: 0.35 1 = FOG OR MIST
DPTR FM NORMAL: 3.8 DPTR FM NORMAL: -0.23 2 = FOG REDUCING VISIBILITY
HIGHEST: 99 ON 5 GRTST 24HR 0.26 ON 23-23 TO 1/4 MILE OR LESS
LOWEST: 35 ON 27,26 3 = THUNDER
SNOW, ICE PELLETS, HAIL 4 = ICE PELLETS
TOTAL MONTH: M 5 = HAIL
GRTST 24HR M ON M 6 = FREEZING RAIN OR DRIZZLE
GRTST DEPTH: M ON M 7 = DUSTSTORM OR SANDSTORM:
VSBY 1/2 MILE OR LESS
8 = SMOKE OR HAZE
[NO. OF DAYS WITH] [WEATHER - DAYS WITH] 9 = BLOWING SNOW
X = TORNADO
MAX 32 OR BELOW: 0 0.01 INCH OR MORE: 3
MAX 90 OR ABOVE: 8 0.10 INCH OR MORE: 1
MIN 32 OR BELOW: 0 0.50 INCH OR MORE: 0
MIN 0 OR BELOW: 0 1.00 INCH OR MORE: 0
[HDD (BASE 65) ]
TOTAL THIS MO. 67 CLEAR (SCALE 0-3) 19
DPTR FM NORMAL -63 PTCLDY (SCALE 4-7) 4
TOTAL FM JUL 1 68 CLOUDY (SCALE 8-10) 7
DPTR FM NORMAL -93
[CDD (BASE 65) ]
TOTAL THIS MO. 113
DPTR FM NORMAL 55 [PRESSURE DATA]
TOTAL FM JAN 1 854 HIGHEST SLP 30.52 ON 8
DPTR FM NORMAL 190 LOWEST SLP 29.64 ON 25
[REMARKS]
#FINAL-09-20#