000
CXUS53 KARX 010900
CF6ONA
PRELIMINARY LOCAL CLIMATOLOGICAL DATA (WS FORM: F-6)
STATION: WINONA_MUNI_(AWOS) MN
MONTH: MARCH
YEAR: 2022
LATITUDE: 44 4 N
LONGITUDE: 91 42 W
TEMPERATURE IN F: :PCPN: SNOW: WIND :SUNSHINE: SKY :PK WND
================================================================================
1 2 3 4 5 6A 6B 7 8 9 10 11 12 13 14 15 16 17 18
12Z AVG MX 2MIN
DY MAX MIN AVG DEP HDD CDD WTR SNW DPTH SPD SPD DIR MIN PSBL S-S WX SPD DR
================================================================================
1 43 30 37 M 28 0 0.00 0.0 M 4.6 9 340 M M 4 M M
2 37 25 31 M 34 0 0.00 0.0 M 3.5 13 330 M M 6 18 320
3 30 21 26 M 39 0 0.00 0.0 M 1.2 6 320 M M 0 M M
4 41 21 31 M 34 0 M M M 8.5 15 140 M M 4 23 120
5 43 32 38 M 27 0 1.14 M M 6.5 13 340 M M 9 1 22 340
6 36 30 33 M 32 0 0.06 M M 10.4 17 310 M M 10 1 23 300
7 32 23 28 M 37 0 M M M 9.1 17 330 M M 5 24 330
8 43 21 32 M 33 0 M M M 6.3 15 210 M M 3 23 210
9 30 14 22 M 43 0 M M M 11.4 18 320 M M 5 23 320
10 28 12 20 M 45 0 M M M 5.1 10 310 M M 2 17 290
11 23 7 15 M 50 0 M M M 13.5 20 290 M M 3 28 300
12 27 3 15 M 50 0 M M M 7.5 15 310 M M 3 23 310
13 50 25 38 M 27 0 M M M 4.9 13 320 M M 4 21 300
14 45 32 39 M 26 0 M M M 2.6 10 50 M M 8 20 20
15 54 28 41 M 24 0 M M M 1.6 6 250 M M 3 12 M M
16 66 32 49 M 16 0 0.06 M M 3.9 13 260 M M 1 21 260
17 50 34 42 M 23 0 0.00 0.0 0 5.6 15 340 M M 3 18 330
18 45 37 41 M 24 0 M M 0 4.3 8 30 M M 9 M M
19 50 30 40 M 25 0 0.00 0.0 0 5.3 13 320 M M 2 16 320
20 61 27 44 M 21 0 0.00 0.0 0 0.9 5 140 M M 0 M M
21 68 45 57 M 8 0 0.00 0.0 0 8.2 14 120 M M 4 20 150
22 45 39 42 M 23 0 0.85 0.0 0 5.8 9 90 M M 9 9 100
23 39 34 37 M 28 0 0.13 M M 6.4 10 330 M M 10 M M
24 39 32 36 M 29 0 0.03 M M 4.3 8 20 M M 9 M M
25 41 30 36 M 29 0 0.02 M M 12.4 25 330 M M 9 1 36 330
26 34 21 28 M 37 0 M M M 16.3 25 320 M M 5 35 320
27 32 18 25 M 40 0 0.00 0.0 M 7.6 13 320 M M 0 22 360
28 37 18 28 M 37 0 M M M 4.5 9 100 M M 2 M M
29 41 34 38 M 27 0 M 0.0 0 13.8 21 130 M M 10 30 120
30 37 34 36 M 29 0 0.02 M M 6.8 15 340 M M 10 1 24 340
31 34 32 33 M 32 0 M M M 10.5 17 340 M M 10 25 330
================================================================================
SM 1281 821 957 0 2.31 0.0 213.2 M 162
================================================================================
AV 41.3 26.5 6.9 FASTST M M 5 MAX(MPH)
MISC ----> # 25 330 36 330
================================================================================
NOTES:
# LAST OF SEVERAL OCCURRENCES
COLUMN 17 PEAK WIND IN M.P.H.
PRELIMINARY LOCAL CLIMATOLOGICAL DATA (WS FORM: F-6) , PAGE 2
STATION: WINONA_MUNI_(AWOS) MN
MONTH: MARCH
YEAR: 2022
LATITUDE: 44 4 N
LONGITUDE: 91 42 W
[TEMPERATURE DATA] [PRECIPITATION DATA] SYMBOLS USED IN COLUMN 16
AVERAGE MONTHLY: 33.9 TOTAL FOR MONTH: 2.31 1 = FOG OR MIST
DPTR FM NORMAL: 0.0 DPTR FM NORMAL: M 2 = FOG REDUCING VISIBILITY
HIGHEST: 68 ON 21 GRTST 24HR 1.14 ON 5- 5 TO 1/4 MILE OR LESS
LOWEST: 3 ON 12 3 = THUNDER
SNOW, ICE PELLETS, HAIL 4 = ICE PELLETS
TOTAL MONTH: 0.0 INCH 5 = HAIL
GRTST 24HR 0.0 6 = FREEZING RAIN OR DRIZZLE
GRTST DEPTH: 0 7 = DUSTSTORM OR SANDSTORM:
VSBY 1/2 MILE OR LESS
8 = SMOKE OR HAZE
[NO. OF DAYS WITH] [WEATHER - DAYS WITH] 9 = BLOWING SNOW
X = TORNADO
MAX 32 OR BELOW: 7 0.01 INCH OR MORE: 8
MAX 90 OR ABOVE: 0 0.10 INCH OR MORE: 3
MIN 32 OR BELOW: 24 0.50 INCH OR MORE: 2
MIN 0 OR BELOW: 0 1.00 INCH OR MORE: 1
[HDD (BASE 65) ]
TOTAL THIS MO. 957 CLEAR (SCALE 0-3) 11
DPTR FM NORMAL M PTCLDY (SCALE 4-7) 9
TOTAL FM JUL 1 6079 CLOUDY (SCALE 8-10) 11
DPTR FM NORMAL M
[CDD (BASE 65) ]
TOTAL THIS MO. 0
DPTR FM NORMAL M [PRESSURE DATA]
TOTAL FM JAN 1 0 HIGHEST SLP M ON M
DPTR FM NORMAL M LOWEST SLP M ON M
[REMARKS]
#FINAL-03-22#