000
CXUS56 KSGX 011045
CF6ONT
PRELIMINARY LOCAL CLIMATOLOGICAL DATA (WS FORM: F-6)
STATION: ONTARIO INTL AIRPORT CA
MONTH: MARCH
YEAR: 2024
LATITUDE: 34 2 N
LONGITUDE: 117 37 W
TEMPERATURE IN F: :PCPN: SNOW: WIND :SUNSHINE: SKY :PK WND
================================================================================
1 2 3 4 5 6A 6B 7 8 9 10 11 12 13 14 15 16 17 18
12Z AVG MX 2MIN
DY MAX MIN AVG DEP HDD CDD WTR SNW DPTH SPD SPD DIR MIN PSBL S-S WX SPD DR
================================================================================
1 64 49 57 -2 8 0 0.07 M M 6.7 15 230 M M 7 1 20 230
2 59 51 55 -4 10 0 0.45 M M 10.4 22 250 M M 9 1 28 240
3 60 48 54 -5 11 0 0.01 M M 8.8 18 210 M M 8 1 24 220
4 61 48 55 -4 10 0 0.00 M M 4.1 13 220 M M 6 17 220
5 65 45 55 -4 10 0 0.00 M M 4.4 15 220 M M 5 19 220
6 62 49 56 -3 9 0 0.52 M M 4.4 15 230 M M 8 18 21 230
7 61 46 54 -5 11 0 0.44 M M 3.7 16 220 M M 7 13 20 200
8 69 43 56 -4 9 0 0.00 M M 4.9 15 20 M M 2 20 30
9 71 44 58 -2 7 0 0.00 M M 3.4 13 240 M M 4 16 230
10 70 46 58 -2 7 0 0.00 M M 4.1 13 240 M M 5 17 270
11 65 44 55 -5 10 0 0.00 M M 5.0 16 230 M M 5 21 230
12 59 51 55 -5 10 0 0.00 M M 3.2 13 240 M M 10 15 230
13 67 51 59 -1 6 0 0.00 M M 5.2 14 260 M M 7 19 270
14 65 48 57 -3 8 0 T M M 19.7 38 30 M M 4 58 40
15 65 50 58 -2 7 0 T M M 6.9 21 90 M M 8 3 28 40
16 63 49 56 -4 9 0 T M M 3.1 9 260 M M 8 12 270
17 71 45 58 -2 7 0 0.00 M M 4.6 15 260 M M 5 8 19 230
18 77 46 62 2 3 0 T M M 4.7 21 30 M M 4 3 27 30
19 73 49 61 0 4 0 0.00 M M 6.4 18 230 M M 2 27 220
20 75 52 64 3 1 0 0.00 M M 5.5 17 260 M M 2 22 250
21 73 51 62 1 3 0 0.00 M M 3.8 15 220 M M 6 18 19 220
22 73 51 62 1 3 0 0.00 M M 4.7 14 240 M M 5 18 18 270
23 60 50 55 -6 10 0 0.10 M M 7.6 17 240 M M 8 18 24 220
24 61 44 53 -8 12 0 0.15 M M 5.3 16 250 M M 5 3 22 240
25 65 40 53 -8 12 0 0.00 M M 6.3 20 220 M M 5 24 230
26 66 48 57 -4 8 0 0.00 M M 4.6 16 250 M M 6 22 220
27 73 45 59 -2 6 0 0.00 M M 4.0 14 240 M M 6 19 240
28 69 47 58 -3 7 0 0.00 M M 6.2 17 230 M M 4 18 23 230
29 63 46 55 -6 10 0 T M M 7.5 16 230 M M 7 22 240
30 53 47 50 -11 15 0 1.42 M M 5.6 17 260 M M 9 18 24 270
31 56 48 52 -10 13 0 0.33 M M 4.9 13 100 M M 9 1 18 70
================================================================================
SM 2034 1471 256 0 3.49 M 179.7 M 186
================================================================================
AV 65.6 47.5 5.8 FASTST M M 6 MAX(MPH)
MISC ----> 38 30 58 40
================================================================================
NOTES:
# LAST OF SEVERAL OCCURRENCES
COLUMN 17 PEAK WIND IN M.P.H.
PRELIMINARY LOCAL CLIMATOLOGICAL DATA (WS FORM: F-6) , PAGE 2
STATION: ONTARIO INTL AIRPORT CA
MONTH: MARCH
YEAR: 2024
LATITUDE: 34 2 N
LONGITUDE: 117 37 W
[TEMPERATURE DATA] [PRECIPITATION DATA] SYMBOLS USED IN COLUMN 16
AVERAGE MONTHLY: 56.5 TOTAL FOR MONTH: 3.49 1 = FOG OR MIST
DPTR FM NORMAL: -3.7 DPTR FM NORMAL: 1.85 2 = FOG REDUCING VISIBILITY
HIGHEST: 77 ON 18 GRTST 24HR 1.42 ON 30-30 TO 1/4 MILE OR LESS
LOWEST: 40 ON 25 3 = THUNDER
SNOW, ICE PELLETS, HAIL 4 = ICE PELLETS
TOTAL MONTH: M 5 = HAIL
GRTST 24HR M ON M 6 = FREEZING RAIN OR DRIZZLE
GRTST DEPTH: M ON M 7 = DUSTSTORM OR SANDSTORM:
VSBY 1/2 MILE OR LESS
8 = SMOKE OR HAZE
[NO. OF DAYS WITH] [WEATHER - DAYS WITH] 9 = BLOWING SNOW
X = TORNADO
MAX 32 OR BELOW: 0 0.01 INCH OR MORE: 9
MAX 90 OR ABOVE: 0 0.10 INCH OR MORE: 7
MIN 32 OR BELOW: 0 0.50 INCH OR MORE: 2
MIN 0 OR BELOW: 0 1.00 INCH OR MORE: 1
[HDD (BASE 65) ]
TOTAL THIS MO. 256 CLEAR (SCALE 0-3) 3
DPTR FM NORMAL 84 PTCLDY (SCALE 4-7) 23
TOTAL FM JUL 1 1144 CLOUDY (SCALE 8-10) 5
DPTR FM NORMAL 0
[CDD (BASE 65) ]
TOTAL THIS MO. 0
DPTR FM NORMAL -23 [PRESSURE DATA]
TOTAL FM JAN 1 0 HIGHEST SLP 30.19 ON 27
DPTR FM NORMAL -36 LOWEST SLP 29.69 ON 30
[REMARKS]
#FINAL-03-24#