000
CXUS51 KBOX 010910
CF6ORH
PRELIMINARY LOCAL CLIMATOLOGICAL DATA (WS FORM: F-6)
STATION: WORCESTER MA
MONTH: NOVEMBER
YEAR: 2023
LATITUDE: 42 16 N
LONGITUDE: 71 52 W
TEMPERATURE IN F: :PCPN: SNOW: WIND :SUNSHINE: SKY :PK WND
================================================================================
1 2 3 4 5 6A 6B 7 8 9 10 11 12 13 14 15 16 17 18
12Z AVG MX 2MIN
DY MAX MIN AVG DEP HDD CDD WTR SNW DPTH SPD SPD DIR MIN PSBL S-S WX SPD DR
================================================================================
1 43 31 37 -8 28 0 0.00 0.0 M 9.5 18 310 M M 7 24 310
2 43 26 35 -10 30 0 0.00 0.0 M 6.7 14 300 M M 0 21 320
3 54 34 44 0 21 0 0.00 0.0 M 12.8 22 230 M M 3 31 230
4 57 40 49 5 16 0 0.00 0.0 M 6.9 15 230 M M 3 21 230
5 57 42 50 6 15 0 T 0.0 M 8.6 17 300 M M 5 24 290
6 48 37 43 -1 22 0 0.00 0.0 M 6.9 14 120 M M 6 20 130
7 64 44 54 11 11 0 0.06 0.0 M 14.8 28 290 M M 6 1 42 290
8 47 34 41 -2 24 0 0.00 0.0 M 11.9 21 310 M M 4 31 340
9 42 33 38 -4 27 0 0.08 0.0 M 5.7 14 300 M M 8 12 19 270
10 48 35 42 0 23 0 0.00 0.0 M 9.5 20 250 M M 1 29 270
11 47 30 39 -3 26 0 0.00 0.0 M 8.1 20 290 M M 0 29 340
12 40 26 33 -8 32 0 0.00 0.0 M 5.3 13 350 M M 0 17 340
13 41 23 32 -9 33 0 0.03 0.2 M 3.9 10 260 M M 4 12 17 240
14 45 32 39 -2 26 0 T 0.0 M 10.4 17 330 M M 6 1 26 340
15 48 29 39 -1 26 0 0.00 0.0 M 9.9 24 240 M M 0 31 220
16 58 40 49 9 16 0 0.00 0.0 M 9.2 20 270 M M 0 28 250
17 62 39 51 11 14 0 0.00 0.0 M 12.7 23 210 M M 3 1 33 210
18 54 32 43 4 22 0 0.04 0.0 M 11.8 22 330 M M 6 12 31 330
19 49 29 39 0 26 0 T T M 11.9 30 320 M M 3 42 330
20 37 27 32 -7 33 0 0.00 0.0 M 7.6 17 350 M M 0 24 350
21 37 25 31 -7 34 0 0.23 2.0 M 7.2 13 110 M M 3 12 19 130
22 45 32 39 1 26 0 0.73 0.8 M 11.0 18 330 M M 10 126 29 300
23 47 39 43 5 22 0 0.00 0.0 M 12.1 22 310 M M 3 32 290
24 45 25 35 -2 30 0 0.00 0.0 M 12.3 22 300 M M 2 32 300
25 35 20 28 -9 37 0 0.00 0.0 M 6.1 12 250 M M 0 16 300
26 41 26 34 -3 31 0 0.06 0.0 M 8.8 14 210 M M 3 12 24 110
27 49 32 41 5 24 0 0.23 0.0 M 11.1 28 290 M M 7 12 39 290
28 35 26 31 -5 34 0 0.01 T M 14.8 31 280 M M 5 1 45 280
29 32 21 27 -9 38 0 0.00 0.0 M 11.7 25 280 M M 1 36 290
30 45 26 36 1 29 0 0.00 0.0 M 12.8 20 230 M M 2 27 230
================================================================================
SM 1395 935 776 0 1.47 3.0 292.0 M 101
================================================================================
AV 46.5 31.2 9.7 FASTST M M 3 MAX(MPH)
MISC ----> 31 280 45 280
================================================================================
NOTES:
# LAST OF SEVERAL OCCURRENCES
COLUMN 17 PEAK WIND IN M.P.H.
PRELIMINARY LOCAL CLIMATOLOGICAL DATA (WS FORM: F-6) , PAGE 2
STATION: WORCESTER MA
MONTH: NOVEMBER
YEAR: 2023
LATITUDE: 42 16 N
LONGITUDE: 71 52 W
[TEMPERATURE DATA] [PRECIPITATION DATA] SYMBOLS USED IN COLUMN 16
AVERAGE MONTHLY: 38.8 TOTAL FOR MONTH: 1.47 1 = FOG OR MIST
DPTR FM NORMAL: -1.4 DPTR FM NORMAL: -2.53 2 = FOG REDUCING VISIBILITY
HIGHEST: 64 ON 7 GRTST 24HR 0.96 ON 21-22 TO 1/4 MILE OR LESS
LOWEST: 20 ON 25 3 = THUNDER
SNOW, ICE PELLETS, HAIL 4 = ICE PELLETS
TOTAL MONTH: 3.0 INCHES 5 = HAIL
GRTST 24HR 2.0 ON 21-21 6 = FREEZING RAIN OR DRIZZLE
GRTST DEPTH: M ON M 7 = DUSTSTORM OR SANDSTORM:
VSBY 1/2 MILE OR LESS
8 = SMOKE OR HAZE
[NO. OF DAYS WITH] [WEATHER - DAYS WITH] 9 = BLOWING SNOW
X = TORNADO
MAX 32 OR BELOW: 1 0.01 INCH OR MORE: 9
MAX 90 OR ABOVE: 0 0.10 INCH OR MORE: 3
MIN 32 OR BELOW: 19 0.50 INCH OR MORE: 1
MIN 0 OR BELOW: 0 1.00 INCH OR MORE: 0
[HDD (BASE 65) ]
TOTAL THIS MO. 776 CLEAR (SCALE 0-3) 15
DPTR FM NORMAL 32 PTCLDY (SCALE 4-7) 13
TOTAL FM JUL 1 1174 CLOUDY (SCALE 8-10) 2
DPTR FM NORMAL -192
[CDD (BASE 65) ]
TOTAL THIS MO. 0
DPTR FM NORMAL 0 [PRESSURE DATA]
TOTAL FM JAN 1 644 HIGHEST SLP 30.58 ON 21
DPTR FM NORMAL 143 LOWEST SLP 29.47 ON 27
[REMARKS]
#FINAL-11-23#