000
CXUS56 KMFR 010930
CF6OTH
PRELIMINARY LOCAL CLIMATOLOGICAL DATA (WS FORM: F-6)
STATION: NORTH BEND OR
MONTH: JUNE
YEAR: 2023
LATITUDE: 43 25 N
LONGITUDE: 124 15 W
TEMPERATURE IN F: :PCPN: SNOW: WIND :SUNSHINE: SKY :PK WND
================================================================================
1 2 3 4 5 6A 6B 7 8 9 10 11 12 13 14 15 16 17 18
12Z AVG MX 2MIN
DY MAX MIN AVG DEP HDD CDD WTR SNW DPTH SPD SPD DIR MIN PSBL S-S WX SPD DR
================================================================================
1 60 42 51 -5 14 0 0.00 M M 9.5 26 350 M M 0 32 360
2 61 44 53 -3 12 0 0.00 M M 9.7 22 350 M M 2 26 350
3 62 43 53 -3 12 0 0.00 M M 14.0 26 350 M M 4 32 340
4 59 50 55 -1 10 0 0.00 M M 22.7 40 360 M M 0 49 360
5 60 47 54 -2 11 0 0.00 M M 19.0 33 360 M M 0 44 360
6 63 45 54 -2 11 0 0.00 M M 9.2 25 350 M M 2 1 31 360
7 58 51 55 -2 10 0 0.00 M M 5.4 12 280 M M 10 1 14 280
8 62 53 58 1 7 0 0.00 M M 3.9 13 280 M M 10 18 15 270
9 57 52 55 -2 10 0 0.00 M M 5.0 12 290 M M 10 1 14 290
10 64 53 59 2 6 0 0.00 M M 15.0 33 360 M M 5 40 10
11 61 52 57 0 8 0 0.00 M M 18.4 33 360 M M 8 1 39 360
12 62 51 57 0 8 0 0.00 M M 9.4 21 350 M M 9 1 26 350
13 61 51 56 -1 9 0 0.00 M M 9.7 21 360 M M 10 1 25 360
14 62 48 55 -2 10 0 0.00 M M 14.3 30 350 M M 2 35 350
15 62 46 54 -3 11 0 0.00 M M 15.0 32 350 M M 0 40 350
16 64 49 57 0 8 0 T M M 11.8 26 350 M M 2 1 30 350
17 64 53 59 1 6 0 0.00 M M 8.3 18 340 M M 8 1 21 350
18 61 52 57 -1 8 0 T M M 7.0 17 290 M M 7 21 290
19 59 47 53 -5 12 0 0.04 M M 7.8 17 260 M M 5 1 22 260
20 62 48 55 -3 10 0 0.01 M M 8.0 17 260 M M 6 1 20 260
21 67 45 56 -2 9 0 0.00 M M 11.2 30 360 M M 0 36 350
22 66 48 57 -1 8 0 0.00 M M 9.2 20 340 M M 1 1 25 340
23 61 54 58 0 7 0 T M M 6.0 13 340 M M 10 1 15 350
24 63 53 58 0 7 0 0.00 M M 12.9 24 350 M M 6 1 32 360
25 62 52 57 -1 8 0 0.01 M M 13.5 24 350 M M 9 1 29 350
26 61 53 57 -1 8 0 0.01 M M 11.2 21 340 M M 10 1 23 350
27 63 53 58 0 7 0 0.02 M M 10.0 18 340 M M 9 1 23 360
28 64 55 60 2 5 0 T M M 10.8 23 350 M M 8 1 28 340
29 65 54 60 1 5 0 T M M 10.6 17 350 M M 6 1 24 350
30 61 54 58 -1 7 0 T M M 16.9 33 350 M M 8 18 44 350
================================================================================
SM 1857 1498 264 0 0.09 M 335.4 M 167
================================================================================
AV 61.9 49.9 11.2 FASTST M M 6 MAX(MPH)
MISC ----> 40 360 49 360
================================================================================
NOTES:
# LAST OF SEVERAL OCCURRENCES
COLUMN 17 PEAK WIND IN M.P.H.
PRELIMINARY LOCAL CLIMATOLOGICAL DATA (WS FORM: F-6) , PAGE 2
STATION: NORTH BEND OR
MONTH: JUNE
YEAR: 2023
LATITUDE: 43 25 N
LONGITUDE: 124 15 W
[TEMPERATURE DATA] [PRECIPITATION DATA] SYMBOLS USED IN COLUMN 16
AVERAGE MONTHLY: 55.9 TOTAL FOR MONTH: 0.09 1 = FOG OR MIST
DPTR FM NORMAL: -1.5 DPTR FM NORMAL: -1.46 2 = FOG REDUCING VISIBILITY
HIGHEST: 67 ON 21 GRTST 24HR 0.05 ON 19-20 TO 1/4 MILE OR LESS
LOWEST: 42 ON 1 3 = THUNDER
SNOW, ICE PELLETS, HAIL 4 = ICE PELLETS
TOTAL MONTH: M 5 = HAIL
GRTST 24HR M ON M 6 = FREEZING RAIN OR DRIZZLE
GRTST DEPTH: M ON M 7 = DUSTSTORM OR SANDSTORM:
VSBY 1/2 MILE OR LESS
8 = SMOKE OR HAZE
[NO. OF DAYS WITH] [WEATHER - DAYS WITH] 9 = BLOWING SNOW
X = TORNADO
MAX 32 OR BELOW: 0 0.01 INCH OR MORE: 5
MAX 90 OR ABOVE: 0 0.10 INCH OR MORE: 0
MIN 32 OR BELOW: 0 0.50 INCH OR MORE: 0
MIN 0 OR BELOW: 0 1.00 INCH OR MORE: 0
[HDD (BASE 65) ]
TOTAL THIS MO. 264 CLEAR (SCALE 0-3) 10
DPTR FM NORMAL 34 PTCLDY (SCALE 4-7) 10
TOTAL FM JUL 1 4707 CLOUDY (SCALE 8-10) 10
DPTR FM NORMAL 337
[CDD (BASE 65) ]
TOTAL THIS MO. 0
DPTR FM NORMAL 0 [PRESSURE DATA]
TOTAL FM JAN 1 9 HIGHEST SLP 30.18 ON 25
DPTR FM NORMAL 9 LOWEST SLP 29.99 ON 27
[REMARKS]
#FINAL-06-23#