000
CXAK56 PAFG 011713
CF6OTZ
PRELIMINARY LOCAL CLIMATOLOGICAL DATA (WS FORM: F-6)
STATION: KOTZEBUE AK
MONTH: NOVEMBER
YEAR: 2021
LATITUDE: 66 52 N
LONGITUDE: 162 38 W
TEMPERATURE IN F: :PCPN: SNOW: WIND :SUNSHINE: SKY :PK WND
================================================================================
1 2 3 4 5 6A 6B 7 8 9 10 11 12 13 14 15 16 17 18
12Z AVG MX 2MIN
DY MAX MIN AVG DEP HDD CDD WTR SNW DPTH SPD SPD DIR MIN PSBL S-S WX SPD DR
================================================================================
1 26 3 15 -4 50 0 0.00 M M 8.4 22 110 M M 3 1 25 100
2 15 8 12 -6 53 0 0.00 M M 19.4 29 110 M M 2 1 37 110
3 18 5 12 -6 53 0 0.00 M M 4.5 10 50 M M 5 12 50
4 26 17 22 5 43 0 T M M 5.0 12 340 M M 10 1 13 340
5 27 23 25 8 40 0 0.33 M M 6.8 14 280 M M 10 1 15 280
6 27 18 23 7 42 0 0.04 M M 10.4 24 280 M M 10 18 26 280
7 20 -1 10 -6 55 0 0.00 M M 3.5 10 340 M M 5 12 11 340
8 8 -9 0 -15 65 0 0.00 M M 4.7 10 100 M M 0 1 13 100
9 7 -9 -1 -15 66 0 0.00 M M 6.7 13 20 M M 2 18 15 20
10 -4 -17 -10 -24 75 0 0.00 M M 4.8 12 30 M M 2 18 14 10
11 5 -12 -3 -17 68 0 0.00 M M 5.4 14 20 M M 1 1 18 10
12 7 -10 -1 -14 66 0 0.00 M M 7.8 17 350 M M 2 20 350
13 -1 -11 -6 -19 71 0 0.00 M M 5.6 16 120 M M 8 18 110
14 5 -12 -3 -15 68 0 T M M 5.8 13 100 M M 5 1 16 100
15 -4 -21 -12 -24 77 0 0.00 M M 2.8 8 50 M M 0 18 10 60
16 -2 -17 -9 -20 74 0 0.00 M M 5.4 14 330 M M 0 M M
17 -1 -21 -11 -22 76 0 0.00 M M 4.6 15 360 M M 0 17 10
18 3 -15 -6 -17 71 0 0.00 M M 2.6 12 350 M M 0 12 350
19 4 -11 -3 -13 68 0 0.00 M M 3.5 9 60 M M 1 10 60
20 -3 -18 -10 -20 75 0 0.00 M M 3.5 12 60 M M 3 1 13 60
21 -5 -15 -10 -20 75 0 0.00 M M 5.1 10 50 M M 0 11 60
22 7 -17 -5 -14 70 0 0.00 M M 5.5 20 360 M M 0 27 360
23 6 -13 -3 -12 68 0 0.00 M M 9.7 23 360 M M 0 8 27 360
24 -5 -22 -13 -22 78 0 0.00 M M 2.0 9 360 M M 0 8 12 350
25 -6 -19 -12 -20 77 0 0.00 M M 4.0 12 360 M M 0 13 100
26 -12 -24 -18 -26 83 0 0.00 M M 4.6 10 80 M M 0 18 12 80
27 -16 -28 -22 -30 87 0 0.00 M M 2.4 9 10 M M 0 18 10 360
28 -15 -31 -23 -31 88 0 0.00 M M 2.8 7 360 M M 0 9 360
29 -24 -33 -28 -35 93 0 0.00 M M 2.6 7 40 M M 0 18 8 30
30 -21 -30 -25 -32 90 0 0.00 M M 2.1 7 30 M M 0 8 7 60
================================================================================
SM 92 -342 2065 0 0.37 M 162.0 M 69
================================================================================
AV 3.1-11.4 5.4 FASTST M M 2 MAX(MPH)
MISC ----> 29 110 37 110
================================================================================
NOTES:
# LAST OF SEVERAL OCCURRENCES
COLUMN 17 PEAK WIND IN M.P.H.
PRELIMINARY LOCAL CLIMATOLOGICAL DATA (WS FORM: F-6) , PAGE 2
STATION: KOTZEBUE AK
MONTH: NOVEMBER
YEAR: 2021
LATITUDE: 66 52 N
LONGITUDE: 162 38 W
[TEMPERATURE DATA] [PRECIPITATION DATA] SYMBOLS USED IN COLUMN 16
AVERAGE MONTHLY: -4.2 TOTAL FOR MONTH: 0.37 1 = FOG OR MIST
DPTR FM NORMAL: -16.2 DPTR FM NORMAL: -0.45 2 = FOG REDUCING VISIBILITY
HIGHEST: 27 ON 6, 5 GRTST 24HR 0.33 ON 5- 5 TO 1/4 MILE OR LESS
LOWEST: -33 ON 29 3 = THUNDER
SNOW, ICE PELLETS, HAIL 4 = ICE PELLETS
TOTAL MONTH: M 5 = HAIL
GRTST 24HR M ON M 6 = FREEZING RAIN OR DRIZZLE
GRTST DEPTH: M ON M 7 = DUSTSTORM OR SANDSTORM:
VSBY 1/2 MILE OR LESS
8 = SMOKE OR HAZE
[NO. OF DAYS WITH] [WEATHER - DAYS WITH] 9 = BLOWING SNOW
X = TORNADO
MAX 32 OR BELOW: 30 0.01 INCH OR MORE: 2
MAX 90 OR ABOVE: 0 0.10 INCH OR MORE: 1
MIN 32 OR BELOW: 30 0.50 INCH OR MORE: 0
MIN 0 OR BELOW: 24 1.00 INCH OR MORE: 0
[HDD (BASE 65) ]
TOTAL THIS MO. 2065 CLEAR (SCALE 0-3) 23
DPTR FM NORMAL 477 PTCLDY (SCALE 4-7) 4
TOTAL FM JUL 1 4818 CLOUDY (SCALE 8-10) 3
DPTR FM NORMAL 837
[CDD (BASE 65) ]
TOTAL THIS MO. 0
DPTR FM NORMAL 0 [PRESSURE DATA]
TOTAL FM JAN 1 6 HIGHEST SLP 30.51 ON 18
DPTR FM NORMAL -3 LOWEST SLP 29.33 ON 3
[REMARKS]
#FINAL-11-21#