000
CXUS53 KPAH 010831
CF6OWB
PRELIMINARY LOCAL CLIMATOLOGICAL DATA (WS FORM: F-6)
STATION: OWENSBORO KY
MONTH: NOVEMBER
YEAR: 2023
LATITUDE: 37 45 N
LONGITUDE: 87 10 W
TEMPERATURE IN F: :PCPN: SNOW: WIND :SUNSHINE: SKY :PK WND
================================================================================
1 2 3 4 5 6A 6B 7 8 9 10 11 12 13 14 15 16 17 18
12Z AVG MX 2MIN
DY MAX MIN AVG DEP HDD CDD WTR SNW DPTH SPD SPD DIR MIN PSBL S-S WX SPD DR
================================================================================
1 48 27 38 -17 27 0 0.00 M M 2.5 10 270 M M 0 13 300
2 58 28 43 -12 22 0 0.00 M M 6.6 16 190 M M 0 20 180
3 64 36 50 -5 15 0 0.00 M M 10.0 22 220 M M 0 25 220
4 68 51 60 6 5 0 0.00 M M 6.3 14 250 M M 0 17 260
5 68 43 56 2 9 0 0.00 M M 2.5 10 90 M M 0 8 15 20
6 78 44 61 7 4 0 0.00 M M 9.2 25 210 M M 2 8 30 210
7 77 57 67 14 0 2 0.00 M M 3.0 8 230 M M 4 18 10 260
8 83 60 72 19 0 7 0.00 M M 13.9 29 210 M M 2 18 35 210
9 71 53 62 10 3 0 T M M 9.4 24 320 M M 5 29 330
10 63 46 55 3 10 0 0.01 M M 4.6 13 330 M M 3 14 320
11 56 38 47 -5 18 0 0.00 M M 6.8 12 50 M M 0 16 30
12 63 39 51 0 14 0 0.00 M M 4.2 9 90 M M 0 12 100
13 67 34 51 0 14 0 0.00 M M 2.2 12 320 M M 0 8 14 330
14 64 33 49 -1 16 0 0.00 M M 4.4 16 120 M M 0 18 120
15 72 38 55 5 10 0 0.00 M M 3.2 14 240 M M 0 16 250
16 73 43 58 9 7 0 T M M 5.3 15 170 M M 3 17 170
17 64 47 56 7 9 0 0.16 M M 9.4 18 200 M M 8 1 22 210
18 55 35 45 -3 20 0 0.00 M M 4.8 10 360 M M 0 13 350
19 60 29 45 -3 20 0 0.00 M M 3.3 10 80 M M 0 18 12 80
20 62 48 55 7 10 0 0.47 M M 7.0 14 100 M M 7 1 17 110
21 55 43 49 2 16 0 0.18 M M 10.4 22 120 M M 10 1 28 120
22 48 36 42 -5 23 0 0.00 M M 8.2 16 300 M M 9 8 18 310
23 57 32 45 -1 20 0 0.00 M M 4.3 14 220 M M 0 1 18 250
24 50 32 41 -5 24 0 0.00 M M 8.5 16 20 M M 1 21 50
25 49 33 41 -5 24 0 0.00 M M 3.9 13 40 M M 0 8 16 50
26 45 32 39 -6 26 0 0.18 M M 8.4 26 280 M M 7 1 32 300
27 39 25 32 -13 33 0 0.00 M M 9.8 20 270 M M 4 25 260
28 36 21 29 -15 36 0 0.00 M M 7.2 18 330 M M 2 23 310
29 55 21 38 -6 27 0 0.00 M M 8.5 16 250 M M 0 21 240
30 62 37 50 6 15 0 T M M 10.1 29 200 M M 3 35 200
================================================================================
SM 1810 1141 477 9 1.00 M 197.9 M 70
================================================================================
AV 60.3 38.0 6.6 FASTST M M 2 MAX(MPH)
MISC ----> # 29 210 # 35 210
================================================================================
NOTES:
# LAST OF SEVERAL OCCURRENCES
COLUMN 17 PEAK WIND IN M.P.H.
PRELIMINARY LOCAL CLIMATOLOGICAL DATA (WS FORM: F-6) , PAGE 2
STATION: OWENSBORO KY
MONTH: NOVEMBER
YEAR: 2023
LATITUDE: 37 45 N
LONGITUDE: 87 10 W
[TEMPERATURE DATA] [PRECIPITATION DATA] SYMBOLS USED IN COLUMN 16
AVERAGE MONTHLY: 49.2 TOTAL FOR MONTH: 1.00 1 = FOG OR MIST
DPTR FM NORMAL: -0.3 DPTR FM NORMAL: -3.06 2 = FOG REDUCING VISIBILITY
HIGHEST: 83 ON 8 GRTST 24HR 0.65 ON 20-21 TO 1/4 MILE OR LESS
LOWEST: 21 ON 29,28 3 = THUNDER
SNOW, ICE PELLETS, HAIL 4 = ICE PELLETS
TOTAL MONTH: M 5 = HAIL
GRTST 24HR M ON M 6 = FREEZING RAIN OR DRIZZLE
GRTST DEPTH: M ON M 7 = DUSTSTORM OR SANDSTORM:
VSBY 1/2 MILE OR LESS
8 = SMOKE OR HAZE
[NO. OF DAYS WITH] [WEATHER - DAYS WITH] 9 = BLOWING SNOW
X = TORNADO
MAX 32 OR BELOW: 0 0.01 INCH OR MORE: 5
MAX 90 OR ABOVE: 0 0.10 INCH OR MORE: 4
MIN 32 OR BELOW: 9 0.50 INCH OR MORE: 0
MIN 0 OR BELOW: 0 1.00 INCH OR MORE: 0
[HDD (BASE 65) ]
TOTAL THIS MO. 477 CLEAR (SCALE 0-3) 20
DPTR FM NORMAL 7 PTCLDY (SCALE 4-7) 8
TOTAL FM JUL 1 664 CLOUDY (SCALE 8-10) 2
DPTR FM NORMAL -19
[CDD (BASE 65) ]
TOTAL THIS MO. 9
DPTR FM NORMAL 3 [PRESSURE DATA]
TOTAL FM JAN 1 1466 HIGHEST SLP 30.49 ON 1
DPTR FM NORMAL -292 LOWEST SLP 29.69 ON 8
[REMARKS]
#FINAL-11-23#