000
CXUS53 KDDC 021542
CF6P28
PRELIMINARY LOCAL CLIMATOLOGICAL DATA (WS FORM: F-6)
STATION: MEDICINE LODGE KS
MONTH: AUGUST
YEAR: 2020
LATITUDE: 37 17 N
LONGITUDE: 98 35 W
TEMPERATURE IN F: :PCPN: SNOW: WIND :SUNSHINE: SKY :PK WND
================================================================================
1 2 3 4 5 6A 6B 7 8 9 10 11 12 13 14 15 16 17 18
12Z AVG MX 2MIN
DY MAX MIN AVG DEP HDD CDD WTR SNW DPTH SPD SPD DIR MIN PSBL S-S WX SPD DR
================================================================================
1 88 57 73 -9 0 8 0.22 0.0 0 3.6 18 180 M M 0 25 180
2 85 60 73 -9 0 8 0.00 0.0 0 7.9 16 20 M M 0 23 360
3 83 57 70 -12 0 5 0.00 0.0 0 5.2 13 90 M M 0 17 70
4 77 63 70 -12 0 5 0.01 0.0 0 7.1 13 120 M M 0 20 120
5 83 61 72 -10 0 7 0.10 0.0 0 6.4 29 270 M M 0 43 270
6 81 67 74 -8 0 9 0.06 0.0 0 7.9 18 190 M M 0 27 180
7 96 73 85 3 0 20 0.00 0.0 0 13.1 25 180 M M 0 38 160
8 98 71 85 3 0 20 0.00 0.0 0 10.7 18 180 M M 0 29 170
9 99 74 87 5 0 22 0.00 0.0 0 11.5 22 170 M M 0 30 170
10 96 69 83 1 0 18 0.31 0.0 0 9.2 28 280 M M 0 42 120
11 87 63 75 -6 0 10 0.00 0.0 0 6.8 14 130 M M 0 22 150
12 85 70 78 -3 0 13 0.01 0.0 0 9.1 22 110 M M 0 42 130
13 90 73 82 1 0 17 0.00 0.0 0 9.0 18 120 M M 0 32 120
14 92 69 81 0 0 16 0.00 0.0 0 5.9 13 140 M M 0 20 140
15 93 71 82 1 0 17 0.00 0.0 0 7.3 16 40 M M 0 22 110
16 79 68 74 -7 0 9 0.32 0.0 0 5.9 21 50 M M 0 31 40
17 93 64 79 -1 0 14 0.00 0.0 0 5.1 14 10 M M 0 25 20
18 89 56 73 -7 0 8 0.00 0.0 0 3.7 10 220 M M 0 17 180
19 84 63 74 -6 0 9 0.00 0.0 0 6.3 13 170 M M 0 20 180
20 90 60 75 -5 0 10 0.00 0.0 0 5.8 14 170 M M 0 21 100
21 84 66 75 -5 0 10 0.01 0.0 0 7.0 16 40 M M 0 23 180
22 92 60 76 -3 0 11 0.00 0.0 0 6.0 17 180 M M 0 24 170
23 94 63 79 0 0 14 0.00 0.0 0 6.1 15 180 M M 0 23 190
24 95 61 78 -1 0 13 0.00 0.0 0 7.1 17 180 M M 0 26 130
25 94 64 79 0 0 14 0.00 0.0 0 7.7 18 170 M M 0 27 180
26 95 64 80 2 0 15 0.00 0.0 0 8.5 20 180 M M 0 29 180
27 94 64 79 1 0 14 0.00 0.0 0 7.3 17 180 M M 0 26 140
28 99 67 83 5 0 18 0.00 0.0 0 6.6 13 70 M M 0 23 140
29 84 69 77 -1 0 12 0.59 0.0 0 10.9 31 340 M M 0 45 300
30 90 66 78 1 0 13 0.00 0.0 0 6.1 12 180 M M 0 19 190
31 83 68 76 -1 0 11 0.00 0.0 0 10.1 25 10 M M 0 37 10
================================================================================
SM 2772 2021 0 390 1.63 0.0 230.9 M 0
================================================================================
AV 89.4 65.2 7.4 FASTST M M 0 MAX(MPH)
MISC ----> 31 340 45 300
================================================================================
NOTES:
# LAST OF SEVERAL OCCURRENCES
COLUMN 17 PEAK WIND IN M.P.H.
PRELIMINARY LOCAL CLIMATOLOGICAL DATA (WS FORM: F-6) , PAGE 2
STATION: MEDICINE LODGE KS
MONTH: AUGUST
YEAR: 2020
LATITUDE: 37 17 N
LONGITUDE: 98 35 W
[TEMPERATURE DATA] [PRECIPITATION DATA] SYMBOLS USED IN COLUMN 16
AVERAGE MONTHLY: 77.3 TOTAL FOR MONTH: 1.63 1 = FOG OR MIST
DPTR FM NORMAL: -3.0 DPTR FM NORMAL: -1.49 2 = FOG REDUCING VISIBILITY
HIGHEST: 99 ON 28, 9 GRTST 24HR 0.59 ON 29-29 TO 1/4 MILE OR LESS
LOWEST: 56 ON 18 3 = THUNDER
SNOW, ICE PELLETS, HAIL 4 = ICE PELLETS
TOTAL MONTH: 0.0 INCH 5 = HAIL
GRTST 24HR 0.0 6 = FREEZING RAIN OR DRIZZLE
GRTST DEPTH: 0 7 = DUSTSTORM OR SANDSTORM:
VSBY 1/2 MILE OR LESS
8 = SMOKE OR HAZE
[NO. OF DAYS WITH] [WEATHER - DAYS WITH] 9 = BLOWING SNOW
X = TORNADO
MAX 32 OR BELOW: 0 0.01 INCH OR MORE: 9
MAX 90 OR ABOVE: 17 0.10 INCH OR MORE: 5
MIN 32 OR BELOW: 0 0.50 INCH OR MORE: 1
MIN 0 OR BELOW: 0 1.00 INCH OR MORE: 0
[HDD (BASE 65) ]
TOTAL THIS MO. 0
DPTR FM NORMAL 0
TOTAL FM JUL 1 0
DPTR FM NORMAL 0
[CDD (BASE 65) ]
TOTAL THIS MO. 390
DPTR FM NORMAL -84 [PRESSURE DATA]
TOTAL FM JAN 1 1470 HIGHEST SLP 30.18 ON 16
DPTR FM NORMAL -41 LOWEST SLP 29.59 ON 30
[REMARKS]
#FINAL-08-20#