000
CXUS53 KPAH 020001
CF6PAH
PRELIMINARY LOCAL CLIMATOLOGICAL DATA (WS FORM: F-6)
STATION: PADUCAH KY
MONTH: NOVEMBER
YEAR: 2021
LATITUDE: 37 4 N
LONGITUDE: 88 46 W
TEMPERATURE IN F: :PCPN: SNOW: WIND :SUNSHINE: SKY :PK WND
================================================================================
1 2 3 4 5 6A 6B 7 8 9 10 11 12 13 14 15 16 17 18
12Z AVG MX 2MIN
DY MAX MIN AVG DEP HDD CDD WTR SNW DPTH SPD SPD DIR MIN PSBL S-S WX SPD DR
================================================================================
1 59 38 49 -4 16 0 0.12 0.0 0 4.9 13 360 M M 4 18 350
2 54 38 46 -7 19 0 0.03 0.0 0 4.4 13 330 M M 4 1 20 340
3 52 30 41 -12 24 0 0.00 0.0 0 2.3 13 60 M M 0 20 40
4 54 28 41 -11 24 0 0.00 0.0 0 1.7 14 40 M M 0 20 50
5 58 27 43 -9 22 0 0.00 0.0 0 2.1 13 100 M M 0 18 110
6 62 29 46 -6 19 0 0.00 0.0 0 0.5 7 170 M M 0 18 11 160
7 67 31 49 -2 16 0 0.00 0.0 0 0.9 7 180 M M 0 18 10 180
8 71 35 53 2 12 0 0.00 0.0 0 2.5 10 220 M M 0 1 17 210
9 68 39 54 4 11 0 0.00 0.0 0 2.5 10 230 M M 0 17 220
10 70 44 57 7 8 0 0.00 0.0 0 3.9 12 180 M M 1 18 19 220
11 62 43 53 3 12 0 0.33 0.0 0 6.5 15 290 M M 5 18 25 300
12 52 38 45 -4 20 0 0.14 0.0 0 7.1 15 330 M M 6 1 26 240
13 48 30 39 -10 26 0 0.00 0.0 M 3.1 12 320 M M 2 19 310
14 55 35 45 -3 20 0 0.04 0.0 0 5.3 13 320 M M 4 23 280
15 60 31 46 -2 19 0 0.00 0.0 0 3.2 13 190 M M 3 22 200
16 70 39 55 7 10 0 0.00 0.0 0 3.3 12 200 M M 4 18 21 180
17 70 44 57 10 8 0 0.03 0.0 0 9.9 22 330 M M 7 1 32 340
18 52 29 41 -6 24 0 0.33 0.0 0 5.0 16 320 M M 3 1 26 10
19 49 27 38 -9 27 0 0.00 0.0 0 3.4 12 70 M M 0 16 90
20 57 31 44 -2 21 0 0.00 0.0 0 4.7 15 210 M M 5 24 210
21 55 38 47 1 18 0 0.27 M 0 3.6 13 360 M M 7 1 20 170
22 46 26 36 -10 29 0 0.00 0.0 0 5.0 13 310 M M 0 18 360
23 50 23 37 -8 28 0 0.00 0.0 0 4.3 12 170 M M 0 15 150
24 63 41 52 7 13 0 0.00 0.0 0 9.0 18 190 M M 2 34 180
25 57 29 43 -2 22 0 0.44 0.0 0 7.9 20 340 M M 8 18 29 330
26 43 24 34 -10 31 0 0.00 0.0 0 3.5 10 360 M M 0 17 10
27 60 29 45 1 20 0 0.00 0.0 0 5.6 16 220 M M 0 23 200
28 56 29 43 -1 22 0 0.00 0.0 0 5.4 13 340 M M 0 20 20
29 52 25 39 -4 26 0 0.00 0.0 0 3.5 12 220 M M 0 19 170
30 62 36 49 6 16 0 0.00 0.0 0 1.9 9 230 M M 0 8 17 210
================================================================================
SM 1734 986 583 0 1.73 0.0 126.9 M 65
================================================================================
AV 57.8 32.9 4.2 FASTST M M 2 MAX(MPH)
MISC ----> 22 330 34 180
================================================================================
NOTES:
# LAST OF SEVERAL OCCURRENCES
COLUMN 17 PEAK WIND IN M.P.H.
PRELIMINARY LOCAL CLIMATOLOGICAL DATA (WS FORM: F-6) , PAGE 2
STATION: PADUCAH KY
MONTH: NOVEMBER
YEAR: 2021
LATITUDE: 37 4 N
LONGITUDE: 88 46 W
[TEMPERATURE DATA] [PRECIPITATION DATA] SYMBOLS USED IN COLUMN 16
AVERAGE MONTHLY: 45.3 TOTAL FOR MONTH: 1.73 1 = FOG OR MIST
DPTR FM NORMAL: -2.7 DPTR FM NORMAL: -2.36 2 = FOG REDUCING VISIBILITY
HIGHEST: 71 ON 8 GRTST 24HR 0.44 ON 25-25 TO 1/4 MILE OR LESS
LOWEST: 23 ON 23 3 = THUNDER
SNOW, ICE PELLETS, HAIL 4 = ICE PELLETS
TOTAL MONTH: 0.0 INCH 5 = HAIL
GRTST 24HR 0.0 6 = FREEZING RAIN OR DRIZZLE
GRTST DEPTH: 0 7 = DUSTSTORM OR SANDSTORM:
VSBY 1/2 MILE OR LESS
8 = SMOKE OR HAZE
[NO. OF DAYS WITH] [WEATHER - DAYS WITH] 9 = BLOWING SNOW
X = TORNADO
MAX 32 OR BELOW: 0 0.01 INCH OR MORE: 9
MAX 90 OR ABOVE: 0 0.10 INCH OR MORE: 6
MIN 32 OR BELOW: 17 0.50 INCH OR MORE: 0
MIN 0 OR BELOW: 0 1.00 INCH OR MORE: 0
[HDD (BASE 65) ]
TOTAL THIS MO. 583 CLEAR (SCALE 0-3) 20
DPTR FM NORMAL 68 PTCLDY (SCALE 4-7) 10
TOTAL FM JUL 1 709 CLOUDY (SCALE 8-10) 0
DPTR FM NORMAL -47
[CDD (BASE 65) ]
TOTAL THIS MO. 0
DPTR FM NORMAL -5 [PRESSURE DATA]
TOTAL FM JAN 1 1760 HIGHEST SLP 30.57 ON 19
DPTR FM NORMAL 77 LOWEST SLP 29.74 ON 11
[REMARKS]
#FINAL-11-21#