000
CXUS53 KPAH 011637
CF6PAH
PRELIMINARY LOCAL CLIMATOLOGICAL DATA (WS FORM: F-6)
STATION: PADUCAH KY
MONTH: MAY
YEAR: 2020
LATITUDE: 37 4 N
LONGITUDE: 88 46 W
TEMPERATURE IN F: :PCPN: SNOW: WIND :SUNSHINE: SKY :PK WND
================================================================================
1 2 3 4 5 6A 6B 7 8 9 10 11 12 13 14 15 16 17 18
12Z AVG MX 2MIN
DY MAX MIN AVG DEP HDD CDD WTR SNW DPTH SPD SPD DIR MIN PSBL S-S WX SPD DR
================================================================================
1 77 43 60 -3 5 0 0.00 0.0 0 4.7 13 240 M M 0 21 260
2 84 61 73 10 0 8 0.00 0.0 0 9.1 21 240 M M 1 29 250
3 79 61 70 6 0 5 0.03 0.0 0 6.6 16 250 M M 5 13 22 240
4 77 53 65 1 0 0 0.34 0.0 0 6.3 22 100 M M 4 3 33 90
5 69 51 60 -4 5 0 0.00 0.0 0 8.1 18 320 M M 6 28 310
6 63 44 54 -10 11 0 0.01 0.0 0 8.8 20 340 M M 4 18 30 350
7 70 43 57 -8 8 0 T 0.0 0 7.3 17 260 M M 1 26 250
8 64 39 52 -13 13 0 0.79 0.0 0 8.0 24 350 M M 6 1 37 340
9 66 36 51 -14 14 0 0.00 0.0 0 4.0 14 340 M M 0 21 330
10 72 45 59 -7 6 0 0.00 0.0 0 10.1 26 260 M M 0 38 280
11 64 38 51 -15 14 0 0.00 0.0 0 6.3 16 270 M M 1 23 300
12 56 49 53 -13 12 0 0.14 0.0 0 4.5 10 100 M M 9 1 12 100
13 63 51 57 -9 8 0 0.87 0.0 0 6.3 13 160 M M 9 12 16 150
14 84 62 73 6 0 8 0.00 0.0 0 9.0 20 210 M M 2 33 220
15 78 66 72 5 0 7 0.36 0.0 0 6.0 15 260 M M 7 13 23 200
16 83 63 73 6 0 8 T 0.0 0 5.4 16 150 M M 4 1 21 190
17 83 63 73 6 0 8 0.66 0.0 0 7.7 18 250 M M 7 13 25 150
18 70 58 64 -4 1 0 T 0.0 0 5.9 15 280 M M 8 20 320
19 68 58 63 -5 2 0 0.22 0.0 0 5.1 12 350 M M 10 1 17 330
20 75 59 67 -1 0 2 0.06 0.0 0 5.6 15 60 M M 9 18 19 60
21 75 59 67 -1 0 2 0.00 0.0 0 3.5 10 60 M M 10 13 60
22 82 62 72 3 0 7 0.04 0.0 0 4.1 13 160 M M 7 19 190
23 88 64 76 7 0 11 0.00 0.0 0 7.2 16 240 M M 2 23 200
24 88 69 79 10 0 14 T 0.0 0 6.5 15 170 M M 1 22 160
25 91 65 78 8 0 13 0.43 0.0 0 7.1 28 140 M M 2 138 38 130
26 83 69 76 6 0 11 0.20 0.0 0 7.3 18 110 M M 4 1 27 180
27 80 68 74 4 0 9 0.59 0.0 0 6.9 14 140 M M 7 1 21 130
28 82 68 75 5 0 10 T 0.0 0 6.1 16 250 M M 5 3 23 220
29 81 60 71 0 0 6 T 0.0 0 5.4 16 330 M M 5 26 320
30 78 55 67 -4 0 2 0.00 0.0 0 5.6 17 30 M M 0 22 30
31 81 55 68 -3 0 3 0.00 0.0 0 3.5 13 70 M M 0 19 40
================================================================================
SM 2354 1737 99 134 4.74 0.0 198.0 M 136
================================================================================
AV 75.9 56.0 6.4 FASTST M M 4 MAX(MPH)
MISC ----> 28 140 # 38 280
================================================================================
NOTES:
# LAST OF SEVERAL OCCURRENCES
COLUMN 17 PEAK WIND IN M.P.H.
PRELIMINARY LOCAL CLIMATOLOGICAL DATA (WS FORM: F-6) , PAGE 2
STATION: PADUCAH KY
MONTH: MAY
YEAR: 2020
LATITUDE: 37 4 N
LONGITUDE: 88 46 W
[TEMPERATURE DATA] [PRECIPITATION DATA] SYMBOLS USED IN COLUMN 16
AVERAGE MONTHLY: 66.0 TOTAL FOR MONTH: 4.74 1 = FOG OR MIST
DPTR FM NORMAL: -1.2 DPTR FM NORMAL: -0.20 2 = FOG REDUCING VISIBILITY
HIGHEST: 91 ON 25 GRTST 24HR 0.97 ON 12-13 TO 1/4 MILE OR LESS
LOWEST: 36 ON 9 3 = THUNDER
SNOW, ICE PELLETS, HAIL 4 = ICE PELLETS
TOTAL MONTH: 0.0 INCH 5 = HAIL
GRTST 24HR 0.0 6 = FREEZING RAIN OR DRIZZLE
GRTST DEPTH: 0 7 = DUSTSTORM OR SANDSTORM:
VSBY 1/2 MILE OR LESS
8 = SMOKE OR HAZE
[NO. OF DAYS WITH] [WEATHER - DAYS WITH] 9 = BLOWING SNOW
X = TORNADO
MAX 32 OR BELOW: 0 0.01 INCH OR MORE: 14
MAX 90 OR ABOVE: 1 0.10 INCH OR MORE: 10
MIN 32 OR BELOW: 0 0.50 INCH OR MORE: 4
MIN 0 OR BELOW: 0 1.00 INCH OR MORE: 0
[HDD (BASE 65) ]
TOTAL THIS MO. 99 CLEAR (SCALE 0-3) 12
DPTR FM NORMAL 35 PTCLDY (SCALE 4-7) 13
TOTAL FM JUL 1 3768 CLOUDY (SCALE 8-10) 6
DPTR FM NORMAL -361
[CDD (BASE 65) ]
TOTAL THIS MO. 134
DPTR FM NORMAL 4 [PRESSURE DATA]
TOTAL FM JAN 1 163 HIGHEST SLP 30.31 ON 11
DPTR FM NORMAL -9 LOWEST SLP 29.68 ON 5
[REMARKS]
#FINAL-05-20#