921
CXUS54 KLZK 041346
CLSPBF
CLIMATE REPORT
NATIONAL WEATHER SERVICE LITTLE ROCK AR
838 AM CDT FRI SEP 04 2020
...................................
...THE PINE BLUFF CLIMATE SUMMARY FOR THE SEASON, FROM
6/1/2020 TO 8/31/2020...
CLIMATE NORMAL PERIOD 1981 TO 2010
CLIMATE RECORD PERIOD 1883 TO 2020
WEATHER OBSERVED NORMAL DEPART LAST YEAR`S
VALUE DATE(S) VALUE FROM VALUE DATE(S)
NORMAL
................................................................
TEMPERATURE (F)
RECORD
HIGH 112 08/15/1943
LOW 49 06/02/1984
06/03/1956
06/12/1903
HIGHEST 95 07/16 91 4 97 08/21
08/13
08/19
LOWEST 61 06/11 71 -10 56 06/14
06/02
AVG. MAXIMUM 89.1 91.0 -1.9 89.4
AVG. MINIMUM 70.3 70.5 -0.2 70.1
MEAN 79.7 80.8 -1.1 79.8
DAYS MAX >= 90 51 57.0 -6.0 54
DAYS MAX <= 32 0 0.0 0.0 0
DAYS MIN <= 32 0 0.0 0.0 0
DAYS MIN <= 0 0 0.0 0.0 0
PRECIPITATION (INCHES)
RECORD
MAXIMUM 20.33 1989
MINIMUM 0.66 1930
TOTALS 13.74 9.99 3.75 19.38
DAILY AVG. 0.15 0.11 0.04 0.21
DAYS >= .01 30 24.9 5.1 21
DAYS >= .10 19 14
DAYS >= .50 9 7
DAYS >= 1.00 3 2.8 0.2 5
GREATEST
24 HR. TOTAL 2.95 08/27 TO 08/28
STORM TOTAL 2.79
(MM/DD(HH))
SNOWFALL (INCHES)
TOTALS 0.0 0.0 0.0 0.0
LIQUID EQUIV 0.00 0.00 0.00 0.00
SINCE 7/1 0.0 0.0 0.0 MM
LIQUID 7/1 0.00 0.00 0.00 MM
SNOWDEPTH AVG. 0 0
DAYS >= TRACE 0 0.0 0.0 0
DAYS >= 1.0 0 0.0 0.0 0
GREATEST
SNOW DEPTH 0 0 MM
24 HR TOTAL 0.0 MM 0.0
STORM TOTAL 0.0 MM
DEGREE DAYS
HEATING TOTAL 0 0 0 0
SINCE 7/1 0 0 0 0
COOLING TOTAL 1376 1451 -75 1379
SINCE 1/1 1620 1758 -138 1695
FREEZE DATES
RECORD
EARLIEST 10/10/2000
LATEST 04/25/1910
EARLIEST MM
LATEST 03/07
................................................................
WIND (MPH)
AVERAGE WIND SPEED 5.6
HIGHEST WIND SPEED/DIRECTION 38/130 DATE 08/27
HIGHEST GUST SPEED/DIRECTION 52/120 DATE 08/27
SKY COVER
POSSIBLE SUNSHINE (PERCENT) MM
AVERAGE SKY COVER 0.20
NUMBER OF DAYS FAIR 77
NUMBER OF DAYS PC 14
NUMBER OF DAYS CLOUDY 1
WEATHER CONDITIONS. NUMBER OF DAYS WITH
THUNDERSTORM 25 MIXED PRECIP 0
HEAVY RAIN 14 RAIN 17
LIGHT RAIN 33 FREEZING RAIN 0
LT FREEZING RAIN 0 HAIL 0
HEAVY SNOW 0 SLEET 0
FOG 49 FOG W/VIS <= 1/4 MILE 6
HAZE 5
- INDICATES NEGATIVE NUMBERS.
R INDICATES RECORD WAS SET OR TIED.
MM INDICATES DATA IS MISSING.
T INDICATES TRACE AMOUNT.
&&
...DATA FOR PINE BLUFF FOR SUMMER 2020...
THE SUMMER WAS THE COOLEST IN TWO YEARS. THIS WAS ALSO THE 5TH SUMMER
IN A ROW WITH NO 100-DEGREE TEMPERATURES.
RAINFALL WAS ABOVE AVERAGE FOR THE 5TH SUMMER IN A ROW. THERE WERE
30 DAYS WITH MEASURABLE RAINFALL, WHICH WAS THE MOST IN THREE YEARS.
.SEASONAL TEMPERATURES...
THE AVERAGE HIGH TEMPERATURE WAS THE COOLEST SINCE 2017. THE AVERAGE
LOW TEMPERATURE WAS THE WARMEST SINCE 2018, BUT STILL BELOW THE 30-
YEAR MEAN. THE AVERAGE SEASONAL TEMPERATURE WAS THE COOLEST SINCE 2017.
.SEASONAL PRECIPITATION...
EVEN THOUGH RAINFALL WAS THREE AND THREE QUARTERS OF AN INCH ABOVE THE
30-YEAR MEAN, IT WAS THE DRIEST SUMMER SINCE 2018.
$$
57