000
CXUS52 KMFL 261030
CF6PBI
PRELIMINARY LOCAL CLIMATOLOGICAL DATA (WS FORM: F-6)
STATION: WEST PALM BEACH
MONTH: APRIL
YEAR: 2024
LATITUDE: 26 40 N
LONGITUDE: 80 7 W
TEMPERATURE IN F: :PCPN: SNOW: WIND :SUNSHINE: SKY :PK WND
================================================================================
1 2 3 4 5 6A 6B 7 8 9 10 11 12 13 14 15 16 17 18
12Z AVG MX 2MIN
DY MAX MIN AVG DEP HDD CDD WTR SNW DPTH SPD SPD DIR MIN PSBL S-S WX SPD DR
================================================================================
1 82 63 73 0 0 8 0.00 0.0 0 9.0 20 120 M M 5 28 130
2 85 67 76 3 0 11 0.00 0.0 0 9.0 20 140 M M 6 27 160
3 92 72 82 9 0 17 0.00 0.0 0 15.7 31 220 M M 6 3 44 190
4 80 67 74 1 0 9 0.61 0.0 0 10.4 20 320 M M 6 13 26 340
5 80 59 70 -3 0 5 0.00 0.0 0 8.1 16 320 M M 1 21 330
6 80 60 70 -4 0 5 0.00 0.0 0 7.1 15 300 M M 0 22 320
7 79 62 71 -3 0 6 0.00 0.0 0 8.5 16 50 M M 5 23 50
8 78 68 73 -1 0 8 0.00 0.0 0 13.2 21 100 M M 5 26 100
9 81 72 77 3 0 12 T 0.0 0 16.0 22 100 M M 7 29 100
10 83 73 78 4 0 13 0.00 0.0 0 16.1 24 130 M M 5 33 130
11 90 75 83 9 0 18 0.04 0.0 0 18.3 33 210 M M 7 44 200
12 80 67 74 0 0 9 0.00 0.0 0 9.6 20 320 M M 3 27 270
13 80 60 70 -4 0 5 0.00 0.0 0 11.1 18 20 M M 3 26 50
14 80 61 71 -4 0 6 0.00 0.0 0 7.6 17 70 M M 1 24 100
15 79 62 71 -4 0 6 0.00 0.0 0 6.9 16 80 M M 3 25 20
16 82 72 77 2 0 12 0.00 0.0 0 11.3 20 90 M M 5 28 90
17 82 73 78 3 0 13 0.00 0.0 0 10.8 20 90 M M 6 32 70
18 84 66 75 0 0 10 0.00 0.0 0 8.8 16 100 M M 4 23 80
19 85 68 77 2 0 12 0.00 0.0 0 6.9 16 120 M M 2 21 120
20 87 71 79 3 0 14 0.00 0.0 0 9.1 18 130 M M 2 24 120
21 88 72 80 4 0 15 0.11 M M 8.5 20 130 M M 4 138 27 140
22 86 70 78 2 0 13 T 0.0 0 10.6 21 360 M M 6 3 29 360
23 79 70 75 -1 0 10 0.00 0.0 0 11.9 18 50 M M 4 26 40
24 80 69 75 -1 0 10 0.00 0.0 0 9.5 16 90 M M 3 23 80
25 83 65 74 -2 0 9 0.00 0.0 0 8.4 17 80 M M 3 23 50
================================================================================
SM 2065 1684 0 256 0.76 0.0 262.4 M 102
================================================================================
AV 82.6 67.4 10.5 FASTST M M 4 MAX(MPH)
MISC ----> 33 210 # 44 190
================================================================================
NOTES:
# LAST OF SEVERAL OCCURRENCES
COLUMN 17 PEAK WIND IN M.P.H.
PRELIMINARY LOCAL CLIMATOLOGICAL DATA (WS FORM: F-6) , PAGE 2
STATION: WEST PALM BEACH
MONTH: APRIL
YEAR: 2024
LATITUDE: 26 40 N
LONGITUDE: 80 7 W
[TEMPERATURE DATA] [PRECIPITATION DATA] SYMBOLS USED IN COLUMN 16
AVERAGE MONTHLY: 75.0 TOTAL FOR MONTH: 0.76 1 = FOG OR MIST
DPTR FM NORMAL: 0.5 DPTR FM NORMAL: -2.34 2 = FOG REDUCING VISIBILITY
HIGHEST: 92 ON 3 GRTST 24HR 0.61 ON 4- 4 TO 1/4 MILE OR LESS
LOWEST: 59 ON 5 3 = THUNDER
SNOW, ICE PELLETS, HAIL 4 = ICE PELLETS
TOTAL MONTH: 0.0 INCH 5 = HAIL
GRTST 24HR 0.0 6 = FREEZING RAIN OR DRIZZLE
GRTST DEPTH: 0 7 = DUSTSTORM OR SANDSTORM:
VSBY 1/2 MILE OR LESS
8 = SMOKE OR HAZE
[NO. OF DAYS WITH] [WEATHER - DAYS WITH] 9 = BLOWING SNOW
X = TORNADO
MAX 32 OR BELOW: 0 0.01 INCH OR MORE: 3
MAX 90 OR ABOVE: 2 0.10 INCH OR MORE: 2
MIN 32 OR BELOW: 0 0.50 INCH OR MORE: 1
MIN 0 OR BELOW: 0 1.00 INCH OR MORE: 0
[HDD (BASE 65) ]
TOTAL THIS MO. 0 CLEAR (SCALE 0-3) 10
DPTR FM NORMAL 0 PTCLDY (SCALE 4-7) 15
TOTAL FM JUL 1 88 CLOUDY (SCALE 8-10) 0
DPTR FM NORMAL -111
[CDD (BASE 65) ]
TOTAL THIS MO. 256
DPTR FM NORMAL 16 [PRESSURE DATA]
TOTAL FM JAN 1 800 HIGHEST SLP M ON M
DPTR FM NORMAL 96 LOWEST SLP 29.71 ON 3
[REMARKS]