000
CXUS52 KMFL 011130
CF6PBI
PRELIMINARY LOCAL CLIMATOLOGICAL DATA (WS FORM: F-6)
STATION: WEST PALM BEACH
MONTH: NOVEMBER
YEAR: 2021
LATITUDE: 26 40 N
LONGITUDE: 80 7 W
TEMPERATURE IN F: :PCPN: SNOW: WIND :SUNSHINE: SKY :PK WND
================================================================================
1 2 3 4 5 6A 6B 7 8 9 10 11 12 13 14 15 16 17 18
12Z AVG MX 2MIN
DY MAX MIN AVG DEP HDD CDD WTR SNW DPTH SPD SPD DIR MIN PSBL S-S WX SPD DR
================================================================================
1 81 65 73 -3 0 8 0.00 0.0 0 9.0 16 90 M M 8 20 90
2 83 76 80 5 0 15 T 0.0 0 9.9 16 90 M M 8 20 80
3 84 69 77 2 0 12 T M M 8.4 16 80 M M 6 20 90
4 82 69 76 1 0 11 0.18 0.0 0 6.1 23 100 M M 6 1 26 100
5 76 69 73 -2 0 8 2.47 0.0 0 9.0 16 90 M M 9 13 22 90
6 75 62 69 -5 0 4 0.20 0.0 0 12.3 25 300 M M 6 1 30 300
7 75 58 67 -7 0 2 0.00 0.0 0 13.2 22 320 M M 5 28 280
8 78 60 69 -5 0 4 0.00 0.0 0 12.5 18 10 M M 3 23 360
9 81 60 71 -3 0 6 0.00 0.0 0 9.1 17 50 M M 6 23 40
10 82 61 72 -2 0 7 0.13 0.0 0 7.1 17 100 M M 4 22 100
11 83 63 73 -1 0 8 0.05 0.0 0 8.8 17 140 M M 7 21 160
12 83 72 78 4 0 13 T 0.0 0 5.2 18 270 M M 8 38 24 270
13 84 68 76 3 0 11 0.00 0.0 0 5.6 14 320 M M 6 17 250
14 75 61 68 -5 0 3 0.00 0.0 0 7.7 15 320 M M 6 18 310
15 78 54 66 -7 0 1 0.00 0.0 M 8.8 18 360 M M 6 22 330
16 80 59 70 -3 0 5 0.00 0.0 M 9.6 17 70 M M 5 23 60
17 82 74 78 5 0 13 0.00 0.0 M 14.4 21 100 M M 7 26 80
18 81 75 78 6 0 13 T 0.0 M 13.2 22 80 M M 8 29 80
19 80 71 76 4 0 11 2.99 0.0 0 12.5 22 50 M M 9 1 29 50
20 81 72 77 5 0 12 0.41 0.0 M 16.4 26 70 M M 9 18 36 80
21 82 73 78 6 0 13 0.11 0.0 M 11.2 25 80 M M 6 1 29 70
22 83 65 74 2 0 9 0.00 0.0 0 8.6 24 310 M M 5 12 30 310
23 71 56 64 -8 1 0 0.00 0.0 0 15.1 23 350 M M 2 32 10
24 75 52 64 -8 1 0 T 0.0 0 12.0 21 70 M M 8 25 60
25 78 66 72 0 0 7 T 0.0 0 8.1 16 80 M M 7 22 90
26 79 60 70 -2 0 5 0.00 0.0 0 6.0 17 280 M M 4 22 300
27 76 59 68 -3 0 3 0.00 0.0 0 6.1 13 40 M M 2 16 60
28 76 56 66 -5 0 1 0.00 0.0 0 4.6 10 290 M M 4 12 290
29 74 58 66 -5 0 1 T 0.0 0 7.6 23 330 M M 5 27 330
30 77 54 66 -5 0 1 0.00 0.0 0 4.9 13 40 M M 2 16 110
================================================================================
SM 2375 1917 2 207 6.54 0.0 283.0 M 177
================================================================================
AV 79.2 63.9 9.4 FASTST M M 6 MAX(MPH)
MISC ----> 26 70 36 80
================================================================================
NOTES:
# LAST OF SEVERAL OCCURRENCES
COLUMN 17 PEAK WIND IN M.P.H.
PRELIMINARY LOCAL CLIMATOLOGICAL DATA (WS FORM: F-6) , PAGE 2
STATION: WEST PALM BEACH
MONTH: NOVEMBER
YEAR: 2021
LATITUDE: 26 40 N
LONGITUDE: 80 7 W
[TEMPERATURE DATA] [PRECIPITATION DATA] SYMBOLS USED IN COLUMN 16
AVERAGE MONTHLY: 71.5 TOTAL FOR MONTH: 6.54 1 = FOG OR MIST
DPTR FM NORMAL: -1.5 DPTR FM NORMAL: 2.92 2 = FOG REDUCING VISIBILITY
HIGHEST: 84 ON 13, 3 GRTST 24HR 3.05 ON 19-20 TO 1/4 MILE OR LESS
LOWEST: 52 ON 24 3 = THUNDER
SNOW, ICE PELLETS, HAIL 4 = ICE PELLETS
TOTAL MONTH: 0.0 INCH 5 = HAIL
GRTST 24HR 0.0 6 = FREEZING RAIN OR DRIZZLE
GRTST DEPTH: 0 7 = DUSTSTORM OR SANDSTORM:
VSBY 1/2 MILE OR LESS
8 = SMOKE OR HAZE
[NO. OF DAYS WITH] [WEATHER - DAYS WITH] 9 = BLOWING SNOW
X = TORNADO
MAX 32 OR BELOW: 0 0.01 INCH OR MORE: 8
MAX 90 OR ABOVE: 0 0.10 INCH OR MORE: 7
MIN 32 OR BELOW: 0 0.50 INCH OR MORE: 2
MIN 0 OR BELOW: 0 1.00 INCH OR MORE: 2
[HDD (BASE 65) ]
TOTAL THIS MO. 2 CLEAR (SCALE 0-3) 4
DPTR FM NORMAL -8 PTCLDY (SCALE 4-7) 22
TOTAL FM JUL 1 2 CLOUDY (SCALE 8-10) 4
DPTR FM NORMAL -4
[CDD (BASE 65) ]
TOTAL THIS MO. 207
DPTR FM NORMAL -45 [PRESSURE DATA]
TOTAL FM JAN 1 4486 HIGHEST SLP 30.23 ON 24
DPTR FM NORMAL 492 LOWEST SLP 29.79 ON 6
[REMARKS]
#FINAL-11-21#