000
CXUS53 KARX 080948
CF6PDC
PRELIMINARY LOCAL CLIMATOLOGICAL DATA (WS FORM: F-6)
STATION: PRAIRIE_DU_CHIEN_MUN
MONTH: NOVEMBER
YEAR: 2020
LATITUDE: 43 1 N
LONGITUDE: 91 7 W
TEMPERATURE IN F: :PCPN: SNOW: WIND :SUNSHINE: SKY :PK WND
================================================================================
1 2 3 4 5 6A 6B 7 8 9 10 11 12 13 14 15 16 17 18
12Z AVG MX 2MIN
DY MAX MIN AVG DEP HDD CDD WTR SNW DPTH SPD SPD DIR MIN PSBL S-S WX SPD DR
================================================================================
1 40 25 33 M 32 0 0.00 0.0 0 13.8 25 280 M M 3 40 280
2 55 21 38 M 27 0 0.00 0.0 0 3.5 13 240 M M 0 18 240
3 69 30 50 M 15 0 0.00 0.0 0 1.7 7 190 M M 0 M M
4 M M M M M M 0.00 0.0 0 M M M M M M M M
5 M M M M M M 0.00 0.0 0 M M M M M M M M
6 M M M M M M 0.00 0.0 0 M M M M M M M M
7 M M M M M M 0.00 0.0 0 M M M M M M M M
8 M M M M M M 0.00 0.0 0 M M M M M M M M
9 M M M M M M M 0.0 0 M M M M M M M M
10 M M M M M M M M 0 M M M M M M M M
11 45 M M M M M 0.00 0.0 0 4.1 10 210 M M 0 M M
12 51 26 39 M 26 0 0.00 0.0 0 4.5 14 290 M M 4 1 25 310
13 37 22 30 M 35 0 0.00 0.0 0 6.4 15 300 M M 1 21 300
14 50 29 40 M 25 0 0.15 0.0 0 7.3 12 130 M M 7 1 17 120
15 50 29 40 M 25 0 0.07 0.0 0 17.1 29 270 M M 8 1 37 280
16 49 26 38 M 27 0 0.00 0.0 0 8.0 18 280 M M 3 29 290
17 40 25 33 M 32 0 0.00 0.0 0 3.9 10 300 M M 4 M M
18 53 32 43 M 22 0 0.00 0.0 0 9.0 14 160 M M 0 25 150
19 65 49 57 M 8 0 0.00 0.0 0 4.2 12 220 M M 0 17 150
20 50 33 42 M 23 0 0.00 0.0 0 6.2 12 320 M M 0 16 310
21 42 25 34 M 31 0 0.00 0.0 0 0.5 5 310 M M 0 1 M M
22 48 23 36 M 29 0 0.00 0.0 0 3.5 14 290 M M 5 18 270
23 41 25 33 M 32 0 0.00 0.0 0 2.8 8 300 M M 2 M M
24 38 32 35 M 30 0 M M M 5.2 12 110 M M 10 1 M M
25 39 37 38 M 27 0 0.00 0.0 0 2.7 7 330 M M 10 12 M M
26 41 36 39 M 26 0 0.00 0.0 0 4.7 12 210 M M 10 16 210
27 41 28 35 M 30 0 0.00 0.0 0 6.0 14 270 M M 3 18 280
28 54 26 40 M 25 0 0.00 0.0 0 3.0 8 230 M M 0 M M
29 41 29 35 M 30 0 T T 0 9.5 18 320 M M 5 27 310
30 32 19 26 M 39 0 0.00 0.0 0 8.2 15 330 M M 3 23 320
================================================================================
SM 1071 627 596 0 0.22 T 135.8 M 78
================================================================================
AV 46.6 28.5 5.9 FASTST M M 3 MAX(MPH)
MISC ----> 29 270 40 280
================================================================================
NOTES:
# LAST OF SEVERAL OCCURRENCES
COLUMN 17 PEAK WIND IN M.P.H.
PRELIMINARY LOCAL CLIMATOLOGICAL DATA (WS FORM: F-6) , PAGE 2
STATION: PRAIRIE_DU_CHIEN_MUN
MONTH: NOVEMBER
YEAR: 2020
LATITUDE: 43 1 N
LONGITUDE: 91 7 W
[TEMPERATURE DATA] [PRECIPITATION DATA] SYMBOLS USED IN COLUMN 16
AVERAGE MONTHLY: 37.5 TOTAL FOR MONTH: 0.22 1 = FOG OR MIST
DPTR FM NORMAL: 0.0 DPTR FM NORMAL: M 2 = FOG REDUCING VISIBILITY
HIGHEST: 69 ON 3 GRTST 24HR 0.15 ON 14-14 TO 1/4 MILE OR LESS
LOWEST: 19 ON 30 3 = THUNDER
SNOW, ICE PELLETS, HAIL 4 = ICE PELLETS
TOTAL MONTH: T 5 = HAIL
GRTST 24HR T ON 29-29 6 = FREEZING RAIN OR DRIZZLE
GRTST DEPTH: 0 7 = DUSTSTORM OR SANDSTORM:
VSBY 1/2 MILE OR LESS
8 = SMOKE OR HAZE
[NO. OF DAYS WITH] [WEATHER - DAYS WITH] 9 = BLOWING SNOW
X = TORNADO
MAX 32 OR BELOW: 1 0.01 INCH OR MORE: 2
MAX 90 OR ABOVE: 0 0.10 INCH OR MORE: 1
MIN 32 OR BELOW: 18 0.50 INCH OR MORE: 0
MIN 0 OR BELOW: 0 1.00 INCH OR MORE: 0
[HDD (BASE 65) ]
TOTAL THIS MO. 596 CLEAR (SCALE 0-3) 11
DPTR FM NORMAL M PTCLDY (SCALE 4-7) 8
TOTAL FM JUL 1 1291 CLOUDY (SCALE 8-10) 11
DPTR FM NORMAL M
[CDD (BASE 65) ]
TOTAL THIS MO. 0
DPTR FM NORMAL M [PRESSURE DATA]
TOTAL FM JAN 1 722 HIGHEST SLP M ON M
DPTR FM NORMAL M LOWEST SLP M ON M
[REMARKS]
#FINAL-11-20#