000
CXUS52 KFFC 011110
CF6PDK
PRELIMINARY LOCAL CLIMATOLOGICAL DATA (WS FORM: F-6)
STATION: DEKALB PEACHTREE AIRPORT
MONTH: JANUARY
YEAR: 2023
LATITUDE: 33 52 N
LONGITUDE: 84 18 W
TEMPERATURE IN F: :PCPN: SNOW: WIND :SUNSHINE: SKY :PK WND
================================================================================
1 2 3 4 5 6A 6B 7 8 9 10 11 12 13 14 15 16 17 18
12Z AVG MX 2MIN
DY MAX MIN AVG DEP HDD CDD WTR SNW DPTH SPD SPD DIR MIN PSBL S-S WX SPD DR
================================================================================
1 69 47 58 16 7 0 0.00 M M 2.6 12 280 M M 6 12 16 280
2 66 42 54 12 11 0 0.47 M M 0.4 10 280 M M 8 12 12 280
3 70 59 65 23 0 0 1.06 M M 6.0 16 310 M M 9 13 29 300
4 68 46 57 15 8 0 2.30 M M 5.5 40 260 M M 6 13 75 220
5 60 39 50 8 15 0 0.00 M M 5.8 17 250 M M 0 27 250
6 56 35 46 4 19 0 0.00 M M 6.0 15 280 M M 0 21 280
7 62 32 47 5 18 0 0.00 M M 1.1 7 310 M M 3 10 320
8 60 47 54 12 11 0 0.28 M M 4.2 15 240 M M 7 1 20 230
9 53 38 46 4 19 0 0.00 M M 7.4 17 320 M M 1 24 310
10 61 30 46 4 19 0 0.00 M M 2.1 10 230 M M 0 1 15 230
11 64 36 50 8 15 0 T M M 3.1 17 210 M M 7 23 210
12 68 52 60 18 5 0 0.59 M M 8.8 37 240 M M 7 138 60 240
13 52 35 44 2 21 0 T M M 15.2 25 330 M M 10 41 330
14 42 31 37 -5 28 0 0.00 M M 14.1 30 330 M M 4 42 300
15 55 26 41 -1 24 0 0.00 M M 2.0 9 290 M M 0 14 290
16 60 27 44 2 21 0 0.00 M M 3.4 12 210 M M 0 16 260
17 60 49 55 13 10 0 0.27 M M 5.9 13 230 M M 9 12 20 240
18 63 55 59 17 6 0 0.02 M M 2.9 12 170 M M 10 12 17 150
19 71 56 64 22 1 0 0.03 M M 11.8 22 240 M M 4 1 33 240
20 56 41 49 7 16 0 0.00 M M 10.1 18 280 M M 0 26 280
21 50 36 43 1 22 0 0.05 M M 5.4 14 300 M M 2 18 310
22 45 38 42 0 23 0 1.37 M M 3.8 12 300 M M 10 13 19 110
23 45 31 38 -4 27 0 T M M 8.7 22 320 M M 5 33 320
24 53 25 39 -3 26 0 0.00 M M 3.0 9 170 M M 0 1 16 100
25 64 41 53 11 12 0 0.95 M M 10.1 22 210 M M 9 138 29 210
26 47 33 40 -3 25 0 T M M 9.4 20 290 M M 4 40 320
27 50 29 40 -3 25 0 0.00 M M 6.3 17 310 M M 0 24 270
28 57 27 42 -1 23 0 0.00 M M 1.5 9 180 M M 1 12 180
29 53 38 46 3 19 0 0.51 M M 2.2 7 150 M M 8 1 11 140
30 58 47 53 10 12 0 0.50 M M 1.1 7 30 M M 10 1 10 30
31 67 53 60 17 5 0 0.08 M M 4.0 15 320 M M 10 12 21 320
================================================================================
SM 1805 1221 493 0 8.48 M 173.9 M 150
================================================================================
AV 58.2 39.4 5.6 FASTST M M 5 MAX(MPH)
MISC ----> 40 260 75 220
================================================================================
NOTES:
# LAST OF SEVERAL OCCURRENCES
COLUMN 17 PEAK WIND IN M.P.H.
PRELIMINARY LOCAL CLIMATOLOGICAL DATA (WS FORM: F-6) , PAGE 2
STATION: DEKALB PEACHTREE AIRPORT
MONTH: JANUARY
YEAR: 2023
LATITUDE: 33 52 N
LONGITUDE: 84 18 W
[TEMPERATURE DATA] [PRECIPITATION DATA] SYMBOLS USED IN COLUMN 16
AVERAGE MONTHLY: 48.8 TOTAL FOR MONTH: 8.48 1 = FOG OR MIST
DPTR FM NORMAL: 6.5 DPTR FM NORMAL: 3.91 2 = FOG REDUCING VISIBILITY
HIGHEST: 71 ON 19 GRTST 24HR 3.51 ON 3- 4 TO 1/4 MILE OR LESS
LOWEST: 25 ON 24 3 = THUNDER
SNOW, ICE PELLETS, HAIL 4 = ICE PELLETS
TOTAL MONTH: M 5 = HAIL
GRTST 24HR M ON M 6 = FREEZING RAIN OR DRIZZLE
GRTST DEPTH: M ON M 7 = DUSTSTORM OR SANDSTORM:
VSBY 1/2 MILE OR LESS
8 = SMOKE OR HAZE
[NO. OF DAYS WITH] [WEATHER - DAYS WITH] 9 = BLOWING SNOW
X = TORNADO
MAX 32 OR BELOW: 0 0.01 INCH OR MORE: 14
MAX 90 OR ABOVE: 0 0.10 INCH OR MORE: 10
MIN 32 OR BELOW: 9 0.50 INCH OR MORE: 7
MIN 0 OR BELOW: 0 1.00 INCH OR MORE: 3
[HDD (BASE 65) ]
TOTAL THIS MO. 493 CLEAR (SCALE 0-3) 12
DPTR FM NORMAL -211 PTCLDY (SCALE 4-7) 11
TOTAL FM JUL 1 1689 CLOUDY (SCALE 8-10) 8
DPTR FM NORMAL -200
[CDD (BASE 65) ]
TOTAL THIS MO. 0
DPTR FM NORMAL 0 [PRESSURE DATA]
TOTAL FM JAN 1 0 HIGHEST SLP 30.47 ON 28
DPTR FM NORMAL 0 LOWEST SLP 29.69 ON 25
[REMARKS]
#FINAL-01-23#