000
CXUS52 KFFC 011010
CF6PDK
PRELIMINARY LOCAL CLIMATOLOGICAL DATA (WS FORM: F-6)
STATION: DEKALB PEACHTREE AIRPORT
MONTH: JUNE
YEAR: 2020
LATITUDE: 33 52 N
LONGITUDE: 84 18 W
TEMPERATURE IN F: :PCPN: SNOW: WIND :SUNSHINE: SKY :PK WND
================================================================================
1 2 3 4 5 6A 6B 7 8 9 10 11 12 13 14 15 16 17 18
12Z AVG MX 2MIN
DY MAX MIN AVG DEP HDD CDD WTR SNW DPTH SPD SPD DIR MIN PSBL S-S WX SPD DR
================================================================================
1 82 63 73 -1 0 8 0.00 0.0 M 4.0 10 140 M M 2 18 90
2 87 61 74 0 0 9 0.00 M M 3.6 10 220 M M 1 15 240
3 86 66 76 2 0 11 0.00 M M 4.3 12 260 M M 1 15 250
4 88 68 78 4 0 13 0.83 M M 4.1 31 190 M M 3 138 44 180
5 81 68 75 0 0 10 0.59 M M 5.0 22 330 M M 2 13 29 320
6 87 65 76 1 0 11 0.00 M M 2.8 10 190 M M 1 1 14 200
7 86 68 77 2 0 12 0.00 M M 3.1 12 150 M M 1 15 140
8 84 73 79 4 0 14 0.00 M M 4.6 12 150 M M 6 3 16 130
9 85 72 79 3 0 14 0.47 M M 3.8 17 170 M M 7 13 26 200
10 84 72 78 2 0 13 0.83 M M 6.5 17 200 M M 8 123 23 190
11 82 66 74 -2 0 9 0.03 M M 8.2 17 330 M M 3 1 22 320
12 86 64 75 -1 0 10 0.02 M M 5.5 14 10 M M 5 22 360
13 86 66 76 -1 0 11 0.00 M M 2.7 12 10 M M 5 15 30
14 82 61 72 -5 0 7 0.18 M M 2.9 21 360 M M 3 13 27 20
15 80 59 70 -7 0 5 0.04 M M 3.4 23 20 M M 5 13 32 20
16 74 59 67 -10 0 2 0.00 M M 4.6 12 20 M M 8 19 90
17 76 58 67 -10 0 2 0.00 M M 4.0 10 330 M M 8 15 310
18 81 58 70 -7 0 5 0.00 M M 3.2 13 330 M M 3 1 16 320
19 86 61 74 -4 0 9 0.26 M M 2.0 33 340 M M 2 13 44 340
20 88 62 75 -3 0 10 0.00 0.0 M 3.8 13 320 M M 0 1 18 360
21 90 65 78 0 0 13 0.01 0.0 M 3.5 18 270 M M 2 1 26 260
22 87 66 77 -1 0 12 0.89 0.0 M 3.7 32 210 M M 2 138 51 200
23 85 68 77 -1 0 12 T 0.0 M 9.8 21 220 M M 7 27 210
24 82 69 76 -2 0 11 0.37 M M 6.0 20 350 M M 5 13 26 330
25 83 68 76 -3 0 11 0.06 0.0 M 6.1 13 210 M M 8 1 16 210
26 83 66 75 -4 0 10 T 0.0 M 8.1 21 270 M M 3 34 270
27 87 67 77 -2 0 12 0.15 0.0 M 4.4 33 330 M M 2 138 46 310
28 89 70 80 1 0 15 0.00 0.0 M 7.1 17 210 M M 2 1 23 280
29 92 72 82 3 0 17 0.00 M M 7.5 25 320 M M 1 32 330
30 90 70 80 1 0 15 0.12 0.0 M 4.6 22 10 M M 2 138 27 340
================================================================================
SM 2539 1971 0 313 4.85 0.0 142.9 M 108
================================================================================
AV 84.6 65.7 4.8 FASTST M M 4 MAX(MPH)
MISC ----> # 33 340 51 200
================================================================================
NOTES:
# LAST OF SEVERAL OCCURRENCES
COLUMN 17 PEAK WIND IN M.P.H.
PRELIMINARY LOCAL CLIMATOLOGICAL DATA (WS FORM: F-6) , PAGE 2
STATION: DEKALB PEACHTREE AIRPORT
MONTH: JUNE
YEAR: 2020
LATITUDE: 33 52 N
LONGITUDE: 84 18 W
[TEMPERATURE DATA] [PRECIPITATION DATA] SYMBOLS USED IN COLUMN 16
AVERAGE MONTHLY: 75.2 TOTAL FOR MONTH: 4.85 1 = FOG OR MIST
DPTR FM NORMAL: -1.6 DPTR FM NORMAL: 0.09 2 = FOG REDUCING VISIBILITY
HIGHEST: 92 ON 29 GRTST 24HR 1.42 ON 4- 5 TO 1/4 MILE OR LESS
LOWEST: 58 ON 18,17 3 = THUNDER
SNOW, ICE PELLETS, HAIL 4 = ICE PELLETS
TOTAL MONTH: 0.0 INCH 5 = HAIL
GRTST 24HR 0.0 6 = FREEZING RAIN OR DRIZZLE
GRTST DEPTH: M ON M 7 = DUSTSTORM OR SANDSTORM:
VSBY 1/2 MILE OR LESS
8 = SMOKE OR HAZE
[NO. OF DAYS WITH] [WEATHER - DAYS WITH] 9 = BLOWING SNOW
X = TORNADO
MAX 32 OR BELOW: 0 0.01 INCH OR MORE: 15
MAX 90 OR ABOVE: 3 0.10 INCH OR MORE: 10
MIN 32 OR BELOW: 0 0.50 INCH OR MORE: 4
MIN 0 OR BELOW: 0 1.00 INCH OR MORE: 0
[HDD (BASE 65) ]
TOTAL THIS MO. 0 CLEAR (SCALE 0-3) 19
DPTR FM NORMAL 0 PTCLDY (SCALE 4-7) 10
TOTAL FM JUL 1 2638 CLOUDY (SCALE 8-10) 1
DPTR FM NORMAL -304
[CDD (BASE 65) ]
TOTAL THIS MO. 313
DPTR FM NORMAL -40 [PRESSURE DATA]
TOTAL FM JAN 1 490 HIGHEST SLP 30.22 ON 16
DPTR FM NORMAL -74 LOWEST SLP 29.80 ON 23
[REMARKS]
#FINAL-06-20#