000
CXUS56 KPQR 011538
CLMPDX
CLIMATE REPORT
NATIONAL WEATHER SERVICE PORTLAND OREGON
738 AM PST FRI MAR 01 2024
...................................
...THE PORTLAND OR CLIMATE SUMMARY FOR THE MONTH OF FEBRUARY 2024...
CLIMATE NORMAL PERIOD 1991 TO 2020
CLIMATE RECORD PERIOD 1940 TO 2024
WEATHER OBSERVED NORMAL DEPART LAST YEAR`S
VALUE DATE(S) VALUE FROM VALUE DATE(S)
NORMAL
................................................................
TEMPERATURE (F)
HIGHEST 63 57 02/09
LOWEST 31 18 02/25
AVG. MAXIMUM 52.9 51.5 1.4 48.0
AVG. MINIMUM 39.5 36.8 2.7 34.5
MEAN 46.2 44.1 2.1 41.3
DAYS MAX >= 90 0 0.0 0.0 0
DAYS MAX <= 32 0 0.3 -0.3 1
DAYS MIN <= 32 1 7.2 -6.2 10
DAYS MIN <= 0 0 0.0 0.0 0
PRECIPITATION (INCHES)
RECORD
MAXIMUM 10.36 2017
MINIMUM 0.72 1993
TOTALS 4.29 3.68 0.61 2.49
DAYS >= .01 19 15.7 3.3 15
DAYS >= .10 9 9.3 -0.3 8
DAYS >= .50 3 1.9 1.1 1
DAYS >= 1.00 1 0.5 0.5 0
GREATEST
24 HR. TOTAL 1.41 02/28 TO 02/29
SNOWFALL (INCHES)
TOTALS 0.0
SINCE 7/1 1.6
DEGREE DAYS
HEATING TOTAL 539 584 -45 658
SINCE 7/1 2662 2980 -318 MM
COOLING TOTAL 0 0 0 0
SINCE 1/1 0 0 0 MM
................................................................
WIND (MPH)
AVERAGE WIND SPEED 8.0
RESULTANT WIND SPEED/DIRECTION 5/130
HIGHEST WIND SPEED/DIRECTION 37/090 DATE 02/16
HIGHEST GUST SPEED/DIRECTION 47/100 DATE 02/16
SKY COVER
POSSIBLE SUNSHINE (PERCENT) MM
AVERAGE SKY COVER 0.80
NUMBER OF DAYS FAIR 2
NUMBER OF DAYS PC 7
NUMBER OF DAYS CLOUDY 20
AVERAGE RH (PERCENT) 72
WEATHER CONDITIONS. NUMBER OF DAYS WITH
THUNDERSTORM 0 MIXED PRECIP 0
HEAVY RAIN 2 RAIN 8
LIGHT RAIN 20 FREEZING RAIN 0
LT FREEZING RAIN 0 HAIL 0
HEAVY SNOW 0 SNOW 0
LIGHT SNOW 1 SLEET 0
FOG 20 FOG W/VIS <= 1/4 MILE 5
HAZE 3
- INDICATES NEGATIVE NUMBERS.
R INDICATES RECORD WAS SET OR TIED.
MM INDICATES DATA IS MISSING.
T INDICATES TRACE AMOUNT.
$$