000
CXUS54 KEWX 011110
CF6PEZ
PRELIMINARY LOCAL CLIMATOLOGICAL DATA (WS FORM: F-6)
STATION: PLEASANTON MUNICIPAL AIRPORT
MONTH: FEBRUARY
YEAR: 2023
LATITUDE: 28 57 N
LONGITUDE: 98 31 W
TEMPERATURE IN F: :PCPN: SNOW: WIND :SUNSHINE: SKY :PK WND
================================================================================
1 2 3 4 5 6A 6B 7 8 9 10 11 12 13 14 15 16 17 18
12Z AVG MX 2MIN
DY MAX MIN AVG DEP HDD CDD WTR SNW DPTH SPD SPD DIR MIN PSBL S-S WX SPD DR
================================================================================
1 38 33 36 M 29 0 0.27 M M 5.6 9 320 M M 10 1 16 360
2 50 36 43 M 22 0 0.00 M M 4.8 9 330 M M 9 1 16 350
3 60 32 46 M 19 0 0.00 M M 4.3 12 40 M M 0 1 16 20
4 68 32 50 M 15 0 0.00 M M 2.4 12 200 M M 3 12 17 160
5 78 38 58 M 7 0 0.00 M M 2.1 8 160 M M 2 12 M M
6 82 53 68 M 0 3 0.00 M M 7.2 20 190 M M 6 12 24 190
7 76 67 72 M 0 7 0.00 M M 8.2 13 160 M M 9 20 110
8 71 41 56 M 9 0 0.31 M M 5.8 14 320 M M 6 18 320
9 76 38 57 M 8 0 0.00 M M 2.5 7 140 M M 0 1 M M
10 61 40 51 M 14 0 0.00 M M 9.5 17 340 M M 2 30 350
11 65 33 49 M 16 0 0.00 M M 5.0 13 360 M M 0 18 360
12 67 31 49 M 16 0 0.00 M M 2.2 7 210 M M 0 M M
13 76 45 61 M 4 0 0.00 M M 7.1 15 140 M M 3 25 150
14 85 48 67 M 0 2 0.00 M M 8.1 18 300 M M 4 29 260
15 87 53 70 M 0 5 0.00 M M 5.8 12 150 M M 4 12 21 150
16 71 46 59 M 6 0 0.00 M M 11.1 17 350 M M 7 1 27 20
17 58 34 46 M 19 0 0.00 M M 6.1 13 30 M M 0 20 360
18 62 32 47 M 18 0 0.00 M M 1.7 9 150 M M 0 M M
19 81 40 61 M 4 0 0.00 M M 3.3 8 160 M M 1 M M
20 84 60 72 M 0 7 0.00 M M 3.5 9 180 M M 6 16 180
21 91 55 73 M 0 8 0.00 M M 7.9 17 160 M M 1 1 25 180
22 94 69 82 M 0 17 0.00 M M 7.9 21 170 M M 3 30 170
23 82 64 73 M 0 8 0.00 M M 8.5 15 40 M M 7 12 20 30
24 69 58 64 M 1 0 0.00 M M 10.9 15 60 M M 10 20 30
25 74 54 64 M 1 0 0.00 M M 8.1 12 50 M M 8 8 18 40
26 84 67 76 M 0 11 0.00 M M 9.0 17 150 M M 7 25 130
27 88 63 76 M 0 11 0.00 M M 5.7 13 310 M M 3 1 18 0
28 88 54 71 M 0 6 0.00 M M 3.9 12 140 M M 4 12 18 130
================================================================================
SM 2066 1316 208 85 0.58 M 168.2 M 115
================================================================================
AV 73.8 47.0 6.0 FASTST M M 4 MAX(MPH)
MISC ----> 21 170 30 350
================================================================================
NOTES:
# LAST OF SEVERAL OCCURRENCES
COLUMN 17 PEAK WIND IN M.P.H.
PRELIMINARY LOCAL CLIMATOLOGICAL DATA (WS FORM: F-6) , PAGE 2
STATION: PLEASANTON MUNICIPAL AIRPORT
MONTH: FEBRUARY
YEAR: 2023
LATITUDE: 28 57 N
LONGITUDE: 98 31 W
[TEMPERATURE DATA] [PRECIPITATION DATA] SYMBOLS USED IN COLUMN 16
AVERAGE MONTHLY: 60.4 TOTAL FOR MONTH: 0.58 1 = FOG OR MIST
DPTR FM NORMAL: 0.0 DPTR FM NORMAL: 0.58 2 = FOG REDUCING VISIBILITY
HIGHEST: 94 ON 22 GRTST 24HR 0.31 ON 8- 8 TO 1/4 MILE OR LESS
LOWEST: 31 ON 12 3 = THUNDER
SNOW, ICE PELLETS, HAIL 4 = ICE PELLETS
TOTAL MONTH: M 5 = HAIL
GRTST 24HR M ON M 6 = FREEZING RAIN OR DRIZZLE
GRTST DEPTH: M ON M 7 = DUSTSTORM OR SANDSTORM:
VSBY 1/2 MILE OR LESS
8 = SMOKE OR HAZE
[NO. OF DAYS WITH] [WEATHER - DAYS WITH] 9 = BLOWING SNOW
X = TORNADO
MAX 32 OR BELOW: 0 0.01 INCH OR MORE: 2
MAX 90 OR ABOVE: 2 0.10 INCH OR MORE: 2
MIN 32 OR BELOW: 4 0.50 INCH OR MORE: 0
MIN 0 OR BELOW: 0 1.00 INCH OR MORE: 0
[HDD (BASE 65) ]
TOTAL THIS MO. 208 CLEAR (SCALE 0-3) 12
DPTR FM NORMAL M PTCLDY (SCALE 4-7) 12
TOTAL FM JUL 1 967 CLOUDY (SCALE 8-10) 4
DPTR FM NORMAL M
[CDD (BASE 65) ]
TOTAL THIS MO. 85
DPTR FM NORMAL M [PRESSURE DATA]
TOTAL FM JAN 1 119 HIGHEST SLP M ON M
DPTR FM NORMAL M LOWEST SLP M ON M
[REMARKS]
#FINAL-02-23#