000
CXUS54 KEWX 011010
CF6PEZ
PRELIMINARY LOCAL CLIMATOLOGICAL DATA (WS FORM: F-6)
STATION: PLEASANTON MUNICIPAL AIRPORT
MONTH: MAY
YEAR: 2022
LATITUDE: 28 57 N
LONGITUDE: 98 31 W
TEMPERATURE IN F: :PCPN: SNOW: WIND :SUNSHINE: SKY :PK WND
================================================================================
1 2 3 4 5 6A 6B 7 8 9 10 11 12 13 14 15 16 17 18
12Z AVG MX 2MIN
DY MAX MIN AVG DEP HDD CDD WTR SNW DPTH SPD SPD DIR MIN PSBL S-S WX SPD DR
================================================================================
1 95 72 84 M 0 19 0.00 M M 10.1 16 130 M M 4 25 130
2 87 72 80 M 0 15 0.28 M M 10.8 17 140 M M 6 3 36 120
3 94 75 85 M 0 20 0.00 M M 9.4 15 190 M M 7 21 150
4 92 76 84 M 0 19 0.00 M M 11.2 20 160 M M 9 28 160
5 91 76 84 M 0 19 0.00 M M 7.7 14 190 M M 6 23 170
6 101 71 86 M 0 21 0.00 M M 6.4 13 50 M M 5 17 50
7 106 73 90 M 0 25 0.00 M M 8.2 18 140 M M 2 1 24 150
8 103 77 90 M 0 25 0.00 M M 11.0 20 110 M M 5 28 110
9 99 76 88 M 0 23 0.00 M M 10.8 18 110 M M 5 30 120
10 98 77 88 M 0 23 0.04 M M 11.1 18 140 M M 5 29 140
11 98 73 86 M 0 21 0.00 M M 8.4 16 150 M M 2 23 170
12 98 67 83 M 0 18 0.00 M M 7.8 17 140 M M 2 1 24 140
13 94 73 84 M 0 19 0.00 M M 7.5 14 160 M M 3 23 160
14 101 71 86 M 0 21 0.00 M M 7.2 15 140 M M 2 24 140
15 101 65 83 M 0 18 0.00 M M 5.3 10 150 M M 0 17 150
16 101 70 86 M 0 21 0.00 M M 8.1 17 140 M M 1 24 140
17 103 70 87 M 0 22 0.00 M M 9.1 20 140 M M 1 25 140
18 104 71 88 M 0 23 0.00 M M 9.8 20 180 M M 1 25 180
19 101 73 87 M 0 22 0.00 M M 9.9 17 150 M M 3 25 150
20 100 77 89 M 0 24 0.00 M M 11.6 20 120 M M 4 8 25 120
21 105 71 88 M 0 23 0.03 M M 9.0 18 100 M M 3 13 23 120
22 90 67 79 M 0 14 0.00 M M 11.4 25 100 M M 2 3 31 100
23 89 70 80 M 0 15 0.07 M M 7.5 18 140 M M 6 29 140
24 92 68 80 M 0 15 0.33 M M 7.2 30 170 M M 3 8 38 170
25 89 64 77 M 0 12 0.18 M M 7.4 15 340 M M 1 3 38 360
26 98 59 79 M 0 14 0.00 M M 3.3 12 220 M M 0 M M
27 101 70 86 M 0 21 0.00 M M 4.1 10 190 M M 2 M M
28 101 74 88 M 0 23 0.00 M M 8.7 15 150 M M 2 21 190
29 100 76 88 M 0 23 0.00 M M 12.5 21 130 M M 4 30 130
30 98 78 88 M 0 23 0.00 M M 14.4 20 160 M M 6 29 170
31 100 79 90 M 0 25 0.00 M M 11.0 17 150 M M 5 24 150
================================================================================
SM 3030 2231 0 626 0.93 M 277.8 M 107
================================================================================
AV 97.7 72.0 9.0 FASTST M M 3 MAX(MPH)
MISC ----> 30 170 # 38 170
================================================================================
NOTES:
# LAST OF SEVERAL OCCURRENCES
COLUMN 17 PEAK WIND IN M.P.H.
PRELIMINARY LOCAL CLIMATOLOGICAL DATA (WS FORM: F-6) , PAGE 2
STATION: PLEASANTON MUNICIPAL AIRPORT
MONTH: MAY
YEAR: 2022
LATITUDE: 28 57 N
LONGITUDE: 98 31 W
[TEMPERATURE DATA] [PRECIPITATION DATA] SYMBOLS USED IN COLUMN 16
AVERAGE MONTHLY: 84.9 TOTAL FOR MONTH: 0.93 1 = FOG OR MIST
DPTR FM NORMAL: 0.0 DPTR FM NORMAL: M 2 = FOG REDUCING VISIBILITY
HIGHEST: 106 ON 7 GRTST 24HR 0.33 ON 24-24 TO 1/4 MILE OR LESS
LOWEST: 59 ON 26 3 = THUNDER
SNOW, ICE PELLETS, HAIL 4 = ICE PELLETS
TOTAL MONTH: M 5 = HAIL
GRTST 24HR M ON M 6 = FREEZING RAIN OR DRIZZLE
GRTST DEPTH: M ON M 7 = DUSTSTORM OR SANDSTORM:
VSBY 1/2 MILE OR LESS
8 = SMOKE OR HAZE
[NO. OF DAYS WITH] [WEATHER - DAYS WITH] 9 = BLOWING SNOW
X = TORNADO
MAX 32 OR BELOW: 0 0.01 INCH OR MORE: 6
MAX 90 OR ABOVE: 28 0.10 INCH OR MORE: 3
MIN 32 OR BELOW: 0 0.50 INCH OR MORE: 0
MIN 0 OR BELOW: 0 1.00 INCH OR MORE: 0
[HDD (BASE 65) ]
TOTAL THIS MO. 0 CLEAR (SCALE 0-3) 17
DPTR FM NORMAL M PTCLDY (SCALE 4-7) 13
TOTAL FM JUL 1 1067 CLOUDY (SCALE 8-10) 1
DPTR FM NORMAL M
[CDD (BASE 65) ]
TOTAL THIS MO. 626
DPTR FM NORMAL M [PRESSURE DATA]
TOTAL FM JAN 1 1121 HIGHEST SLP M ON M
DPTR FM NORMAL M LOWEST SLP M ON M
[REMARKS]
#FINAL-05-22#