000
CXUS51 KPBZ 010730
CF6PHD
PRELIMINARY LOCAL CLIMATOLOGICAL DATA (WS FORM: F-6)
STATION: NEW PHILADELPHIA OH
MONTH: MAY
YEAR: 2021
LATITUDE: 40 28 N
LONGITUDE: 81 25 W
TEMPERATURE IN F: :PCPN: SNOW: WIND :SUNSHINE: SKY :PK WND
================================================================================
1 2 3 4 5 6A 6B 7 8 9 10 11 12 13 14 15 16 17 18
12Z AVG MX 2MIN
DY MAX MIN AVG DEP HDD CDD WTR SNW DPTH SPD SPD DIR MIN PSBL S-S WX SPD DR
================================================================================
1 66 30 48 -9 17 0 0.00 M M 5.2 18 200 M M 0 23 230
2 81 52 67 10 0 2 0.00 M M 5.5 15 200 M M 0 23 220
3 71 56 64 7 1 0 0.47 M M 4.7 15 240 M M 9 1 24 210
4 72 57 65 7 0 0 0.65 M M 5.7 16 260 M M 9 13 26 250
5 58 38 48 -10 17 0 0.07 M M 6.7 17 330 M M 10 1 23 320
6 59 35 47 -11 18 0 0.00 M M 2.5 10 250 M M 8 12 17 310
7 58 44 51 -7 14 0 0.41 M M 5.1 20 340 M M 8 1 27 350
8 55 43 49 -10 16 0 0.01 M M 6.4 18 340 M M 7 24 320
9 45 40 43 -16 22 0 1.33 M M 6.2 16 110 M M 10 1 19 120
10 61 37 49 -10 16 0 0.00 M M 5.4 15 310 M M 5 1 21 300
11 56 35 46 -14 19 0 0.01 M M 5.9 17 340 M M 4 1 23 330
12 63 33 48 -12 17 0 0.00 M M 4.9 16 340 M M 3 21 340
13 68 32 50 -10 15 0 0.00 M M 2.9 15 330 M M 2 20 340
14 71 35 53 -7 12 0 0.00 M M 1.1 10 340 M M 1 14 320
15 73 37 55 -6 10 0 0.00 M M 2.0 10 310 M M 2 12 310
16 73 50 62 1 3 0 0.00 M M 1.7 8 60 M M 4 12 230
17 75 47 61 0 4 0 0.00 M M 1.8 12 90 M M 0 14 130
18 80 45 63 1 2 0 0.00 M M 2.0 12 180 M M 0 1 16 190
19 86 48 67 5 0 2 0.00 M M 2.9 9 130 M M 1 1 14 140
20 88 54 71 9 0 6 0.00 M M 3.8 12 130 M M 0 19 140
21 89 55 72 9 0 7 0.00 M M 3.5 14 190 M M 0 17 170
22 86 57 72 9 0 7 0.00 M M 3.9 17 330 M M 2 24 330
23 89 59 74 11 0 9 0.00 M M 4.6 15 290 M M 3 18 310
24 84 66 75 11 0 10 T M M 4.3 10 310 M M 6 18 14 300
25 89 65 77 13 0 12 0.00 M M 4.9 14 200 M M 1 1 23 190
26 86 64 75 11 0 10 0.05 M M 5.5 20 240 M M 4 1 29 230
27 78 54 66 2 0 1 0.00 M M 3.1 12 320 M M 2 12 17 360
28 64 47 56 -9 9 0 0.36 M M 6.3 16 340 M M 8 1 23 350
29 52 46 49 -16 16 0 0.04 M M 7.5 14 340 M M 10 1 17 70
30 65 48 57 -8 8 0 0.00 M M 3.6 7 110 M M 9 M M
31 73 44 59 -7 6 0 0.00 M M 1.5 9 160 M M 3 12 12 140
================================================================================
SM 2214 1453 242 66 3.40 M 131.1 M 131
================================================================================
AV 71.4 46.9 4.2 FASTST M M 4 MAX(MPH)
MISC ----> # 20 340 29 230
================================================================================
NOTES:
# LAST OF SEVERAL OCCURRENCES
COLUMN 17 PEAK WIND IN M.P.H.
PRELIMINARY LOCAL CLIMATOLOGICAL DATA (WS FORM: F-6) , PAGE 2
STATION: NEW PHILADELPHIA OH
MONTH: MAY
YEAR: 2021
LATITUDE: 40 28 N
LONGITUDE: 81 25 W
[TEMPERATURE DATA] [PRECIPITATION DATA] SYMBOLS USED IN COLUMN 16
AVERAGE MONTHLY: 59.1 TOTAL FOR MONTH: 3.40 1 = FOG OR MIST
DPTR FM NORMAL: -2.0 DPTR FM NORMAL: -0.37 2 = FOG REDUCING VISIBILITY
HIGHEST: 89 ON 25,23 GRTST 24HR 1.33 ON 9- 9 TO 1/4 MILE OR LESS
LOWEST: 30 ON 1 3 = THUNDER
SNOW, ICE PELLETS, HAIL 4 = ICE PELLETS
TOTAL MONTH: M 5 = HAIL
GRTST 24HR M ON M 6 = FREEZING RAIN OR DRIZZLE
GRTST DEPTH: M ON M 7 = DUSTSTORM OR SANDSTORM:
VSBY 1/2 MILE OR LESS
8 = SMOKE OR HAZE
[NO. OF DAYS WITH] [WEATHER - DAYS WITH] 9 = BLOWING SNOW
X = TORNADO
MAX 32 OR BELOW: 0 0.01 INCH OR MORE: 10
MAX 90 OR ABOVE: 0 0.10 INCH OR MORE: 5
MIN 32 OR BELOW: 2 0.50 INCH OR MORE: 2
MIN 0 OR BELOW: 0 1.00 INCH OR MORE: 1
[HDD (BASE 65) ]
TOTAL THIS MO. 242 CLEAR (SCALE 0-3) 14
DPTR FM NORMAL 68 PTCLDY (SCALE 4-7) 10
TOTAL FM JUL 1 5277 CLOUDY (SCALE 8-10) 7
DPTR FM NORMAL -264
[CDD (BASE 65) ]
TOTAL THIS MO. 66
DPTR FM NORMAL 12 [PRESSURE DATA]
TOTAL FM JAN 1 69 HIGHEST SLP M ON M
DPTR FM NORMAL 7 LOWEST SLP 29.59 ON 3
[REMARKS]
#FINAL-05-21#