000
CXUS51 KPBZ 230730
CF6PHD
PRELIMINARY LOCAL CLIMATOLOGICAL DATA (WS FORM: F-6)
STATION: NEW PHILADELPHIA OH
MONTH: APRIL
YEAR: 2024
LATITUDE: 40 28 N
LONGITUDE: 81 25 W
TEMPERATURE IN F: :PCPN: SNOW: WIND :SUNSHINE: SKY :PK WND
================================================================================
1 2 3 4 5 6A 6B 7 8 9 10 11 12 13 14 15 16 17 18
12Z AVG MX 2MIN
DY MAX MIN AVG DEP HDD CDD WTR SNW DPTH SPD SPD DIR MIN PSBL S-S WX SPD DR
================================================================================
1 62 47 55 9 10 0 1.20 M M 4.7 15 340 M M 10 13 19 350
2 68 52 60 14 5 0 1.86 M M 6.9 18 130 M M 9 13 23 180
3 63 36 50 3 15 0 0.10 M M 6.4 24 270 M M 8 1 38 260
4 47 35 41 -6 24 0 0.11 M M 6.1 16 290 M M 9 18 24 290
5 43 36 40 -8 25 0 0.01 M M 10.1 24 330 M M 10 18 34 330
6 54 33 44 -4 21 0 0.00 M M 6.5 18 310 M M 7 26 310
7 62 27 45 -3 20 0 0.00 M M 2.4 12 120 M M 1 12 15 110
8 73 46 60 11 5 0 0.11 M M 4.0 12 260 M M 5 1 18 220
9 75 48 62 13 3 0 0.23 M M 5.0 21 190 M M 6 13 33 180
10 63 57 60 11 5 0 0.21 M M 2.5 8 170 M M 10 1 13 230
11 66 57 62 12 3 0 0.90 M M 5.9 16 110 M M 9 1 24 120
12 60 47 54 4 11 0 0.46 M M 13.2 28 300 M M 10 1 48 300
13 61 42 52 2 13 0 0.00 M M 10.1 21 290 M M 1 32 300
14 81 40 61 10 4 0 0.03 M M 8.6 25 250 M M 1 3 38 250
15 75 50 63 12 2 0 0.06 M M 4.7 13 20 M M 3 13 19 290
16 81 42 62 10 3 0 0.00 M M 3.3 10 110 M M 1 15 110
17 79 53 66 14 0 1 0.36 M M 6.6 30 290 M M 6 13 52 280
18 74 52 63 11 2 0 0.00 M M 4.1 13 310 M M 4 19 260
19 65 51 58 5 7 0 0.01 M M 7.4 16 270 M M 5 25 300
20 54 40 47 -6 18 0 0.00 M M 8.2 22 290 M M 7 35 220
21 49 33 41 -12 24 0 0.00 M M 5.6 16 320 M M 6 23 300
22 62 30 46 -8 19 0 0.00 M M 1.9 13 240 M M 0 17 250
================================================================================
SM 1417 954 239 1 5.65 M 134.2 M 128
================================================================================
AV 64.4 43.4 6.1 FASTST M M 6 MAX(MPH)
MISC ----> 30 290 52 280
================================================================================
NOTES:
# LAST OF SEVERAL OCCURRENCES
COLUMN 17 PEAK WIND IN M.P.H.
PRELIMINARY LOCAL CLIMATOLOGICAL DATA (WS FORM: F-6) , PAGE 2
STATION: NEW PHILADELPHIA OH
MONTH: APRIL
YEAR: 2024
LATITUDE: 40 28 N
LONGITUDE: 81 25 W
[TEMPERATURE DATA] [PRECIPITATION DATA] SYMBOLS USED IN COLUMN 16
AVERAGE MONTHLY: 53.9 TOTAL FOR MONTH: 5.65 1 = FOG OR MIST
DPTR FM NORMAL: 4.0 DPTR FM NORMAL: 2.91 2 = FOG REDUCING VISIBILITY
HIGHEST: 81 ON 16,14 GRTST 24HR 2.18 ON 1- 2 TO 1/4 MILE OR LESS
LOWEST: 27 ON 7 3 = THUNDER
SNOW, ICE PELLETS, HAIL 4 = ICE PELLETS
TOTAL MONTH: M 5 = HAIL
GRTST 24HR M ON M 6 = FREEZING RAIN OR DRIZZLE
GRTST DEPTH: M ON M 7 = DUSTSTORM OR SANDSTORM:
VSBY 1/2 MILE OR LESS
8 = SMOKE OR HAZE
[NO. OF DAYS WITH] [WEATHER - DAYS WITH] 9 = BLOWING SNOW
X = TORNADO
MAX 32 OR BELOW: 0 0.01 INCH OR MORE: 14
MAX 90 OR ABOVE: 0 0.10 INCH OR MORE: 10
MIN 32 OR BELOW: 2 0.50 INCH OR MORE: 3
MIN 0 OR BELOW: 0 1.00 INCH OR MORE: 2
[HDD (BASE 65) ]
TOTAL THIS MO. 239 CLEAR (SCALE 0-3) 6
DPTR FM NORMAL -97 PTCLDY (SCALE 4-7) 9
TOTAL FM JUL 1 4370 CLOUDY (SCALE 8-10) 7
DPTR FM NORMAL -914
[CDD (BASE 65) ]
TOTAL THIS MO. 1
DPTR FM NORMAL 1 [PRESSURE DATA]
TOTAL FM JAN 1 1 HIGHEST SLP M ON M
DPTR FM NORMAL 0 LOWEST SLP 29.21 ON 11
[REMARKS]