000
CXUS51 KPHI 010815
CF6PHL
PRELIMINARY LOCAL CLIMATOLOGICAL DATA (WS FORM: F-6)
STATION: PHILADELPHIA PA
MONTH: MAY
YEAR: 2023
LATITUDE: 39 52 N
LONGITUDE: 75 15 W
TEMPERATURE IN F: :PCPN: SNOW: WIND :SUNSHINE: SKY :PK WND
================================================================================
1 2 3 4 5 6A 6B 7 8 9 10 11 12 13 14 15 16 17 18
12Z AVG MX 2MIN
DY MAX MIN AVG DEP HDD CDD WTR SNW DPTH SPD SPD DIR MIN PSBL S-S WX SPD DR
================================================================================
1 63 50 57 -3 8 0 0.04 0.0 0 16.5 29 270 M M 7 35 230
2 56 47 52 -8 13 0 T 0.0 0 14.1 25 250 M M 9 31 280
3 53 46 50 -11 15 0 0.02 0.0 0 9.0 16 260 M M 9 22 290
4 60 45 53 -8 12 0 T 0.0 0 8.1 15 350 M M 6 21 350
5 64 44 54 -7 11 0 T 0.0 0 4.3 12 80 M M 7 1 14 70
6 72 45 59 -3 6 0 0.00 0.0 0 5.7 13 320 M M 2 19 330
7 76 50 63 1 2 0 T 0.0 0 6.6 15 220 M M 6 20 220
8 77 56 67 5 0 2 0.00 0.0 0 7.5 17 330 M M 6 25 330
9 70 51 61 -1 4 0 0.00 0.0 0 7.7 16 240 M M 7 21 20
10 73 45 59 -4 6 0 0.00 0.0 0 4.8 12 240 M M 2 19 210
11 80 52 66 3 0 1 0.00 0.0 0 7.8 20 260 M M 3 24 250
12 87 57 72 9 0 7 0.00 0.0 0 7.1 16 240 M M 6 19 230
13 74 60 67 4 0 2 0.02 0.0 0 6.0 13 240 M M 9 19 280
14 76 57 67 3 0 2 0.00 0.0 0 11.0 20 350 M M 6 26 360
15 75 51 63 -1 2 0 0.00 0.0 0 9.2 17 240 M M 4 23 210
16 80 56 68 4 0 3 0.00 0.0 0 11.2 20 240 M M 6 28 220
17 68 50 59 -6 6 0 0.00 0.0 0 13.4 22 340 M M 4 30 330
18 69 44 57 -8 8 0 0.00 0.0 0 6.9 16 110 M M 3 20 110
19 73 49 61 -4 4 0 0.00 0.0 0 6.7 16 190 M M 6 20 160
20 71 55 63 -2 2 0 0.16 0.0 0 6.9 15 260 M M 9 1 20 260
21 77 56 67 1 0 2 T 0.0 0 9.6 21 320 M M 6 27 330
22 79 56 68 2 0 3 0.00 0.0 0 5.8 13 150 M M 3 17 140
23 75 53 64 -2 1 0 0.00 0.0 0 8.1 14 100 M M 7 18 30
24 81 50 66 0 0 1 T 0.0 0 8.0 26 20 M M 4 34 10
25 71 53 62 -5 3 0 T 0.0 0 11.3 24 10 M M 4 30 360
26 75 51 63 -4 2 0 0.00 0.0 0 5.9 14 190 M M 4 19 340
27 80 52 66 -1 0 1 0.00 0.0 0 5.3 15 80 M M 6 18 170
28 79 53 66 -2 0 1 0.00 0.0 0 3.3 10 90 M M 7 15 20
29 82 58 70 2 0 5 0.00 0.0 0 9.2 24 80 M M 7 29 70
30 76 52 64 -4 1 0 0.00 0.0 0 11.0 17 60 M M 3 25 40
31 80 50 65 -4 0 0 0.00 0.0 0 6.2 12 100 M M 2 8 18 40
================================================================================
SM 2272 1594 106 30 0.24 0.0 254.2 M 170
================================================================================
AV 73.3 51.4 8.2 FASTST M M 5 MAX(MPH)
MISC ----> 29 270 35 230
================================================================================
NOTES:
# LAST OF SEVERAL OCCURRENCES
COLUMN 17 PEAK WIND IN M.P.H.
PRELIMINARY LOCAL CLIMATOLOGICAL DATA (WS FORM: F-6) , PAGE 2
STATION: PHILADELPHIA PA
MONTH: MAY
YEAR: 2023
LATITUDE: 39 52 N
LONGITUDE: 75 15 W
[TEMPERATURE DATA] [PRECIPITATION DATA] SYMBOLS USED IN COLUMN 16
AVERAGE MONTHLY: 62.4 TOTAL FOR MONTH: 0.24 1 = FOG OR MIST
DPTR FM NORMAL: -1.9 DPTR FM NORMAL: -3.10 2 = FOG REDUCING VISIBILITY
HIGHEST: 87 ON 12 GRTST 24HR 1.15 ON 30- 1 TO 1/4 MILE OR LESS
LOWEST: 44 ON 18, 5 3 = THUNDER
SNOW, ICE PELLETS, HAIL 4 = ICE PELLETS
TOTAL MONTH: 0.0 INCH 5 = HAIL
GRTST 24HR 0.0 6 = FREEZING RAIN OR DRIZZLE
GRTST DEPTH: 0 7 = DUSTSTORM OR SANDSTORM:
VSBY 1/2 MILE OR LESS
8 = SMOKE OR HAZE
[NO. OF DAYS WITH] [WEATHER - DAYS WITH] 9 = BLOWING SNOW
X = TORNADO
MAX 32 OR BELOW: 0 0.01 INCH OR MORE: 4
MAX 90 OR ABOVE: 0 0.10 INCH OR MORE: 1
MIN 32 OR BELOW: 0 0.50 INCH OR MORE: 0
MIN 0 OR BELOW: 0 1.00 INCH OR MORE: 0
[HDD (BASE 65) ]
TOTAL THIS MO. 106 CLEAR (SCALE 0-3) 6
DPTR FM NORMAL 2 PTCLDY (SCALE 4-7) 21
TOTAL FM JUL 1 3737 CLOUDY (SCALE 8-10) 4
DPTR FM NORMAL -764
[CDD (BASE 65) ]
TOTAL THIS MO. 30
DPTR FM NORMAL -52 [PRESSURE DATA]
TOTAL FM JAN 1 56 HIGHEST SLP 30.35 ON 18
DPTR FM NORMAL -42 LOWEST SLP 29.18 ON 1
[REMARKS]
#FINAL-05-23#