000
CXUS51 KPHI 010915
CF6PHL
PRELIMINARY LOCAL CLIMATOLOGICAL DATA (WS FORM: F-6)
STATION: PHILADELPHIA PA
MONTH: FEBRUARY
YEAR: 2023
LATITUDE: 39 52 N
LONGITUDE: 75 15 W
TEMPERATURE IN F: :PCPN: SNOW: WIND :SUNSHINE: SKY :PK WND
================================================================================
1 2 3 4 5 6A 6B 7 8 9 10 11 12 13 14 15 16 17 18
12Z AVG MX 2MIN
DY MAX MIN AVG DEP HDD CDD WTR SNW DPTH SPD SPD DIR MIN PSBL S-S WX SPD DR
================================================================================
1 39 29 34 0 31 0 0.01 0.3 T 6.9 14 290 M M 7 1 19 330
2 41 28 35 1 30 0 0.00 0.0 0 8.4 18 230 M M 8 23 230
3 37 17 27 -7 38 0 T T 0 18.5 31 300 M M 6 41 300
4 28 15 22 -12 43 0 0.00 0.0 0 9.0 26 320 M M 2 40 330
5 52 25 39 5 26 0 0.00 0.0 0 8.5 18 220 M M 9 24 200
6 53 32 43 9 22 0 0.00 0.0 0 11.2 29 320 M M 6 37 330
7 46 27 37 3 28 0 T 0.0 0 5.7 14 190 M M 7 18 190
8 58 35 47 13 18 0 0.01 0.0 0 5.8 18 330 M M 6 1 23 330
9 61 32 47 12 18 0 0.00 0.0 0 6.9 17 200 M M 8 24 190
10 63 43 53 18 12 0 0.00 0.0 0 14.7 26 290 M M 5 34 280
11 49 37 43 8 22 0 0.00 0.0 0 8.1 22 310 M M 5 29 310
12 46 35 41 6 24 0 0.11 0.0 0 7.3 21 10 M M 10 27 30
13 59 40 50 15 15 0 0.00 0.0 0 13.1 21 270 M M 6 25 270
14 56 40 48 12 17 0 0.00 0.0 0 7.1 23 310 M M 4 31 320
15 68 41 55 19 10 0 0.00 0.0 0 10.3 25 210 M M 8 31 210
16 62 48 55 19 10 0 0.17 0.0 0 4.1 20 280 M M 8 13 26 280
17 62 36 49 13 16 0 0.63 0.0 0 14.8 36 320 M M 10 12 44 320
18 43 29 36 0 29 0 0.00 0.0 0 11.8 28 330 M M 3 36 320
19 54 32 43 6 22 0 0.00 0.0 0 8.2 22 180 M M 7 27 190
20 63 42 53 16 12 0 0.00 0.0 0 8.0 16 240 M M 7 22 210
21 58 41 50 13 15 0 0.04 0.0 0 8.7 38 250 M M 7 45 250
22 47 36 42 5 23 0 0.04 0.0 0 6.6 15 60 M M 8 19 80
23 64 42 53 15 12 0 T 0.0 0 7.4 16 110 M M 7 18 20 120
24 54 33 44 6 21 0 0.00 0.0 0 13.7 31 310 M M 5 1 38 320
25 36 27 32 -6 33 0 T T 0 6.6 16 10 M M 8 21 10
26 53 30 42 4 23 0 0.00 0.0 0 12.1 21 240 M M 6 28 240
27 51 35 43 4 22 0 0.24 T 0 8.6 21 120 M M 6 14 25 120
28 45 36 41 2 24 0 0.07 0.0 0 7.7 24 80 M M 7 1 29 90
================================================================================
SM 1448 943 616 0 1.32 0.3 259.8 M 186
================================================================================
AV 51.7 33.7 9.3 FASTST M M 7 MAX(MPH)
MISC ----> 38 250 45 250
================================================================================
NOTES:
# LAST OF SEVERAL OCCURRENCES
COLUMN 17 PEAK WIND IN M.P.H.
PRELIMINARY LOCAL CLIMATOLOGICAL DATA (WS FORM: F-6) , PAGE 2
STATION: PHILADELPHIA PA
MONTH: FEBRUARY
YEAR: 2023
LATITUDE: 39 52 N
LONGITUDE: 75 15 W
[TEMPERATURE DATA] [PRECIPITATION DATA] SYMBOLS USED IN COLUMN 16
AVERAGE MONTHLY: 42.7 TOTAL FOR MONTH: 1.32 1 = FOG OR MIST
DPTR FM NORMAL: 6.8 DPTR FM NORMAL: -1.43 2 = FOG REDUCING VISIBILITY
HIGHEST: 68 ON 15 GRTST 24HR 0.80 ON 16-17 TO 1/4 MILE OR LESS
LOWEST: 15 ON 4 3 = THUNDER
SNOW, ICE PELLETS, HAIL 4 = ICE PELLETS
TOTAL MONTH: 0.3 INCH 5 = HAIL
GRTST 24HR 0.3 ON 1- 1 6 = FREEZING RAIN OR DRIZZLE
GRTST DEPTH: T 7 = DUSTSTORM OR SANDSTORM:
VSBY 1/2 MILE OR LESS
8 = SMOKE OR HAZE
[NO. OF DAYS WITH] [WEATHER - DAYS WITH] 9 = BLOWING SNOW
X = TORNADO
MAX 32 OR BELOW: 1 0.01 INCH OR MORE: 9
MAX 90 OR ABOVE: 0 0.10 INCH OR MORE: 4
MIN 32 OR BELOW: 12 0.50 INCH OR MORE: 1
MIN 0 OR BELOW: 0 1.00 INCH OR MORE: 0
[HDD (BASE 65) ]
TOTAL THIS MO. 616 CLEAR (SCALE 0-3) 1
DPTR FM NORMAL -199 PTCLDY (SCALE 4-7) 24
TOTAL FM JUL 1 2802 CLOUDY (SCALE 8-10) 3
DPTR FM NORMAL -596
[CDD (BASE 65) ]
TOTAL THIS MO. 0
DPTR FM NORMAL 0 [PRESSURE DATA]
TOTAL FM JAN 1 0 HIGHEST SLP 30.69 ON 4
DPTR FM NORMAL 0 LOWEST SLP 29.50 ON 28
[REMARKS]
#FINAL-02-23#