000
CXUS55 KPSR 011005
CF6PHX
PRELIMINARY LOCAL CLIMATOLOGICAL DATA (WS FORM: F-6)
STATION: PHOENIX AZ
MONTH: NOVEMBER
YEAR: 2022
LATITUDE: 33 25 N
LONGITUDE: 112 1 W
TEMPERATURE IN F: :PCPN: SNOW: WIND :SUNSHINE: SKY :PK WND
================================================================================
1 2 3 4 5 6A 6B 7 8 9 10 11 12 13 14 15 16 17 18
12Z AVG MX 2MIN
DY MAX MIN AVG DEP HDD CDD WTR SNW DPTH SPD SPD DIR MIN PSBL S-S WX SPD DR
================================================================================
1 81 61 71 0 0 6 0.00 0.0 0 5.5 12 100 M M 7 14 110
2 80 59 70 -1 0 5 0.00 0.0 0 9.5 18 230 M M 6 23 210
3 68 50 59 -11 6 0 T 0.0 0 9.8 28 270 M M 7 3 41 240
4 64 45 55 -15 10 0 0.00 0.0 0 3.1 10 300 M M 2 22 320
5 70 48 59 -11 6 0 0.00 0.0 0 3.7 9 90 M M 7 12 140
6 79 49 64 -5 1 0 0.00 0.0 0 4.4 10 100 M M 1 13 80
7 79 55 67 -2 0 2 0.00 0.0 0 4.7 12 110 M M 5 14 110
8 81 54 68 0 0 3 0.00 0.0 0 7.4 16 170 M M 2 21 170
9 72 56 64 -4 1 0 0.04 0.0 0 8.9 26 280 M M 7 18 30 280
10 69 50 60 -8 5 0 0.00 0.0 0 5.1 13 280 M M 3 21 310
11 70 47 59 -8 6 0 0.00 0.0 0 3.8 14 60 M M 4 23 340
12 74 47 61 -6 4 0 0.00 0.0 0 3.2 8 160 M M 2 13 130
13 69 46 58 -8 7 0 0.00 0.0 0 8.4 22 280 M M 1 31 280
14 67 45 56 -10 9 0 0.00 0.0 0 4.2 10 70 M M 1 16 140
15 71 44 58 -7 7 0 0.00 0.0 0 3.9 10 260 M M 3 13 260
16 70 43 57 -8 8 0 0.00 0.0 0 6.4 18 40 M M 0 26 20
17 71 45 58 -6 7 0 0.00 0.0 0 5.2 20 70 M M 2 27 50
18 72 47 60 -4 5 0 0.00 0.0 0 3.9 12 80 M M 6 14 80
19 73 45 59 -5 6 0 0.00 0.0 0 4.9 17 70 M M 2 24 60
20 72 54 63 0 2 0 0.00 0.0 0 8.1 20 70 M M 0 30 50
21 74 47 61 -2 4 0 0.00 0.0 0 3.8 18 80 M M 4 8 24 80
22 75 48 62 0 3 0 0.00 0.0 0 2.9 12 90 M M 7 16 100
23 73 45 59 -3 6 0 0.00 0.0 0 4.0 13 270 M M 2 17 290
24 71 44 58 -3 7 0 0.00 0.0 0 6.6 16 20 M M 1 23 20
25 72 44 58 -3 7 0 0.00 0.0 0 3.2 10 260 M M 0 15 250
26 70 44 57 -4 8 0 0.00 0.0 0 4.6 12 100 M M 1 14 100
27 69 42 56 -4 9 0 0.00 0.0 0 4.2 10 140 M M 1 13 140
28 72 47 60 0 5 0 0.00 0.0 0 5.7 10 100 M M 6 15 110
29 67 46 57 -2 8 0 0.00 0.0 0 5.5 10 90 M M 1 17 360
30 73 47 60 1 5 0 0.00 0.0 0 4.3 12 90 M M 2 20 290
================================================================================
SM 2168 1444 152 16 0.04 0.0 158.9 M 93
================================================================================
AV 72.3 48.1 5.3 FASTST M M 3 MAX(MPH)
MISC ----> 28 270 41 240
================================================================================
NOTES:
# LAST OF SEVERAL OCCURRENCES
COLUMN 17 PEAK WIND IN M.P.H.
PRELIMINARY LOCAL CLIMATOLOGICAL DATA (WS FORM: F-6) , PAGE 2
STATION: PHOENIX AZ
MONTH: NOVEMBER
YEAR: 2022
LATITUDE: 33 25 N
LONGITUDE: 112 1 W
[TEMPERATURE DATA] [PRECIPITATION DATA] SYMBOLS USED IN COLUMN 16
AVERAGE MONTHLY: 60.2 TOTAL FOR MONTH: 0.04 1 = FOG OR MIST
DPTR FM NORMAL: -4.9 DPTR FM NORMAL: -0.53 2 = FOG REDUCING VISIBILITY
HIGHEST: 81 ON 8, 1 GRTST 24HR 0.04 ON 9- 9 TO 1/4 MILE OR LESS
LOWEST: 42 ON 27 3 = THUNDER
SNOW, ICE PELLETS, HAIL 4 = ICE PELLETS
TOTAL MONTH: 0.0 INCH 5 = HAIL
GRTST 24HR 0.0 6 = FREEZING RAIN OR DRIZZLE
GRTST DEPTH: 0 7 = DUSTSTORM OR SANDSTORM:
VSBY 1/2 MILE OR LESS
8 = SMOKE OR HAZE
[NO. OF DAYS WITH] [WEATHER - DAYS WITH] 9 = BLOWING SNOW
X = TORNADO
MAX 32 OR BELOW: 0 0.01 INCH OR MORE: 1
MAX 90 OR ABOVE: 0 0.10 INCH OR MORE: 0
MIN 32 OR BELOW: 0 0.50 INCH OR MORE: 0
MIN 0 OR BELOW: 0 1.00 INCH OR MORE: 0
[HDD (BASE 65) ]
TOTAL THIS MO. 152 CLEAR (SCALE 0-3) 19
DPTR FM NORMAL 67 PTCLDY (SCALE 4-7) 11
TOTAL FM JUL 1 152 CLOUDY (SCALE 8-10) 0
DPTR FM NORMAL 62
[CDD (BASE 65) ]
TOTAL THIS MO. 16
DPTR FM NORMAL -72 [PRESSURE DATA]
TOTAL FM JAN 1 5030 HIGHEST SLP 30.31 ON 25
DPTR FM NORMAL 268 LOWEST SLP 29.70 ON 28
[REMARKS]
#FINAL-11-22#