000
CXUS55 KPSR 011005
CF6PHX
PRELIMINARY LOCAL CLIMATOLOGICAL DATA (WS FORM: F-6)
STATION: PHOENIX AZ
MONTH: DECEMBER
YEAR: 2020
LATITUDE: 33 25 N
LONGITUDE: 112 1 W
TEMPERATURE IN F: :PCPN: SNOW: WIND :SUNSHINE: SKY :PK WND
================================================================================
1 2 3 4 5 6A 6B 7 8 9 10 11 12 13 14 15 16 17 18
12Z AVG MX 2MIN
DY MAX MIN AVG DEP HDD CDD WTR SNW DPTH SPD SPD DIR MIN PSBL S-S WX SPD DR
================================================================================
1 71 45 58 0 7 0 0.00 0.0 0 4.6 10 100 M M 0 15 330
2 69 44 57 -1 8 0 0.00 0.0 0 8.5 20 40 M M 0 27 40
3 66 48 57 0 8 0 0.00 0.0 0 7.5 20 50 M M 0 25 50
4 68 41 55 -2 10 0 0.00 0.0 0 3.6 8 80 M M 0 12 330
5 71 42 57 0 8 0 0.00 0.0 0 3.9 10 80 M M 0 12 350
6 71 42 57 1 8 0 0.00 0.0 0 3.3 10 80 M M 1 14 340
7 80 44 62 6 3 0 0.00 0.0 0 8.1 20 70 M M 4 24 60
8 79 52 66 10 0 1 0.00 0.0 0 7.6 17 80 M M 4 20 70
9 80 53 67 11 0 2 0.01 0.0 0 5.0 14 200 M M 3 20 260
10 61 52 57 1 8 0 0.44 0.0 0 5.9 14 290 M M 8 1 21 290
11 65 48 57 1 8 0 0.00 0.0 0 4.3 9 60 M M 6 1 12 170
12 66 47 57 2 8 0 0.00 0.0 0 7.2 18 350 M M 5 24 350
13 61 40 51 -4 14 0 0.00 0.0 0 6.8 16 40 M M 3 22 350
14 63 44 54 -1 11 0 0.00 0.0 0 7.1 20 270 M M 4 24 260
15 62 39 51 -4 14 0 0.00 0.0 0 2.4 12 240 M M 1 14 260
16 64 40 52 -3 13 0 0.00 0.0 0 3.0 8 110 M M 1 14 310
17 63 42 53 -2 12 0 0.00 0.0 0 3.0 9 130 M M 5 13 310
18 65 40 53 -2 12 0 0.00 0.0 0 3.8 10 80 M M 1 13 300
19 68 40 54 -1 11 0 0.00 0.0 0 2.2 8 130 M M 0 14 320
20 69 40 55 0 10 0 0.00 0.0 0 3.5 9 100 M M 0 12 310
21 76 43 60 5 5 0 0.00 0.0 0 3.0 9 90 M M 1 11 110
22 70 45 58 4 7 0 0.00 0.0 0 5.0 13 80 M M 3 14 90
23 69 41 55 0 10 0 0.00 0.0 0 6.5 21 20 M M 4 8 26 20
24 61 38 50 -5 15 0 0.00 0.0 0 5.2 17 60 M M 8 20 70
25 71 42 57 2 8 0 0.00 0.0 0 3.4 13 70 M M 4 16 80
26 70 44 57 2 8 0 0.00 0.0 0 4.0 12 80 M M 1 14 80
27 71 43 57 2 8 0 0.00 0.0 0 4.1 15 100 M M 5 17 100
28 68 50 59 4 6 0 0.00 0.0 0 7.8 26 300 M M 6 32 310
29 61 44 53 -2 12 0 0.00 0.0 0 2.9 13 290 M M 4 15 320
30 65 40 53 -2 12 0 0.00 0.0 0 5.2 14 340 M M 2 20 350
31 60 41 51 -4 14 0 0.00 0.0 M 5.1 13 100 M M 6 8 15 100
================================================================================
SM 2104 1354 278 3 0.45 0.0 153.5 M 90
================================================================================
AV 67.9 43.7 5.0 FASTST M M 3 MAX(MPH)
MISC ----> 26 300 32 310
================================================================================
NOTES:
# LAST OF SEVERAL OCCURRENCES
COLUMN 17 PEAK WIND IN M.P.H.
PRELIMINARY LOCAL CLIMATOLOGICAL DATA (WS FORM: F-6) , PAGE 2
STATION: PHOENIX AZ
MONTH: DECEMBER
YEAR: 2020
LATITUDE: 33 25 N
LONGITUDE: 112 1 W
[TEMPERATURE DATA] [PRECIPITATION DATA] SYMBOLS USED IN COLUMN 16
AVERAGE MONTHLY: 55.8 TOTAL FOR MONTH: 0.45 1 = FOG OR MIST
DPTR FM NORMAL: 0.4 DPTR FM NORMAL: -0.43 2 = FOG REDUCING VISIBILITY
HIGHEST: 80 ON 9, 7 GRTST 24HR 0.45 ON 9-10 TO 1/4 MILE OR LESS
LOWEST: 38 ON 24 3 = THUNDER
SNOW, ICE PELLETS, HAIL 4 = ICE PELLETS
TOTAL MONTH: 0.0 INCH 5 = HAIL
GRTST 24HR 0.0 6 = FREEZING RAIN OR DRIZZLE
GRTST DEPTH: 0 7 = DUSTSTORM OR SANDSTORM:
VSBY 1/2 MILE OR LESS
8 = SMOKE OR HAZE
[NO. OF DAYS WITH] [WEATHER - DAYS WITH] 9 = BLOWING SNOW
X = TORNADO
MAX 32 OR BELOW: 0 0.01 INCH OR MORE: 2
MAX 90 OR ABOVE: 0 0.10 INCH OR MORE: 1
MIN 32 OR BELOW: 0 0.50 INCH OR MORE: 0
MIN 0 OR BELOW: 0 1.00 INCH OR MORE: 0
[HDD (BASE 65) ]
TOTAL THIS MO. 278 CLEAR (SCALE 0-3) 15
DPTR FM NORMAL -20 PTCLDY (SCALE 4-7) 15
TOTAL FM JUL 1 367 CLOUDY (SCALE 8-10) 1
DPTR FM NORMAL -30
[CDD (BASE 65) ]
TOTAL THIS MO. 3
DPTR FM NORMAL 2 [PRESSURE DATA]
TOTAL FM JAN 1 5419 HIGHEST SLP 30.39 ON 24
DPTR FM NORMAL 812 LOWEST SLP 29.74 ON 28
[REMARKS]
#FINAL-12-20#