000
CXUS54 KBRO 010900
CF6PIL
PRELIMINARY LOCAL CLIMATOLOGICAL DATA (WS FORM: F-6)
STATION: BAYVIEW
MONTH: MARCH
YEAR: 2020
LATITUDE: 26 10 N
LONGITUDE: 97 20 W
TEMPERATURE IN F: :PCPN: SNOW: WIND :SUNSHINE: SKY :PK WND
================================================================================
1 2 3 4 5 6A 6B 7 8 9 10 11 12 13 14 15 16 17 18
12Z AVG MX 2MIN
DY MAX MIN AVG DEP HDD CDD WTR SNW DPTH SPD SPD DIR MIN PSBL S-S WX SPD DR
================================================================================
1 82 67 75 9 0 10 0.00 0.0 0 17.7 31 180 M M 5 42 180
2 83 67 75 9 0 10 0.00 0.0 0 13.9 23 160 M M 7 1 29 150
3 76 66 71 5 0 6 T 0.0 0 9.3 16 90 M M 8 18 21 110
4 83 60 72 6 0 7 0.01 0.0 0 11.4 33 330 M M 6 18 40 340
5 73 58 66 0 0 1 0.00 0.0 0 13.9 25 20 M M 0 34 330
6 75 51 63 -4 2 0 0.00 0.0 0 9.7 20 30 M M 0 25 60
7 73 58 66 -1 0 1 0.00 0.0 0 9.4 16 70 M M 0 21 80
8 78 60 69 2 0 4 0.00 0.0 0 13.0 24 120 M M 1 30 130
9 79 68 74 7 0 9 0.00 0.0 0 13.5 25 150 M M 9 31 150
10 74 68 71 4 0 6 0.01 0.0 0 8.9 15 110 M M 6 1 19 160
11 84 65 75 7 0 10 0.00 0.0 0 11.6 24 130 M M 5 128 32 130
12 82 69 76 8 0 11 0.00 0.0 0 15.0 25 160 M M 5 33 170
13 82 70 76 8 0 11 0.00 0.0 0 18.0 28 150 M M 8 18 35 150
14 83 71 77 9 0 12 0.00 0.0 0 16.2 24 150 M M 8 1 31 150
15 84 72 78 10 0 13 0.00 0.0 0 11.5 21 130 M M 8 1 26 130
16 83 72 78 9 0 13 T 0.0 0 13.0 25 130 M M 5 1 31 140
17 84 72 78 9 0 13 0.00 0.0 0 14.9 28 140 M M 6 1 34 130
18 87 72 80 11 0 15 0.00 0.0 0 17.4 30 150 M M 4 1 39 150
19 89 73 81 12 0 16 0.00 0.0 0 20.1 33 160 M M 6 18 41 160
20 81 73 77 7 0 12 0.01 0.0 0 11.1 23 150 M M 9 18 30 150
21 81 64 73 3 0 8 0.34 0.0 0 9.4 20 110 M M 8 1 24 110
22 86 63 75 5 0 10 0.00 0.0 0 11.6 25 140 M M 7 12 32 140
23 87 73 80 10 0 15 0.00 0.0 0 16.9 30 150 M M 5 18 35 150
24 91 74 83 13 0 18 0.00 0.0 0 17.6 26 160 M M 3 38 180
25 88 68 78 7 0 13 0.00 0.0 0 13.9 25 130 M M 3 1 31 130
26 91 74 83 12 0 18 0.00 0.0 0 19.4 30 160 M M 5 8 38 160
27 88 75 82 11 0 17 0.00 0.0 0 20.8 33 150 M M 5 1 40 150
28 93 73 83 12 0 18 T 0.0 0 14.2 23 160 M M 7 18 30 170
29 84 73 79 8 0 14 T 0.0 0 11.3 20 120 M M 6 1 25 100
30 87 75 81 9 0 16 T 0.0 0 14.6 25 150 M M 6 18 33 150
31 90 71 81 9 0 16 0.00 0.0 0 12.1 25 10 M M 1 1 33 10
================================================================================
SM 2581 2115 2 343 0.37 0.0 431.3 M 162
================================================================================
AV 83.3 68.2 13.9 FASTST M M 5 MAX(MPH)
MISC ----> # 33 330 # 42 180
================================================================================
NOTES:
# LAST OF SEVERAL OCCURRENCES
COLUMN 17 PEAK WIND IN M.P.H.
PRELIMINARY LOCAL CLIMATOLOGICAL DATA (WS FORM: F-6) , PAGE 2
STATION: BAYVIEW
MONTH: MARCH
YEAR: 2020
LATITUDE: 26 10 N
LONGITUDE: 97 20 W
[TEMPERATURE DATA] [PRECIPITATION DATA] SYMBOLS USED IN COLUMN 16
AVERAGE MONTHLY: 75.7 TOTAL FOR MONTH: 0.37 1 = FOG OR MIST
DPTR FM NORMAL: 7.0 DPTR FM NORMAL: -0.74 2 = FOG REDUCING VISIBILITY
HIGHEST: 93 ON 28 GRTST 24HR 0.34 ON 21-21 TO 1/4 MILE OR LESS
LOWEST: 51 ON 6 3 = THUNDER
SNOW, ICE PELLETS, HAIL 4 = ICE PELLETS
TOTAL MONTH: 0.0 INCH 5 = HAIL
GRTST 24HR 0.0 6 = FREEZING RAIN OR DRIZZLE
GRTST DEPTH: 0 7 = DUSTSTORM OR SANDSTORM:
VSBY 1/2 MILE OR LESS
8 = SMOKE OR HAZE
[NO. OF DAYS WITH] [WEATHER - DAYS WITH] 9 = BLOWING SNOW
X = TORNADO
MAX 32 OR BELOW: 0 0.01 INCH OR MORE: 4
MAX 90 OR ABOVE: 4 0.10 INCH OR MORE: 1
MIN 32 OR BELOW: 0 0.50 INCH OR MORE: 0
MIN 0 OR BELOW: 0 1.00 INCH OR MORE: 0
[HDD (BASE 65) ]
TOTAL THIS MO. 2 CLEAR (SCALE 0-3) 7
DPTR FM NORMAL -42 PTCLDY (SCALE 4-7) 20
TOTAL FM JUL 1 359 CLOUDY (SCALE 8-10) 4
DPTR FM NORMAL -181
[CDD (BASE 65) ]
TOTAL THIS MO. 343
DPTR FM NORMAL 184 [PRESSURE DATA]
TOTAL FM JAN 1 553 HIGHEST SLP 30.45 ON 6
DPTR FM NORMAL 272 LOWEST SLP 29.60 ON 3
[REMARKS]
#FINAL-03-20#