000
CXUS53 KABR 011100
CF6PIR
PRELIMINARY LOCAL CLIMATOLOGICAL DATA (WS FORM: F-6)
STATION: PIERRE SD
MONTH: APRIL
YEAR: 2022
LATITUDE: 44 22 N
LONGITUDE: 100 17 W
TEMPERATURE IN F: :PCPN: SNOW: WIND :SUNSHINE: SKY :PK WND
================================================================================
1 2 3 4 5 6A 6B 7 8 9 10 11 12 13 14 15 16 17 18
12Z AVG MX 2MIN
DY MAX MIN AVG DEP HDD CDD WTR SNW DPTH SPD SPD DIR MIN PSBL S-S WX SPD DR
================================================================================
1 47 28 38 -3 27 0 0.26 0.0 0 4.9 20 20 M M 9 16 24 360
2 56 27 42 1 23 0 0.00 0.0 0 7.0 15 300 M M 0 19 130
3 51 27 39 -3 26 0 0.03 0.0 0 13.3 33 320 M M 5 42 310
4 71 20 46 4 19 0 T 0.0 0 12.9 32 160 M M 4 12 45 180
5 65 39 52 10 13 0 0.08 0.0 0 22.9 44 310 M M 6 1 63 300
6 52 35 44 1 21 0 T T 0 28.3 44 320 M M 9 58 330
7 50 34 42 -1 23 0 T T 0 28.8 43 340 M M 6 56 340
8 55 25 40 -3 25 0 0.00 0.0 0 11.8 22 340 M M 0 31 350
9 67 30 49 5 16 0 0.07 0.0 0 14.9 29 160 M M 1 43 340
10 56 39 48 4 17 0 0.05 0.0 0 14.1 23 340 M M 8 32 340
11 57 28 43 -1 22 0 0.00 0.0 0 12.9 28 90 M M 4 39 80
12 48 26 37 -8 28 0 0.05 0.0 0 22.3 39 300 M M 10 1 56 310
13 34 19 27 -18 38 0 T T 0 34.0 47 290 M M 8 64 310
14 37 23 30 -15 35 0 0.00 0.0 0 32.6 46 290 M M 7 64 310
15 38 21 30 -16 35 0 0.00 0.0 0 16.9 28 310 M M 2 39 300
16 45 16 31 -15 34 0 0.00 0.0 0 7.8 21 130 M M 0 27 120
17 57 26 42 -4 23 0 0.07 T T 23.3 39 320 M M 3 18 55 180
18 51 20 36 -11 29 0 0.00 0.0 0 10.4 20 130 M M 0 27 140
19 60 30 45 -2 20 0 0.00 0.0 0 23.0 39 150 M M 1 50 160
20 68 38 53 6 12 0 0.01 0.0 0 12.5 32 330 M M 5 41 330
21 63 27 45 -3 20 0 0.00 0.0 0 16.1 30 130 M M 1 40 120
22 78 51 65 17 0 0 0.03 0.0 0 18.5 35 50 M M 6 13 45 50
23 60 34 47 -1 18 0 0.28 T 0 23.0 38 280 M M 10 13 53 300
24 40 34 37 -12 28 0 0.01 T 0 27.6 40 330 M M 10 1 56 310
25 51 28 40 -9 25 0 0.00 0.0 0 11.8 22 330 M M 0 32 320
26 63 25 44 -6 21 0 0.00 0.0 0 18.8 30 90 M M 0 41 80
27 61 31 46 -4 19 0 0.00 0.0 0 14.5 25 90 M M 0 33 80
28 65 37 51 1 14 0 0.00 0.0 0 9.9 16 90 M M 0 22 90
29 53 42 48 -3 17 0 0.90 0.0 0 14.3 29 350 M M 10 123 41 340
30 49 40 45 -6 20 0 0.87 0.0 0 24.8 37 340 M M 9 1 49 350
================================================================================
SM 1648 900 668 0 2.71 T 533.9 M 134
================================================================================
AV 54.9 30.0 17.8 FASTST M M 4 MAX(MPH)
MISC ----> 47 290 # 64 310
================================================================================
NOTES:
# LAST OF SEVERAL OCCURRENCES
COLUMN 17 PEAK WIND IN M.P.H.
PRELIMINARY LOCAL CLIMATOLOGICAL DATA (WS FORM: F-6) , PAGE 2
STATION: PIERRE SD
MONTH: APRIL
YEAR: 2022
LATITUDE: 44 22 N
LONGITUDE: 100 17 W
[TEMPERATURE DATA] [PRECIPITATION DATA] SYMBOLS USED IN COLUMN 16
AVERAGE MONTHLY: 42.5 TOTAL FOR MONTH: 2.71 1 = FOG OR MIST
DPTR FM NORMAL: -3.4 DPTR FM NORMAL: 0.78 2 = FOG REDUCING VISIBILITY
HIGHEST: 78 ON 22 GRTST 24HR 1.27 ON 29-30 TO 1/4 MILE OR LESS
LOWEST: 16 ON 16 3 = THUNDER
SNOW, ICE PELLETS, HAIL 4 = ICE PELLETS
TOTAL MONTH: T 5 = HAIL
GRTST 24HR T ON 6- 6 6 = FREEZING RAIN OR DRIZZLE
GRTST DEPTH: 1 ON M 7 = DUSTSTORM OR SANDSTORM:
VSBY 1/2 MILE OR LESS
8 = SMOKE OR HAZE
[NO. OF DAYS WITH] [WEATHER - DAYS WITH] 9 = BLOWING SNOW
X = TORNADO
MAX 32 OR BELOW: 0 0.01 INCH OR MORE: 13
MAX 90 OR ABOVE: 0 0.10 INCH OR MORE: 4
MIN 32 OR BELOW: 19 0.50 INCH OR MORE: 2
MIN 0 OR BELOW: 0 1.00 INCH OR MORE: 0
[HDD (BASE 65) ]
TOTAL THIS MO. 668 CLEAR (SCALE 0-3) 12
DPTR FM NORMAL 93 PTCLDY (SCALE 4-7) 10
TOTAL FM JUL 1 6612 CLOUDY (SCALE 8-10) 8
DPTR FM NORMAL -418
[CDD (BASE 65) ]
TOTAL THIS MO. 0
DPTR FM NORMAL -2 [PRESSURE DATA]
TOTAL FM JAN 1 0 HIGHEST SLP 30.48 ON 18
DPTR FM NORMAL -2 LOWEST SLP 29.09 ON 5
[REMARKS]
#FINAL-04-22#