000
CXUS51 KRLX 021440
CF6PKB
PRELIMINARY LOCAL CLIMATOLOGICAL DATA (WS FORM: F-6)
STATION: PARKERSBURG WV
MONTH: APRIL
YEAR: 2022
LATITUDE: 39 20 N
LONGITUDE: 81 26 W
TEMPERATURE IN F: :PCPN: SNOW: WIND :SUNSHINE: SKY :PK WND
================================================================================
1 2 3 4 5 6A 6B 7 8 9 10 11 12 13 14 15 16 17 18
12Z AVG MX 2MIN
DY MAX MIN AVG DEP HDD CDD WTR SNW DPTH SPD SPD DIR MIN PSBL S-S WX SPD DR
================================================================================
1 46 34 40 -9 25 0 0.08 M M 11.1 32 280 M M 9 18 45 270
2 55 26 41 -9 24 0 0.02 M M 4.1 24 280 M M 3 35 290
3 49 34 42 -8 23 0 T M M 8.1 23 270 M M 8 31 270
4 49 29 39 -11 26 0 0.02 M M 2.6 10 90 M M 7 13 70
5 61 44 53 2 12 0 0.72 M M 5.7 13 40 M M 10 1 17 30
6 66 49 58 7 7 0 0.40 M M 5.8 22 290 M M 9 1 33 290
7 62 41 52 0 13 0 0.03 M M 6.1 21 280 M M 8 8 30 290
8 51 34 43 -9 22 0 0.14 M M 5.3 18 240 M M 8 1 26 230
9 48 37 43 -9 22 0 0.06 M M 10.2 25 290 M M 9 18 36 290
10 61 37 49 -4 16 0 0.00 M M 6.7 17 290 M M 4 25 290
11 62 37 50 -3 15 0 0.44 M M 4.6 17 200 M M 7 13 24 200
12 71 55 63 9 2 0 0.02 M M 4.0 13 190 M M 9 18 18 190
13 80 58 69 15 0 4 T M M 9.4 26 210 M M 4 34 220
14 69 46 58 4 7 0 0.08 M M 9.3 23 280 M M 6 1 37 300
15 72 36 54 -1 11 0 0.00 M M 9.2 23 250 M M 1 35 250
16 65 46 56 1 9 0 0.05 M M 7.6 21 290 M M 8 31 300
17 53 32 43 -12 22 0 0.00 M M 7.1 14 60 M M 1 20 320
18 48 36 42 -14 23 0 0.74 M M 8.4 18 280 M M 8 1 29 280
19 47 33 40 -16 25 0 0.02 M M 8.0 21 270 M M 9 1 30 270
20 64 28 46 -10 19 0 0.00 M M 3.8 12 150 M M 0 1 18 160
21 66 49 58 1 7 0 0.04 M M 8.0 16 180 M M 7 1 23 230
22 77 43 60 3 5 0 0.00 M M 2.5 13 80 M M 3 128 17 70
23 86 49 68 11 0 3 0.00 M M 3.7 16 190 M M 0 20 200
24 86 55 71 13 0 6 0.00 M M 4.8 16 180 M M 0 26 270
25 84 57 71 13 0 6 T M M 9.0 25 290 M M 4 38 300
26 60 40 50 -8 15 0 0.18 M M 7.3 21 300 M M 7 1 28 310
27 58 36 47 -12 18 0 0.00 M M 9.1 28 290 M M 2 39 280
28 61 31 46 -13 19 0 0.00 M M 4.2 12 40 M M 1 16 30
29 70 40 55 -4 10 0 0.00 M M 4.4 13 50 M M 5 15 50
30 69 51 60 1 5 0 T M M 4.5 13 200 M M 6 16 190
================================================================================
SM 1896 1223 402 19 3.04 M 194.6 M 163
================================================================================
AV 63.2 40.8 6.5 FASTST M M 5 MAX(MPH)
MISC ----> 32 280 45 270
================================================================================
NOTES:
# LAST OF SEVERAL OCCURRENCES
COLUMN 17 PEAK WIND IN M.P.H.
PRELIMINARY LOCAL CLIMATOLOGICAL DATA (WS FORM: F-6) , PAGE 2
STATION: PARKERSBURG WV
MONTH: APRIL
YEAR: 2022
LATITUDE: 39 20 N
LONGITUDE: 81 26 W
[TEMPERATURE DATA] [PRECIPITATION DATA] SYMBOLS USED IN COLUMN 16
AVERAGE MONTHLY: 52.0 TOTAL FOR MONTH: 3.04 1 = FOG OR MIST
DPTR FM NORMAL: -2.6 DPTR FM NORMAL: -0.58 2 = FOG REDUCING VISIBILITY
HIGHEST: 86 ON 24,23 GRTST 24HR 0.75 ON 18-19 TO 1/4 MILE OR LESS
LOWEST: 26 ON 2 3 = THUNDER
SNOW, ICE PELLETS, HAIL 4 = ICE PELLETS
TOTAL MONTH: M 5 = HAIL
GRTST 24HR M ON M 6 = FREEZING RAIN OR DRIZZLE
GRTST DEPTH: M ON M 7 = DUSTSTORM OR SANDSTORM:
VSBY 1/2 MILE OR LESS
8 = SMOKE OR HAZE
[NO. OF DAYS WITH] [WEATHER - DAYS WITH] 9 = BLOWING SNOW
X = TORNADO
MAX 32 OR BELOW: 0 0.01 INCH OR MORE: 16
MAX 90 OR ABOVE: 0 0.10 INCH OR MORE: 6
MIN 32 OR BELOW: 5 0.50 INCH OR MORE: 2
MIN 0 OR BELOW: 0 1.00 INCH OR MORE: 0
[HDD (BASE 65) ]
TOTAL THIS MO. 402 CLEAR (SCALE 0-3) 9
DPTR FM NORMAL 73 PTCLDY (SCALE 4-7) 13
TOTAL FM JUL 1 4426 CLOUDY (SCALE 8-10) 8
DPTR FM NORMAL -314
[CDD (BASE 65) ]
TOTAL THIS MO. 19
DPTR FM NORMAL 1 [PRESSURE DATA]
TOTAL FM JAN 1 19 HIGHEST SLP 30.49 ON 22
DPTR FM NORMAL -1 LOWEST SLP 29.52 ON 6
[REMARKS]
#FINAL-04-22#